{"id":235753,"date":"2025-01-05T20:36:19","date_gmt":"2025-01-05T20:36:19","guid":{"rendered":"https:\/\/linkxa.es\/contratacion\/producto\/auriculares-inalambricos-jbl-tune-510bt-con\/"},"modified":"2025-08-02T12:16:52","modified_gmt":"2025-08-02T12:16:52","slug":"auriculares-inalambricos-jbl-tune-510bt-con","status":"publish","type":"product","link":"https:\/\/linkxa.es\/linkshop\/producto\/auriculares-inalambricos-jbl-tune-510bt-con\/","title":{"rendered":"Auriculares inalambricos jbl tune 510bt con"},"content":{"rendered":"<h3 style=\"text-align: center;\"><strong>Jbl\u00a0 |\u00a0 Auriculares<\/strong><\/h3>\n<p>\u00a0<\/p>\n<p>JBL Live 510BT, auriculares inal\u00e1mbricos on-ear con Bluetooth 5.0, sonido JBL<br \/>Pure Bass y autonom\u00eda de hasta 40 horas<br \/>Bluetooth 5.0 &#8211; Conexi\u00f3n multipunto &#8211; Sonido JBL Pure Bass &#8211; Llamadas manos<br \/>libres &#8211; Compatible con Asistente de Google y Siri &#8211; Bater\u00eda con 40 horas de<br \/>autonom\u00eda Dise\u00f1o plegable<\/p>\n<p>\u00a1Goza de los tonos graves a lo largo del d\u00eda! Los auriculares Bluetooth JBL Tune<br \/>510BT te permiten disfrutar del potente sonido JBL Pure Bass sin nada que te<br \/>ate.<br \/>Son s\u00faper f\u00e1ciles de usar y ofrecen hasta 40 horas de puro placer, y 2 horas<br \/>m\u00e1s de m\u00fasica si los cargas durante tan solo 5 minutos con el cable USB-C.<br \/>Adem\u00e1s, si est\u00e1s viendo un v\u00eddeo o una pel\u00edcula en otro dispositivo y te entra<br \/>una llamada, los Tune 510BT cambian r\u00e1pidamente la conexi\u00f3n a tu m\u00f3vil para<br \/>que respondas con ellos. Con Bluetooth 5.0 habilitado, estos auriculares de JBL<br \/>tambi\u00e9n te permiten conectarte a Siri o Google sin tener que usar el<br \/>smartphone. Por \u00faltimo, su dise\u00f1o plegable asegura un transporte sencillo, para<br \/>que estos sean la soluci\u00f3n f\u00e1cil para llevar la m\u00fasica a todos los aspectos de tu<br \/>vida diaria.<br \/>Conexi\u00f3n multipunto con Bluetooth 5.0<br \/>Los LIVE 510BT, con el reconocido sonido JBL Pure Bass presente en las salas<br \/>de conciertos m\u00e1s famosas de todo el mundo, se conectan de forma<br \/>inal\u00e1mbrica v\u00eda Bluetooth 5.0. \u00a1Sin ataduras de cables! Asimismo, la conexi\u00f3n<br \/>multipunto te permite cambiar de un dispositivo Bluetooth a otro sin ning\u00fan<br \/>esfuerzo. De esta forma, podr\u00e1s cambiar de manera f\u00e1cil de un v\u00eddeo en tu<br \/>tableta a una llamada en tu m\u00f3vil, para no perderte ninguna.<\/p>\n<p>Hasta 40 horas de autonom\u00eda y carga r\u00e1pida<br \/>\u00a1Aprovecha tus auriculares sin cables JBL LIVE 510BT durante m\u00e1s de d\u00eda y<br \/>medio! Estos incorporan una bater\u00eda de 450 mAh capaz de proporcionar hasta<br \/>40 horas de reproducci\u00f3n seguidas en una sola carga. Una vez se agote, ponlo a<br \/>cargar con el cable tipo C durante tan solo 5 minutos para obtener 2 horas extra<br \/>de autonom\u00eda, o durante 2 horas para una carga completa.<\/p>\n<p>Adem\u00e1s, ni notar\u00e1s que los llevas tras un largo tiempo de uso, puesto que los<br \/>materiales ligeros, las suaves almohadillas y la banda de sujeci\u00f3n acolchada<br \/>conseguir\u00e1n que los LIVE510BT te resulten superc\u00f3modos. Adem\u00e1s, su dise\u00f1o<br \/>plegable te permite llevarlos all\u00e1 donde tu vayas.<\/p>\n<p>*Los datos relacionados con la bater\u00eda y la carga se obtuvieron de laboratorios<br \/>internos. Los resultados reales pueden variar seg\u00fan las diferencias en la<br \/>versi\u00f3n del software, el entorno y las condiciones de uso, y pueden no reflejar el<br \/>producto real.<br \/>Preg\u00fantale a Siri o al Asistente de Google<br \/>Por \u00faltimo, debes saber que tanto Siri como el Asistente de Google est\u00e1n a tan<br \/>solo un bot\u00f3n de distancia. Reproduce tu lista preferida, manda un mensaje,<br \/>consulta el tiempo y mucho m\u00e1s tras presionar dicho bot\u00f3n y activar tu<br \/>asistente de voz favorito.<\/p>\n<p>Especificaciones t\u00e9cnicas JBL Tune 510BT Auriculares Bluetooth:<br \/>Caracter\u00edsticas generales<br \/>Marca: JBL<br \/>Producto: Auriculares Bluetooth<br \/>Modelo: Tune 510BT<br \/>Caracter\u00edsticas de audio<br \/>Driver: 32 mm<br \/>Respuesta de frecuencia din\u00e1mica: 20 Hz 20 kHz<br \/>Sensibilidad del driver a 1kHz1mW: 103.5 dB<br \/>Impedancia de entrada: 32 ohms<br \/>Caracter\u00edsticas de control y conexi\u00f3n<br \/>Versi\u00f3n Bluetooth: 5.0<br \/>Perfiles Bluetooth: A2DP v1.3, AVRCP v1.6, HFP v1.7<br \/>Rango de frecuencia de transmisi\u00f3n Bluetooth: 2.4 2.4835 GHz<br \/>Transmisi\u00f3n de modulaci\u00f3n GFSK v\u00eda Bluetooth: GFSK, _x001E_\/4DQPSK, 8DPSK<br \/>Potencia de transmisi\u00f3n Bluetooth: &#038;lt,8 dBm<br \/>Bater\u00eda<br \/>Capacidad: 3.7V \/ 450 mAh<br \/>Tiempo m\u00e1ximo de reproducci\u00f3n de m\u00fasica: 40 horas<br \/>Tiempo de carga: 2 horas<br \/>Funciones y caracter\u00edsticas<br \/>Dise\u00f1o plegable<br \/>Micr\u00f3fono integrado<br \/>Llamadas con manos libres<br \/>Sonido JBL Pure Bass<br \/>Siri \/ Google Now<br \/>Inal\u00e1mbrico<br \/>Medidas<br \/>Peso: 160 gramos<br \/>Contenido del embalaje<br \/>1x JBL Tune 510BT<br \/>1x Cable de carga USB-C<br \/>1x Gu\u00eda de inicio r\u00e1pido<\/p>\n<p>\u00a0<\/p>\n","protected":false},"excerpt":{"rendered":"<p>Auriculares inalambricos jbl tune 510bt &#8211;  con microfono &#8211;  bluetooth &#8211;  blanco<\/p>\n","protected":false},"featured_media":235754,"comment_status":"closed","ping_status":"open","template":"","meta":{"_et_pb_use_builder":"","_et_pb_old_content":"","_et_gb_content_width":""},"product_brand":[2970],"product_cat":[2799,2800,2058],"product_tag":[2803,2804,3205,2068,2971],"class_list":{"0":"post-235753","1":"product","2":"type-product","3":"status-publish","4":"has-post-thumbnail","6":"product_brand-jbl","7":"product_cat-altavoces-mp3-y-auriculares","8":"product_cat-auriculares","9":"product_cat-dispositivos","10":"product_tag-altavoces-mp3-y-auriculares","11":"product_tag-auriculares","12":"product_tag-auriculares-inalambricos-jbl-tune-510bt-con","13":"product_tag-dispositivos","14":"product_tag-jbl","15":"product_shipping_class-2088","16":"pa_canon-digital-incluida-0-e-incluidos","18":"first","19":"instock","20":"taxable","21":"shipping-taxable","22":"purchasable","23":"product-type-simple"},"_links":{"self":[{"href":"https:\/\/linkxa.es\/linkshop\/wp-json\/wp\/v2\/product\/235753","targetHints":{"allow":["GET"]}}],"collection":[{"href":"https:\/\/linkxa.es\/linkshop\/wp-json\/wp\/v2\/product"}],"about":[{"href":"https:\/\/linkxa.es\/linkshop\/wp-json\/wp\/v2\/types\/product"}],"replies":[{"embeddable":true,"href":"https:\/\/linkxa.es\/linkshop\/wp-json\/wp\/v2\/comments?post=235753"}],"wp:featuredmedia":[{"embeddable":true,"href":"https:\/\/linkxa.es\/linkshop\/wp-json\/wp\/v2\/media\/235754"}],"wp:attachment":[{"href":"https:\/\/linkxa.es\/linkshop\/wp-json\/wp\/v2\/media?parent=235753"}],"wp:term":[{"taxonomy":"product_brand","embeddable":true,"href":"https:\/\/linkxa.es\/linkshop\/wp-json\/wp\/v2\/product_brand?post=235753"},{"taxonomy":"product_cat","embeddable":true,"href":"https:\/\/linkxa.es\/linkshop\/wp-json\/wp\/v2\/product_cat?post=235753"},{"taxonomy":"product_tag","embeddable":true,"href":"https:\/\/linkxa.es\/linkshop\/wp-json\/wp\/v2\/product_tag?post=235753"}],"curies":[{"name":"wp","href":"https:\/\/api.w.org\/{rel}","templated":true}]}}