{"id":235797,"date":"2025-04-29T18:20:23","date_gmt":"2025-04-29T18:20:23","guid":{"rendered":"https:\/\/linkxa.es\/contratacion\/producto\/altavoz-hama-ball-shape-mono-azul\/"},"modified":"2025-08-02T12:19:32","modified_gmt":"2025-08-02T12:19:32","slug":"altavoz-hama-ball-shape-mono-azul","status":"publish","type":"product","link":"https:\/\/linkxa.es\/linkshop\/producto\/altavoz-hama-ball-shape-mono-azul\/","title":{"rendered":"Altavoz hama ball shape mono azul"},"content":{"rendered":"<h3 style=\"text-align: center;\"><strong>Hama\u00a0 |\u00a0 Altavoces<\/strong><\/h3>\n<p>\u00a0<\/p>\n<p>Caracter\u00edsticas destacadas<br \/>5 vatios de potencia musical<\/p>\n<p>Lleva siempre contigo tus canciones favoritas: este altavoz port\u00e1til en formato de bolsillo ofrece 5 vatios de potencia musical y garantiza siempre el acompa\u00f1amiento musical perfecto, ya sea en la piscina o en la playa, en<br \/>una fiesta de calentamiento o haciendo deporte al aire libre<br \/>Iluminaci\u00f3n LED en 5 modos<\/p>\n<p>Armon\u00eda de sonido y luz: la iluminaci\u00f3n LED se puede cambiar a 5 modos diferentes para adaptarse a la m\u00fasica o al ambiente, o simplemente utilizarla como una discreta fuente de luz en el exterior<br \/>Est\u00e9reo verdaderamente inal\u00e1mbrico<\/p>\n<p>Empareja el altavoz gracias a True Wireless Stereo (TWS): conecta dos altavoces a trav\u00e9s de Bluetooth y col\u00f3calos en cualquier lugar de la habitaci\u00f3n para disfrutar de un sonido est\u00e9reo aut\u00e9ntico<br \/>10 horas de disfrute musical<\/p>\n<p>Disfruta de tus canciones favoritas durante mucho tiempo: el altavoz se puede utilizar a trav\u00e9s de Bluetooth hasta 10 horas<br \/>Conjunto de manos libres integrado<\/p>\n<p>Con el sistema de manos libres integrado, realizar llamadas telef\u00f3nicas en calidad HD es muy f\u00e1cil<br \/>Bater\u00eda para una movilidad total<\/p>\n<p>Movilidad total gracias al funcionamiento con bater\u00eda y carga LED Indicador: carga r\u00e1pida en 2 horas con interfaz USB-C<\/p>\n<p>Especificaciones t\u00e9cnicas<br \/>Dise\u00f1o (color, patr\u00f3n, motivo, serie) Color Azul<br \/>Tono de color Azul<br \/>Conectividad (conexi\u00f3n) Reproducci\u00f3n de audio Entrada de audio (conector jack de 3,5 mm), tarjeta MicroSD<br \/>Conexi\u00f3n Conector jack de 3,5 mm\/conector USB-C<br \/>Conexi\u00f3n Conector jack de 3,5 mm, Bluetooth<br \/>Alcance m\u00e1ximo 10 m<br \/>Propiedades electroespec\u00edficas Versi\u00f3n de Bluetooth 5.3<br \/>Capacidad 1200 mAh<br \/>Voltaje 3,7 V<br \/>Propiedades f\u00edsicas Funciones adicionales Manos libres, True Wireless<br \/>Sistema de audio Mono<br \/>Potencia m\u00e1xima de m\u00fasica 5 W<br \/>Tama\u00f1o y peso Profundidad 11,1 cm<br \/>Altura 8,7 cm<br \/>Peso 335 g<br \/>Ancho 11,1 cm<br \/>Energ\u00eda Tipo de bater\u00eda Bater\u00eda de iones de litio<br \/>Tiempo de carga en horas 2 h<br \/>Duraci\u00f3n m\u00e1xima de la bater\u00eda 10 h<br \/>Fuente de alimentaci\u00f3n Bater\u00eda de iones de litio integrada<br \/>Campo de aplicaci\u00f3n Uso recomendado M\u00fasica m\u00f3vil<\/p>\n<p>M\u00e1s informaci\u00f3n sobre el producto<\/p>\n<p>Altavoz Bluetooth para disfrutar de la m\u00fasica con el m\u00f3vil, la tableta o el port\u00e1til en cualquier lugar y en cualquier momento<br \/>Efectos de luz a demanda: la iluminaci\u00f3n de la caja de resonancia se puede desactivar<br \/>Con una pr\u00e1ctica correa para colgar y botones con acabado de goma para un manejo sencillo e intuitivo<br \/>Conexi\u00f3n del altavoz tambi\u00e9n mediante cable gracias a la entrada AUX<br \/>Con ranura para tarjeta microSD<br \/>Conexi\u00f3n USB tipo A para reproducir medios de datos externos, p. ej., memoria USB, reproductor de MP3<br \/>Uso universal gracias a Bluetooth 5.3: simplemente conecte el altavoz a un dispositivo compatible, desde port\u00e1tiles y televisores hasta smartphones<br \/>Manejo sencillo y c\u00f3modo: elementos de control de alta calidad para controlar r\u00e1pidamente la pista siguiente\/anterior, Play\/Pause, iluminaci\u00f3n LED y modo de reproducci\u00f3n de audio<br \/>Carga mediante USB-C: el cable para carga r\u00e1pida est\u00e1 incluido<\/p>\n<p>Contenido de la caja<\/p>\n<p>1 altavoz Bluetooth \u00abBall Shape Speaker\u00bb<br \/>1 cable de carga USB-C<br \/>1 manual de instrucciones<\/p>\n<p>\u00a0<\/p>\n","protected":false},"excerpt":{"rendered":"<p>Altavoz hama ball shape mono azul<\/p>\n","protected":false},"featured_media":235798,"comment_status":"closed","ping_status":"open","template":"","meta":{"_et_pb_use_builder":"","_et_pb_old_content":"","_et_gb_content_width":""},"product_brand":[2407],"product_cat":[2822,2799,2058],"product_tag":[2824,2803,3211,2068,2408],"class_list":{"0":"post-235797","1":"product","2":"type-product","3":"status-publish","4":"has-post-thumbnail","6":"product_brand-hama","7":"product_cat-altavoces","8":"product_cat-altavoces-mp3-y-auriculares","9":"product_cat-dispositivos","10":"product_tag-altavoces","11":"product_tag-altavoces-mp3-y-auriculares","12":"product_tag-altavoz-hama-ball-shape-mono-azul","13":"product_tag-dispositivos","14":"product_tag-hama","15":"product_shipping_class-2088","16":"pa_canon-digital-incluida-0-e-incluidos","18":"first","19":"instock","20":"taxable","21":"shipping-taxable","22":"purchasable","23":"product-type-simple"},"_links":{"self":[{"href":"https:\/\/linkxa.es\/linkshop\/wp-json\/wp\/v2\/product\/235797","targetHints":{"allow":["GET"]}}],"collection":[{"href":"https:\/\/linkxa.es\/linkshop\/wp-json\/wp\/v2\/product"}],"about":[{"href":"https:\/\/linkxa.es\/linkshop\/wp-json\/wp\/v2\/types\/product"}],"replies":[{"embeddable":true,"href":"https:\/\/linkxa.es\/linkshop\/wp-json\/wp\/v2\/comments?post=235797"}],"wp:featuredmedia":[{"embeddable":true,"href":"https:\/\/linkxa.es\/linkshop\/wp-json\/wp\/v2\/media\/235798"}],"wp:attachment":[{"href":"https:\/\/linkxa.es\/linkshop\/wp-json\/wp\/v2\/media?parent=235797"}],"wp:term":[{"taxonomy":"product_brand","embeddable":true,"href":"https:\/\/linkxa.es\/linkshop\/wp-json\/wp\/v2\/product_brand?post=235797"},{"taxonomy":"product_cat","embeddable":true,"href":"https:\/\/linkxa.es\/linkshop\/wp-json\/wp\/v2\/product_cat?post=235797"},{"taxonomy":"product_tag","embeddable":true,"href":"https:\/\/linkxa.es\/linkshop\/wp-json\/wp\/v2\/product_tag?post=235797"}],"curies":[{"name":"wp","href":"https:\/\/api.w.org\/{rel}","templated":true}]}}