{"id":235909,"date":"2025-05-26T02:38:36","date_gmt":"2025-05-26T02:38:36","guid":{"rendered":"https:\/\/linkxa.es\/contratacion\/producto\/auriculares-philips-tat3508bk-00-bluetooth-negro\/"},"modified":"2025-08-02T12:29:41","modified_gmt":"2025-08-02T12:29:41","slug":"auriculares-philips-tat3508bk-00-bluetooth-negro","status":"publish","type":"product","link":"https:\/\/linkxa.es\/linkshop\/producto\/auriculares-philips-tat3508bk-00-bluetooth-negro\/","title":{"rendered":"Auriculares philips tat3508bk 00 bluetooth negro"},"content":{"rendered":"<h3 style=\"text-align: center;\"><strong>Philips\u00a0 |\u00a0 Auriculares<\/strong><\/h3>\n<p>\u00a0<\/p>\n<p>-AURICULARES<br \/>Aud\u00edfonos: Intraaural<br \/>Filtrado de ruidos: S\u00ed<br \/>Tipo de reducci\u00f3n de ruido: H\u00edbrido<br \/>Frecuencia de auricular: 20 &#8211; 20000 Hz<br \/>Obstrucci\u00f3n: 32 ohmios<br \/>Potencia m\u00e1xima de entrada: 5 mW<br \/>Sensibilidad de auricular: 95 dB<br \/>Tipo de controlador: Din\u00e1mico<br \/>Unidad de disco: 1 cm<\/p>\n<p>-MICR\u00d3FONO<br \/>Tipo de micr\u00f3fono: Integrado<\/p>\n<p>-PESO Y DIMENSIONES<br \/>Dimensiones de funda de carga (Ancho x Largo x Alto): 62.8 x 28.1 x 35.4 mm<br \/>Altura: 25.5 mm<br \/>Ancho: 25.2 mm<br \/>Profundidad: 21.4 mm<br \/>Peso: 45 g<br \/>Estuche de carga: 66 g<\/p>\n<p>-EMPAQUETADO<br \/>Altura del paquete: 130 mm<br \/>Ancho del paquete: 110 mm<br \/>Profundidad del paquete: 42 mm<br \/>Peso del paquete: 113 g<br \/>Tipo de embalaje: Caja<\/p>\n<p>-BATER\u00cdA<br \/>Bater\u00eda: S\u00ed<br \/>Tipo de bater\u00eda: Bater\u00eda integrada<br \/>Tecnolog\u00eda de bater\u00eda: Pol\u00edmero de litio<br \/>Tecnolog\u00eda de la bater\u00eda (estuche de carga): Pol\u00edmero de litio<br \/>Capacidad de bater\u00eda: 55 mAh<br \/>Capacidad de la bater\u00eda (estuche de carga): 400 mAh<br \/>Numero de bater\u00edas soportadas: 3<br \/>Tiempo continuo de reproducci\u00f3n de audio: 7 h<br \/>Autonom\u00eda en reproducci\u00f3n continua de audio (con estuche de carga): 21 h<br \/>Tiempo de recarga de la bater\u00eda: 2 h<br \/>Carga r\u00e1pida: S\u00ed<br \/>Tiempo de carga r\u00e1pida: 15 min<\/p>\n<p>-PUERTOS E INTERFACES<br \/>Bluetooth: S\u00ed<br \/>Versi\u00f3n de Bluetooth: 5.3<br \/>Perfiles de Bluetooth: A2DP, AVRCP, HFP<br \/>Alcance inal\u00e1mbrico: 10 m<br \/>Tecnolog\u00eda de conectividad: True Wireless Stereo (TWS)<\/p>\n<p>-DESEMPE\u00d1O<br \/>Funciona con Apple Siri: S\u00ed<br \/>Funciona con el Asistente de Google: S\u00ed<br \/>Color del producto: Negro<br \/>C\u00f3digo IP (International Protection): IPX4<br \/>Estilo de uso: Dentro de o\u00eddo<br \/>Funciones de protecci\u00f3n: Resistente al agua<br \/>Longitud de cable: 0.2 m<br \/>Tipo de producto: Auriculares<br \/>Tipo de auricular: Binaural<br \/>Tipo de control: Tocar<br \/>Uso recomendado: Llamadas\/M\u00fasica<\/p>\n<p>-DETALLES T\u00c9CNICOS<br \/>Conectividad multipunto: S\u00ed<\/p>\n<p>-CONTENIDO DEL EMBALAJE<br \/>Accesorios incluidos en el set: Almohadillas de espuma en tres tama\u00f1os<br \/>Cables incluidos: USB Tipo C<br \/>Cantidad: 1<br \/>Funda de carga: S\u00ed<br \/>Gu\u00eda de configuraci\u00f3n r\u00e1pida: S\u00ed<br \/>Material de las almohadillas: Silicona<\/p>\n<p>-DATOS LOG\u00cdSTICOS<br \/>Alto de la caja principal: 277 mm<br \/>Ancho de la caja principal: 255 mm<br \/>Longitud de la caja: 295 mm<br \/>Cantidad por caja: 24 piezas<br \/>Altura de la caja de env\u00edo: 11.9 cm<br \/>Anchura de la caja de env\u00edo: 11.7 cm<br \/>Longitud del contenedor de env\u00edo: 13.7 cm<br \/>Cantidad por caja de env\u00edo: 3 piezas<br \/>Peso del envase completo: 3.83 kg<br \/>Peso de la caja de env\u00edo: 410 g<\/p>\n<p>-CARACTER\u00cdSTICAS DEL PROVEEDOR<br \/>Duraci\u00f3n de la bater\u00eda: 420 min<\/p>\n<p>\u00a0<\/p>\n","protected":false},"excerpt":{"rendered":"<p>Auriculares philips tat3508bk &#8211; 00 bluetooth negro<\/p>\n","protected":false},"featured_media":235910,"comment_status":"closed","ping_status":"open","template":"","meta":{"_et_pb_use_builder":"","_et_pb_old_content":"","_et_gb_content_width":""},"product_brand":[2731],"product_cat":[2799,2800,2058],"product_tag":[2803,2804,3232,2068,2732],"class_list":{"0":"post-235909","1":"product","2":"type-product","3":"status-publish","4":"has-post-thumbnail","6":"product_brand-philips","7":"product_cat-altavoces-mp3-y-auriculares","8":"product_cat-auriculares","9":"product_cat-dispositivos","10":"product_tag-altavoces-mp3-y-auriculares","11":"product_tag-auriculares","12":"product_tag-auriculares-philips-tat3508bk-00-bluetooth-negro","13":"product_tag-dispositivos","14":"product_tag-philips","15":"product_shipping_class-2059","16":"pa_canon-digital-incluida-0-e-incluidos","18":"first","19":"instock","20":"taxable","21":"shipping-taxable","22":"purchasable","23":"product-type-simple"},"_links":{"self":[{"href":"https:\/\/linkxa.es\/linkshop\/wp-json\/wp\/v2\/product\/235909","targetHints":{"allow":["GET"]}}],"collection":[{"href":"https:\/\/linkxa.es\/linkshop\/wp-json\/wp\/v2\/product"}],"about":[{"href":"https:\/\/linkxa.es\/linkshop\/wp-json\/wp\/v2\/types\/product"}],"replies":[{"embeddable":true,"href":"https:\/\/linkxa.es\/linkshop\/wp-json\/wp\/v2\/comments?post=235909"}],"wp:featuredmedia":[{"embeddable":true,"href":"https:\/\/linkxa.es\/linkshop\/wp-json\/wp\/v2\/media\/235910"}],"wp:attachment":[{"href":"https:\/\/linkxa.es\/linkshop\/wp-json\/wp\/v2\/media?parent=235909"}],"wp:term":[{"taxonomy":"product_brand","embeddable":true,"href":"https:\/\/linkxa.es\/linkshop\/wp-json\/wp\/v2\/product_brand?post=235909"},{"taxonomy":"product_cat","embeddable":true,"href":"https:\/\/linkxa.es\/linkshop\/wp-json\/wp\/v2\/product_cat?post=235909"},{"taxonomy":"product_tag","embeddable":true,"href":"https:\/\/linkxa.es\/linkshop\/wp-json\/wp\/v2\/product_tag?post=235909"}],"curies":[{"name":"wp","href":"https:\/\/api.w.org\/{rel}","templated":true}]}}