{"id":235920,"date":"2025-04-16T12:54:10","date_gmt":"2025-04-16T12:54:10","guid":{"rendered":"https:\/\/linkxa.es\/contratacion\/producto\/auriculares-conceptronic-alvah02c-inalambrico-crema\/"},"modified":"2025-08-02T12:30:26","modified_gmt":"2025-08-02T12:30:26","slug":"auriculares-conceptronic-alvah02c-inalambrico-crema","status":"publish","type":"product","link":"https:\/\/linkxa.es\/linkshop\/producto\/auriculares-conceptronic-alvah02c-inalambrico-crema\/","title":{"rendered":"Auriculares conceptronic alvah02c inalambrico crema"},"content":{"rendered":"<h3 style=\"text-align: center;\"><strong>Conceptronic\u00a0 |\u00a0 Auriculares<\/strong><\/h3>\n<p>\u00a0<\/p>\n<p>-TIPO DE CONEXI\u00d3N\u00a0<br \/>Bluetooth\u00a0<br \/>Conector USB-C\u00a0<br \/>Cable de audio con conector de 3.5mm incluido\u00a0<\/p>\n<p>-AUTONOM\u00cdA Y BATER\u00cdA\u00a0<br \/>Capacidad de bater\u00eda: 400 mAh\u00a0<br \/>Capacidad energ\u00e9tica: 1.48 Wh\u00a0<br \/>Voltaje de bater\u00eda: 3.7V\u00a0<br \/>Tiempo de recarga: 2.5 horas\u00a0<\/p>\n<p>-AUDIO\u00a0<br \/>Sistema de audio: 2.0 canales\u00a0<br \/>Potencia RMS: 5mW\u00a0<br \/>Impedancia: 32?\u00a0<br \/>Frecuencia: 20Hz &#8211; 20KHz\u00a0<br \/>Sensibilidad: 100dB \u00b1 3dB\u00a0<br \/>Relaci\u00f3n se\u00f1al\/ruido: ?80dB\u00a0<\/p>\n<p>-CANCELACI\u00d3N DE RUIDO\u00a0<br \/>Tecnolog\u00eda ANC (Active Noise Cancelling)\u00a0<\/p>\n<p>-VERSI\u00d3N DE BLUETOOTH\u00a0<br \/>Bluetooth 5.4\u00a0<\/p>\n<p>-DISE\u00d1O Y CONFORT\u00a0<br \/>Color: Crema\u00a0<br \/>Incluye estuche de transporte\u00a0<\/p>\n<p>-DIMENSIONES Y PESO\u00a0<br \/>Dimensiones: 175 x 192 x 81 mm\u00a0<br \/>Peso: 0.233 kg\u00a0<\/p>\n<p>-COMPATIBILIDAD\u00a0<br \/>Compatible con dispositivos Bluetooth y dispositivos con puerto de audio 3.5mm\u00a0<\/p>\n<p>-CUMPLIMIENTO Y CERTIFICACIONES\u00a0<br \/>Certificaciones: CE, RoHS\u00a0<br \/>Temperatura de operaci\u00f3n: 0\u00b0C ~ 40\u00b0C\u00a0<\/p>\n<p>-CONTENIDO DEL EMPAQUE\u00a0<br \/>Auriculares ALVAH02C\u00a0<br \/>Cable de carga USB-C a USB-A\u00a0<br \/>Cable de audio 3.5mm\u00a0<br \/>Estuche de transporte\u00a0<br \/>Gu\u00eda r\u00e1pida de instalaci\u00f3n multiling\u00fce\u00a0<\/p>\n<p>-DATOS LOG\u00cdSTICOS\u00a0<br \/>C\u00f3digo HS: 851830\u00a0<br \/>C\u00f3digo TARIC: 8518300090\u00a0<\/p>\n<p>-INFORMACI\u00d3N GENERAL\u00a0<br \/>EAN: 4015867238660\u00a0<br \/>N\u00famero de modelo: ALVAH02C<\/p>\n<p>\u00a0<\/p>\n","protected":false},"excerpt":{"rendered":"<p>Auriculares conceptronic alvah02c inalambrico crema<\/p>\n","protected":false},"featured_media":235921,"comment_status":"closed","ping_status":"open","template":"","meta":{"_et_pb_use_builder":"","_et_pb_old_content":"","_et_gb_content_width":""},"product_brand":[2897],"product_cat":[2799,2800,2058],"product_tag":[2803,2804,3234,2898,2068],"class_list":{"0":"post-235920","1":"product","2":"type-product","3":"status-publish","4":"has-post-thumbnail","6":"product_brand-conceptronic","7":"product_cat-altavoces-mp3-y-auriculares","8":"product_cat-auriculares","9":"product_cat-dispositivos","10":"product_tag-altavoces-mp3-y-auriculares","11":"product_tag-auriculares","12":"product_tag-auriculares-conceptronic-alvah02c-inalambrico-crema","13":"product_tag-conceptronic","14":"product_tag-dispositivos","15":"product_shipping_class-2059","16":"pa_canon-digital-incluida-0-e-incluidos","18":"first","19":"instock","20":"taxable","21":"shipping-taxable","22":"purchasable","23":"product-type-simple"},"_links":{"self":[{"href":"https:\/\/linkxa.es\/linkshop\/wp-json\/wp\/v2\/product\/235920","targetHints":{"allow":["GET"]}}],"collection":[{"href":"https:\/\/linkxa.es\/linkshop\/wp-json\/wp\/v2\/product"}],"about":[{"href":"https:\/\/linkxa.es\/linkshop\/wp-json\/wp\/v2\/types\/product"}],"replies":[{"embeddable":true,"href":"https:\/\/linkxa.es\/linkshop\/wp-json\/wp\/v2\/comments?post=235920"}],"wp:featuredmedia":[{"embeddable":true,"href":"https:\/\/linkxa.es\/linkshop\/wp-json\/wp\/v2\/media\/235921"}],"wp:attachment":[{"href":"https:\/\/linkxa.es\/linkshop\/wp-json\/wp\/v2\/media?parent=235920"}],"wp:term":[{"taxonomy":"product_brand","embeddable":true,"href":"https:\/\/linkxa.es\/linkshop\/wp-json\/wp\/v2\/product_brand?post=235920"},{"taxonomy":"product_cat","embeddable":true,"href":"https:\/\/linkxa.es\/linkshop\/wp-json\/wp\/v2\/product_cat?post=235920"},{"taxonomy":"product_tag","embeddable":true,"href":"https:\/\/linkxa.es\/linkshop\/wp-json\/wp\/v2\/product_tag?post=235920"}],"curies":[{"name":"wp","href":"https:\/\/api.w.org\/{rel}","templated":true}]}}