{"id":235932,"date":"2024-12-10T23:09:57","date_gmt":"2024-12-10T23:09:57","guid":{"rendered":"https:\/\/linkxa.es\/contratacion\/producto\/barra-sonido-deep-gaming-r200b-rgb\/"},"modified":"2025-08-02T12:31:10","modified_gmt":"2025-08-02T12:31:10","slug":"barra-sonido-deep-gaming-r200b-rgb","status":"publish","type":"product","link":"https:\/\/linkxa.es\/linkshop\/producto\/barra-sonido-deep-gaming-r200b-rgb\/","title":{"rendered":"Barra sonido deep gaming r200b rgb"},"content":{"rendered":"<h3 style=\"text-align: center;\"><strong>Deep gaming\u00a0 |\u00a0 Barras de sonido<\/strong><\/h3>\n<p>\u00a0<\/p>\n<p>Barra de sonido R200B con iluminaci\u00f3n RGB, conexi\u00f3n por cable y<br \/>Bluetooth 5.0<\/p>\n<p>Para PC, smartphones, tablets, tv y dispositivos compatibles<\/p>\n<p>Sum\u00e9rgete en el juego y completa tu setup gaming con esta barra de<br \/>sonido con 6 modos de iluminaci\u00f3n RGB (uno de los modos reacciona al<br \/>sonido).<br \/>Con un sonido potente (6W RMS), n\u00edtido y sin distorsi\u00f3n, animar\u00e1s tus<br \/>partidas o fiestas mientras escuchas tu m\u00fasica favorita. Alimentado por<br \/>USB 5V 1A (cable de 1.5m de longitud), permite conexi\u00f3n a PC,<br \/>videoconsolas, televisi\u00f3n, tablets u otros dispositivos mediante<br \/>conexi\u00f3n jack 3.5mm o bluetooth 5.0, con un alcance de hasta 10 metros.<br \/>Cuenta con controles de encendido y volumen, y botones t\u00e1ctiles de<br \/>selector de modo (aux y bluetooth) y control de iluminaci\u00f3n.<\/p>\n<p>\u00a0<\/p>\n","protected":false},"excerpt":{"rendered":"<p>Barra de sonido deep gaming r200b rgb<\/p>\n","protected":false},"featured_media":235933,"comment_status":"closed","ping_status":"open","template":"","meta":{"_et_pb_use_builder":"","_et_pb_old_content":"","_et_gb_content_width":""},"product_brand":[3123],"product_cat":[2799,2826,2058],"product_tag":[2803,3236,2828,3124,2068],"class_list":{"0":"post-235932","1":"product","2":"type-product","3":"status-publish","4":"has-post-thumbnail","6":"product_brand-deep-gaming","7":"product_cat-altavoces-mp3-y-auriculares","8":"product_cat-barras-de-sonido","9":"product_cat-dispositivos","10":"product_tag-altavoces-mp3-y-auriculares","11":"product_tag-barra-sonido-deep-gaming-r200b-rgb","12":"product_tag-barras-de-sonido","13":"product_tag-deep-gaming","14":"product_tag-dispositivos","15":"product_shipping_class-2088","16":"pa_canon-digital-incluida-0-e-incluidos","18":"first","19":"instock","20":"taxable","21":"shipping-taxable","22":"purchasable","23":"product-type-simple"},"_links":{"self":[{"href":"https:\/\/linkxa.es\/linkshop\/wp-json\/wp\/v2\/product\/235932","targetHints":{"allow":["GET"]}}],"collection":[{"href":"https:\/\/linkxa.es\/linkshop\/wp-json\/wp\/v2\/product"}],"about":[{"href":"https:\/\/linkxa.es\/linkshop\/wp-json\/wp\/v2\/types\/product"}],"replies":[{"embeddable":true,"href":"https:\/\/linkxa.es\/linkshop\/wp-json\/wp\/v2\/comments?post=235932"}],"wp:featuredmedia":[{"embeddable":true,"href":"https:\/\/linkxa.es\/linkshop\/wp-json\/wp\/v2\/media\/235933"}],"wp:attachment":[{"href":"https:\/\/linkxa.es\/linkshop\/wp-json\/wp\/v2\/media?parent=235932"}],"wp:term":[{"taxonomy":"product_brand","embeddable":true,"href":"https:\/\/linkxa.es\/linkshop\/wp-json\/wp\/v2\/product_brand?post=235932"},{"taxonomy":"product_cat","embeddable":true,"href":"https:\/\/linkxa.es\/linkshop\/wp-json\/wp\/v2\/product_cat?post=235932"},{"taxonomy":"product_tag","embeddable":true,"href":"https:\/\/linkxa.es\/linkshop\/wp-json\/wp\/v2\/product_tag?post=235932"}],"curies":[{"name":"wp","href":"https:\/\/api.w.org\/{rel}","templated":true}]}}