{"id":235989,"date":"2025-04-30T17:09:00","date_gmt":"2025-04-30T17:09:00","guid":{"rendered":"https:\/\/linkxa.es\/contratacion\/producto\/auriculares-inalambricos-jbl-wave-300-black\/"},"modified":"2025-08-02T12:35:38","modified_gmt":"2025-08-02T12:35:38","slug":"auriculares-inalambricos-jbl-wave-300-black","status":"publish","type":"product","link":"https:\/\/linkxa.es\/linkshop\/producto\/auriculares-inalambricos-jbl-wave-300-black\/","title":{"rendered":"Auriculares inalambricos jbl wave 300 black"},"content":{"rendered":"<h3 style=\"text-align: center;\"><strong>Jbl\u00a0 |\u00a0 Auriculares<\/strong><\/h3>\n<p>\u00a0<\/p>\n<p>No pierdas el contacto con tu mundo. Los auriculares de bot\u00f3n JBL Wave 300TWS te ofrecen tu m\u00fasica sin cables y sin perder el contacto con lo que te rodea. Disfruta de 26 horas de sonido potente con<br \/>JBL Deep Bass. Mant\u00e9n el contacto vayas donde vayas con llamadas est\u00e9reo y sin molesto ruido de fondo.<\/p>\n<p>Gestiona el audio y las llamadas con la funci\u00f3n manos libres desde cualquiera de los auriculares o ambos, gracias a los c\u00f3modos controles t\u00e1ctiles. Con un dise\u00f1o ergon\u00f3mico, su \u00abdise\u00f1o de palo\u00bb se<br \/>ajusta c\u00f3moda y discretamente a los o\u00eddos para estar c\u00f3modo y conectado durante todo el d\u00eda y no perderse ninguna canci\u00f3n ni conversaci\u00f3n.<\/p>\n<p>CARACTERISTICAS<\/p>\n<p>Sonido JBL Deep Bass: El robusto driver de 12 mm ofrece sonido JBL Deep Bass para que no solo escuches la m\u00fasica, sino que la sientas.<br \/>Hasta 6 horas de reproducci\u00f3n, m\u00e1s 20 horas en la funda con carga r\u00e1pida: No pierdas ni un solo momento con 26 horas de tiempo de reproducci\u00f3n combinado (6 horas de bater\u00eda en los auriculares).<br \/>Cuando necesites una carga r\u00e1pida, puedes disfrutar de otra hora m\u00e1s de bater\u00eda con tan solo 10 minutos, o 1 hora para una carga completa.<br \/>Llamadas manos libres en est\u00e9reo: Los auriculares de bot\u00f3n Wave 300TWS de un solo micr\u00f3fono eliminan el ruido de fondo para que puedas disfrutar de llamadas de calidad est\u00e9reo est\u00e9s donde<br \/>est\u00e9s. Gestiona f\u00e1cilmente el sonido y las llamadas sin usar las manos, directamente desde los auriculares.<br \/>Dual Connect: Cambia f\u00e1cilmente entre mono y est\u00e9reo en cualquier momento en el auricular izquierdo, derecho o ambos mientras haces llamadas, disfrutas de la m\u00fasica o hablas con tu asistente de<br \/>voz.<br \/>Listo para la acci\u00f3n: Gracias al pr\u00e1ctico dise\u00f1o conforme a la norma IPX2 resistente a la lluvia de los auriculares JBL Wave 300 TWS, disfrutar\u00e1s de tu m\u00fasica en cualquier momento, llueva o brille el<br \/>sol.<br \/>Con asistente de voz y control t\u00e1ctil: Comodidad al alcance de la mano. Activa todas las funciones de audio de tus JBL Wave 300TWS con el sencillo control t\u00e1ctil y accede al asistente de voz de tu<br \/>dispositivo directamente desde los auriculares.<\/p>\n<p>ESPECIFICACIONES<\/p>\n<p>Desempe\u00f1o<br \/>Tipo de producto: Auriculares<br \/>Estilo de uso: Dentro de o\u00eddo<br \/>Uso recomendado: M\u00fasica<br \/>Color del producto: Negro<br \/>Plegable: No<\/p>\n<p>Puertos e Interfaces<br \/>Tecnolog\u00eda de conectividad: True Wireless Stereo (TWS)<br \/>Bluetooth: Si<br \/>Perfiles de Bluetooth: A2DP, AVRCP, HFP<br \/>Versi\u00f3n de Bluetooth: 5.2<br \/>Frecuencia de banda: 2.4 &#8211; 2.4835 GHz<\/p>\n<p>Auriculares<br \/>Audifonos: Intraaural<br \/>Auriculares de tipo Intraural: Auriculares<br \/>Frecuencia de auricular: 20 &#8211; 20000 Hz<br \/>Obstrucci\u00f3n: 32 ohm<br \/>Sensibilidad de auricular: 105 dB<br \/>Unidad de disco: 1,2 cm<\/p>\n<p>Micr\u00f3fono<br \/>Tipo de micr\u00f3fono: Integrado<br \/>Sensibilidad de micr\u00f3fono: -38 dB<\/p>\n<p>Bater\u00eda<br \/>Bater\u00eda: Si<br \/>Tipo de bater\u00eda: Bater\u00eda integrada<br \/>Tecnolog\u00eda de bater\u00eda: Pol\u00edmero de litio<br \/>Capacidad de bater\u00eda: 40 mAh<br \/>Tensi\u00f3n de entrada (auriculares): 3,85 V<br \/>Tensi\u00f3n de entrada (estuche de carga): 38 V<br \/>Capacidad de bater\u00eda de auricular derecho: 40 mAh<br \/>Capacidad de bater\u00eda de auricular izquierdo: 40 mAh<br \/>Tiempo continuo de reproducci\u00f3n de audio: 6 h<br \/>Capacidad de la bater\u00eda (estuche de carga): 500 mAh<br \/>Tiempo de carga r\u00e1pida: 120 min<\/p>\n<p>Peso y dimensiones<br \/>Peso: 7,7 g<\/p>\n<p>Contenido del embalaje<br \/>Base de carga: Si<br \/>Funda de carga: Si<br \/>Tipo de estuche de carga: Al\u00e1mbrico<br \/>Tipo de conector del estuche de carga: USB Tipo C<br \/>Gu\u00eda de configuraci\u00f3n r\u00e1pida: Si<\/p>\n<p>\u00a0<\/p>\n","protected":false},"excerpt":{"rendered":"<p>Auriculares inalambricos jbl wave 300 black color negro<\/p>\n","protected":false},"featured_media":235990,"comment_status":"closed","ping_status":"open","template":"","meta":{"_et_pb_use_builder":"","_et_pb_old_content":"","_et_gb_content_width":""},"product_brand":[2970],"product_cat":[2799,2800,2058],"product_tag":[2803,2804,3246,2068,2971],"class_list":{"0":"post-235989","1":"product","2":"type-product","3":"status-publish","4":"has-post-thumbnail","6":"product_brand-jbl","7":"product_cat-altavoces-mp3-y-auriculares","8":"product_cat-auriculares","9":"product_cat-dispositivos","10":"product_tag-altavoces-mp3-y-auriculares","11":"product_tag-auriculares","12":"product_tag-auriculares-inalambricos-jbl-wave-300-black","13":"product_tag-dispositivos","14":"product_tag-jbl","15":"product_shipping_class-2088","16":"pa_canon-digital-incluida-0-e-incluidos","18":"first","19":"instock","20":"taxable","21":"shipping-taxable","22":"purchasable","23":"product-type-simple"},"_links":{"self":[{"href":"https:\/\/linkxa.es\/linkshop\/wp-json\/wp\/v2\/product\/235989","targetHints":{"allow":["GET"]}}],"collection":[{"href":"https:\/\/linkxa.es\/linkshop\/wp-json\/wp\/v2\/product"}],"about":[{"href":"https:\/\/linkxa.es\/linkshop\/wp-json\/wp\/v2\/types\/product"}],"replies":[{"embeddable":true,"href":"https:\/\/linkxa.es\/linkshop\/wp-json\/wp\/v2\/comments?post=235989"}],"wp:featuredmedia":[{"embeddable":true,"href":"https:\/\/linkxa.es\/linkshop\/wp-json\/wp\/v2\/media\/235990"}],"wp:attachment":[{"href":"https:\/\/linkxa.es\/linkshop\/wp-json\/wp\/v2\/media?parent=235989"}],"wp:term":[{"taxonomy":"product_brand","embeddable":true,"href":"https:\/\/linkxa.es\/linkshop\/wp-json\/wp\/v2\/product_brand?post=235989"},{"taxonomy":"product_cat","embeddable":true,"href":"https:\/\/linkxa.es\/linkshop\/wp-json\/wp\/v2\/product_cat?post=235989"},{"taxonomy":"product_tag","embeddable":true,"href":"https:\/\/linkxa.es\/linkshop\/wp-json\/wp\/v2\/product_tag?post=235989"}],"curies":[{"name":"wp","href":"https:\/\/api.w.org\/{rel}","templated":true}]}}