{"id":236006,"date":"2025-07-01T19:58:09","date_gmt":"2025-07-01T19:58:09","guid":{"rendered":"https:\/\/linkxa.es\/contratacion\/producto\/auriculares-con-microfono-deep-gaming-deeplighting\/"},"modified":"2025-08-02T12:37:20","modified_gmt":"2025-08-02T12:37:20","slug":"auriculares-con-microfono-deep-gaming-deeplighting","status":"publish","type":"product","link":"https:\/\/linkxa.es\/linkshop\/producto\/auriculares-con-microfono-deep-gaming-deeplighting\/","title":{"rendered":"Auriculares con microfono deep gaming deeplighting"},"content":{"rendered":"<h3 style=\"text-align: center;\"><strong>Deep gaming\u00a0 |\u00a0 Auriculares<\/strong><\/h3>\n<p>\u00a0<\/p>\n<p>Dise\u00f1o ergon\u00f3mico | Amplias almohadillas | Diadema ajustable |<br \/>Control de volumen<br \/>Posici\u00f3n del micr\u00f3fono ajustable | Compatible PC, PS4* y XBOX One *<br \/>** Dise\u00f1o ergon\u00f3mico con c\u00f3modas y amplias almohadillas<br \/>Diadema ajustable y posici\u00f3n del micr\u00f3fono ajustable<br \/>Iluminaci\u00f3n led<br \/>Control de volumen<br \/>Cable mallado de 2,2 metros<br \/>Compatible: PC, PS4* y XBOX One* **<br \/>Auriculares<br \/>Di\u00e1metro: 50 mm<br \/>Rango de frecuencia: 20Hz ~ 20kHz<br \/>Impedancia: 32 Ohm<br \/>Sensibilidad: 116 dB +\/- 3 dB<br \/>Micr\u00f3fono<br \/>Tipo: Omnidireccional<br \/>Dimensiones: Di\u00e1metro 5&#215;1,5mm<br \/>Impedancia: 2,2 kOhm<br \/>Sensibilidad: -38 dB +\/- 2 dB<br \/>Conector de audio: doble jack de 3,5mm<br \/>(auricular + micr\u00f3fono)<br \/>Conector USB: Para iluminaci\u00f3n<br \/>Color: Negro<br \/>Peso: 355g.<br \/>Incluye: Cable conversor doble jack a<br \/>combo-jack para consola<br \/>*sin iluminaci\u00f3n |<br \/>**requiere mando de juegos con conector jack<\/p>\n<p>\u00a0<\/p>\n","protected":false},"excerpt":{"rendered":"<p>Auriculares con microfono deep gaming deeplighting gaming led jack<\/p>\n","protected":false},"featured_media":236007,"comment_status":"closed","ping_status":"open","template":"","meta":{"_et_pb_use_builder":"","_et_pb_old_content":"","_et_gb_content_width":""},"product_brand":[3123],"product_cat":[2799,2800,2058],"product_tag":[2803,2804,3252,3124,2068],"class_list":{"0":"post-236006","1":"product","2":"type-product","3":"status-publish","4":"has-post-thumbnail","6":"product_brand-deep-gaming","7":"product_cat-altavoces-mp3-y-auriculares","8":"product_cat-auriculares","9":"product_cat-dispositivos","10":"product_tag-altavoces-mp3-y-auriculares","11":"product_tag-auriculares","12":"product_tag-auriculares-con-microfono-deep-gaming-deeplighting","13":"product_tag-deep-gaming","14":"product_tag-dispositivos","15":"product_shipping_class-2088","16":"pa_canon-digital-incluida-0-e-incluidos","18":"first","19":"instock","20":"taxable","21":"shipping-taxable","22":"purchasable","23":"product-type-simple"},"_links":{"self":[{"href":"https:\/\/linkxa.es\/linkshop\/wp-json\/wp\/v2\/product\/236006","targetHints":{"allow":["GET"]}}],"collection":[{"href":"https:\/\/linkxa.es\/linkshop\/wp-json\/wp\/v2\/product"}],"about":[{"href":"https:\/\/linkxa.es\/linkshop\/wp-json\/wp\/v2\/types\/product"}],"replies":[{"embeddable":true,"href":"https:\/\/linkxa.es\/linkshop\/wp-json\/wp\/v2\/comments?post=236006"}],"wp:featuredmedia":[{"embeddable":true,"href":"https:\/\/linkxa.es\/linkshop\/wp-json\/wp\/v2\/media\/236007"}],"wp:attachment":[{"href":"https:\/\/linkxa.es\/linkshop\/wp-json\/wp\/v2\/media?parent=236006"}],"wp:term":[{"taxonomy":"product_brand","embeddable":true,"href":"https:\/\/linkxa.es\/linkshop\/wp-json\/wp\/v2\/product_brand?post=236006"},{"taxonomy":"product_cat","embeddable":true,"href":"https:\/\/linkxa.es\/linkshop\/wp-json\/wp\/v2\/product_cat?post=236006"},{"taxonomy":"product_tag","embeddable":true,"href":"https:\/\/linkxa.es\/linkshop\/wp-json\/wp\/v2\/product_tag?post=236006"}],"curies":[{"name":"wp","href":"https:\/\/api.w.org\/{rel}","templated":true}]}}