{"id":236029,"date":"2024-12-01T00:15:11","date_gmt":"2024-12-01T00:15:11","guid":{"rendered":"https:\/\/linkxa.es\/contratacion\/producto\/auriculares-spc-hero-studio-bluetooth-blanco\/"},"modified":"2025-08-02T12:39:49","modified_gmt":"2025-08-02T12:39:49","slug":"auriculares-spc-hero-studio-bluetooth-blanco","status":"publish","type":"product","link":"https:\/\/linkxa.es\/linkshop\/producto\/auriculares-spc-hero-studio-bluetooth-blanco\/","title":{"rendered":"Auriculares spc hero studio bluetooth blanco"},"content":{"rendered":"<h3 style=\"text-align: center;\"><strong>Spc\u00a0 |\u00a0 Auriculares<\/strong><\/h3>\n<p>\u00a0<\/p>\n<p>SPC Auricular Heron Studio 4618 bt Blanco Auriculares Over &#8211; Ear inal\u00e1mbricos con conexi\u00f3n simult\u00e1nea a dos dispositivos Bluetooth, micr\u00f3fono integrado para atender llamadas, 30h de autonom\u00eda, botonera multifunci\u00f3n integrada y sincronizaci\u00f3n autom\u00e1tica. Marca SPC Modelo 4618B Especificaciones &#8211; Conexi\u00f3n: Bluetooth 5.1 &#8211; Perfiles: HFP, A2DP, AVRCP &#8211; Manos libres &#8211; Conectividad con dos dispositivos simult\u00e1neamente &#8211; Sincronizaci\u00f3n autom\u00e1tica &#8211; Control t\u00e1ctil &#8211; Alcance m\u00e1ximo 10m &#8211; LLamadas &#8211; Conexi\u00f3n autom\u00e1tica Bater\u00eda y carga &#8211; Bater\u00eda: 350 mAh &#8211; Autonom\u00eda total: 30 H &#8211; Carga: USB-C Dimensiones y peso &#8211; 165 x 185 x 78 mm &#8211; 157 g Contenido &#8211; SPC Heron Studio &#8211; Cable auxiliar &#8211; Cable USB-C de carga &#8211; Gu\u00eda r\u00e1pida<\/p>\n<p>\u00a0<\/p>\n","protected":false},"excerpt":{"rendered":"<p>Auriculares spc hero studio bluetooth blanco<\/p>\n","protected":false},"featured_media":236030,"comment_status":"closed","ping_status":"open","template":"","meta":{"_et_pb_use_builder":"","_et_pb_old_content":"","_et_gb_content_width":""},"product_brand":[2127],"product_cat":[2799,2800,2058],"product_tag":[2803,2804,3256,2068,2128],"class_list":{"0":"post-236029","1":"product","2":"type-product","3":"status-publish","4":"has-post-thumbnail","6":"product_brand-spc","7":"product_cat-altavoces-mp3-y-auriculares","8":"product_cat-auriculares","9":"product_cat-dispositivos","10":"product_tag-altavoces-mp3-y-auriculares","11":"product_tag-auriculares","12":"product_tag-auriculares-spc-hero-studio-bluetooth-blanco","13":"product_tag-dispositivos","14":"product_tag-spc","15":"product_shipping_class-2059","16":"pa_canon-digital-incluida-0-e-incluidos","18":"first","19":"instock","20":"taxable","21":"shipping-taxable","22":"purchasable","23":"product-type-simple"},"_links":{"self":[{"href":"https:\/\/linkxa.es\/linkshop\/wp-json\/wp\/v2\/product\/236029","targetHints":{"allow":["GET"]}}],"collection":[{"href":"https:\/\/linkxa.es\/linkshop\/wp-json\/wp\/v2\/product"}],"about":[{"href":"https:\/\/linkxa.es\/linkshop\/wp-json\/wp\/v2\/types\/product"}],"replies":[{"embeddable":true,"href":"https:\/\/linkxa.es\/linkshop\/wp-json\/wp\/v2\/comments?post=236029"}],"wp:featuredmedia":[{"embeddable":true,"href":"https:\/\/linkxa.es\/linkshop\/wp-json\/wp\/v2\/media\/236030"}],"wp:attachment":[{"href":"https:\/\/linkxa.es\/linkshop\/wp-json\/wp\/v2\/media?parent=236029"}],"wp:term":[{"taxonomy":"product_brand","embeddable":true,"href":"https:\/\/linkxa.es\/linkshop\/wp-json\/wp\/v2\/product_brand?post=236029"},{"taxonomy":"product_cat","embeddable":true,"href":"https:\/\/linkxa.es\/linkshop\/wp-json\/wp\/v2\/product_cat?post=236029"},{"taxonomy":"product_tag","embeddable":true,"href":"https:\/\/linkxa.es\/linkshop\/wp-json\/wp\/v2\/product_tag?post=236029"}],"curies":[{"name":"wp","href":"https:\/\/api.w.org\/{rel}","templated":true}]}}