{"id":236037,"date":"2025-01-18T18:45:54","date_gmt":"2025-01-18T18:45:54","guid":{"rendered":"https:\/\/linkxa.es\/contratacion\/producto\/altavoz-hama-pipe-2-0-negro\/"},"modified":"2025-08-02T12:40:41","modified_gmt":"2025-08-02T12:40:41","slug":"altavoz-hama-pipe-2-0-negro","status":"publish","type":"product","link":"https:\/\/linkxa.es\/linkshop\/producto\/altavoz-hama-pipe-2-0-negro\/","title":{"rendered":"Altavoz hama pipe 2.0 negro"},"content":{"rendered":"<h3 style=\"text-align: center;\"><strong>Hama\u00a0 |\u00a0 Altavoces<\/strong><\/h3>\n<p>\u00a0<\/p>\n<p>La m\u00fasica est\u00e1 a nuestro alrededor: en el parque, en un picnic o simplemente en el sal\u00f3n de casa, desde nuestros smartphones o tabletas. Transfiere tu mezcla veraniega favorita por Bluetooth al<br \/>altavoz port\u00e1til y disfruta de un potente sonido de 360 all\u00e1 donde vayas.<br \/>Aspectos T\u00e9cnicos<br \/>Dise\u00f1o (Color,patron,Motivos, Series) Color Negro<br \/>Tono del Color Negro<br \/>Conectividad (Conexi\u00f3n) Conexi\u00f3n Conector USB-C<br \/>Conexi\u00f3n 3.5-mm-Jack Hembra, Bluetooth<br \/>M\u00e1x. Rango 10 m<br \/>Reproducci\u00f3n de audio Conector jack de 3,5 mm<br \/>Propiedades Electroespecificas Capacidad 2000 mAh<br \/>Versi\u00f3n de Bluetooth 5.0<br \/>Voltaje 7.4 V<br \/>Propiedades fisicas Distorsi\u00f3n m\u00e1xima 1 %<br \/>Funciones Adicionales Altavoz, Inal\u00e1mbrico<br \/>Perfiles Bluetooth compatibles A2DP V1.2, AVRCP V1.4, HFP V1.5<br \/>Potencia m\u00e1xima de m\u00fasica 24 W<br \/>Protecci\u00f3n [IPX4 (Protecci\u00f3n contra la llovizna)]<br \/>Sistema de Audio Est\u00e9reo<br \/>Medida&#038;amp,Peso Altura 19 cm<br \/>Ancho 7,5 cm<br \/>Peso 580 g<br \/>Profundidad 7,9 cm<br \/>Energia Duraci\u00f3n M\u00e1xima de la Bater\u00eda 12 h<br \/>Energ\u00eda 14.8 Wh<br \/>Fuente de Alimentaci\u00f3n Bater\u00eda Li-Ion integrada<br \/>Tiempo de Carga en Horas 4 h<br \/>Tipo de Bater\u00eda Bater\u00eda de iones de litio<br \/>Campo de Aplicaci\u00f3n Uso Recomendado Mobile Music<\/p>\n<p>M\u00e1s detalles del producto<\/p>\n<p>Resistente a las salpicaduras de agua con protecci\u00f3n IPX4: podr\u00e1s seguir escuchando m\u00fasica mientras te duchas o si estando al aire libre se pone a llover<br \/>Tecnologia True Wireles stereo: conecta dos altavoces por Bluetooth y col\u00f3calos en cualquier lugar de la habitaci\u00f3n para obtener un verdadero sonido est\u00e9reo<br \/>Con el modo interior\/exterior, puedes ajustar la experiencia de sonido al entorno con s\u00f3lo pulsar un bot\u00f3n. Los agudos y los graves se ecualizan autom\u00e1ticamente<br \/>Altavoz Bluetooth para disfrutar al m\u00e1ximo de la m\u00fasica en cualquier lugar y en cualquier momento con el tel\u00e9fono m\u00f3vil, tableta o computadora port\u00e1til<br \/>24 vatios de potencia musical (est\u00e9reo) con un potente sonido de 360<br \/>Movilidad total gracias al funcionamiento con bater\u00eda con indicador de carga LED: carga r\u00e1pida en 4 horas<br \/>Disfruta de tus canciones favoritas durante mucho tiempo. \u00dasalo hasta 12 horas<br \/>Instalaci\u00f3n de manos libres integrada<br \/>Utiliza la entradaAUXpara conectar el altavoz tambi\u00e9n por cable<br \/>Selecci\u00f3n de pistas a trav\u00e9s del panel t\u00e1ctil intuitivo: desliza el dedo hacia adelante y hacia atr\u00e1s para desplazarse por las pistas de m\u00fasica<\/p>\n<p>\u00a0<\/p>\n","protected":false},"excerpt":{"rendered":"<p>Altavoz hama pipe 2.0 negro<\/p>\n","protected":false},"featured_media":236038,"comment_status":"closed","ping_status":"open","template":"","meta":{"_et_pb_use_builder":"","_et_pb_old_content":"","_et_gb_content_width":""},"product_brand":[2407],"product_cat":[2822,2799,2058],"product_tag":[2824,2803,3258,2068,2408],"class_list":{"0":"post-236037","1":"product","2":"type-product","3":"status-publish","4":"has-post-thumbnail","6":"product_brand-hama","7":"product_cat-altavoces","8":"product_cat-altavoces-mp3-y-auriculares","9":"product_cat-dispositivos","10":"product_tag-altavoces","11":"product_tag-altavoces-mp3-y-auriculares","12":"product_tag-altavoz-hama-pipe-2-0-negro","13":"product_tag-dispositivos","14":"product_tag-hama","15":"product_shipping_class-2088","16":"pa_canon-digital-incluida-0-e-incluidos","18":"first","19":"instock","20":"taxable","21":"shipping-taxable","22":"purchasable","23":"product-type-simple"},"_links":{"self":[{"href":"https:\/\/linkxa.es\/linkshop\/wp-json\/wp\/v2\/product\/236037","targetHints":{"allow":["GET"]}}],"collection":[{"href":"https:\/\/linkxa.es\/linkshop\/wp-json\/wp\/v2\/product"}],"about":[{"href":"https:\/\/linkxa.es\/linkshop\/wp-json\/wp\/v2\/types\/product"}],"replies":[{"embeddable":true,"href":"https:\/\/linkxa.es\/linkshop\/wp-json\/wp\/v2\/comments?post=236037"}],"wp:featuredmedia":[{"embeddable":true,"href":"https:\/\/linkxa.es\/linkshop\/wp-json\/wp\/v2\/media\/236038"}],"wp:attachment":[{"href":"https:\/\/linkxa.es\/linkshop\/wp-json\/wp\/v2\/media?parent=236037"}],"wp:term":[{"taxonomy":"product_brand","embeddable":true,"href":"https:\/\/linkxa.es\/linkshop\/wp-json\/wp\/v2\/product_brand?post=236037"},{"taxonomy":"product_cat","embeddable":true,"href":"https:\/\/linkxa.es\/linkshop\/wp-json\/wp\/v2\/product_cat?post=236037"},{"taxonomy":"product_tag","embeddable":true,"href":"https:\/\/linkxa.es\/linkshop\/wp-json\/wp\/v2\/product_tag?post=236037"}],"curies":[{"name":"wp","href":"https:\/\/api.w.org\/{rel}","templated":true}]}}