{"id":236206,"date":"2025-03-29T13:50:47","date_gmt":"2025-03-29T13:50:47","guid":{"rendered":"https:\/\/linkxa.es\/contratacion\/producto\/adaptador-conceptronic-usb-bluetooth-abby07b-5-1\/"},"modified":"2025-08-02T17:09:08","modified_gmt":"2025-08-02T17:09:08","slug":"adaptador-conceptronic-usb-bluetooth-abby07b-5-1","status":"publish","type":"product","link":"https:\/\/linkxa.es\/linkshop\/producto\/adaptador-conceptronic-usb-bluetooth-abby07b-5-1\/","title":{"rendered":"Adaptador conceptronic usb bluetooth abby07b 5.1"},"content":{"rendered":"<h3 style=\"text-align: center;\"><strong>Conceptronic\u00a0 |\u00a0 Bluetooth<\/strong><\/h3>\n<p>\u00a0<\/p>\n<p>Bluetooth versi\u00f3n 5.1 (Clase 1)<\/p>\n<p>Bajo consumo de energ\u00eda<\/p>\n<p>Distancia de trabajo: 100 metros<\/p>\n<p>Velocidad de transferencia de datos de hasta 3Mbps<\/p>\n<p>Compatible con Bluetooth 5.0\/4.0\/3.0\/2.1<\/p>\n<p>Equipado con antena de alta ganancia de 2dBi<\/p>\n<p>Instalaci\u00f3n sencilla Plug and Play (Windows 11\/10\/8.1)<\/p>\n<p>Este adaptador USB Bluetooth 5.1 puede crear una conexi\u00f3n inal\u00e1mbrica con otros dispositivos Bluetooth, incluidos auriculares, altavoces, teclado, mouse y dispositivos m\u00f3viles. Bluetooth 5.1 + EDR<br \/>(velocidad de datos mejorada) reduce la p\u00e9rdida de velocidad de transmisi\u00f3n causada por la interferencia de la banda de 2,4 GHz y mejora la estabilidad y la antiinterferencia. El bajo consumo de energ\u00eda<br \/>y el factor de forma compacto le permiten dejarlo conectado a su computadora port\u00e1til. Equipado con una antena giratoria extra larga de 2dBi para distancias de transmisi\u00f3n m\u00e1s largas junto con<br \/>tecnolog\u00eda de radio Clase 1. Este adaptador es capaz de distancias de transmisi\u00f3n de hasta 100 m en lugares abiertos.<\/p>\n<p>Bluetooth versi\u00f3n 5.1 (Clase 1)<\/p>\n<p>Bajo consumo de energ\u00eda<\/p>\n<p>Distancia de trabajo: 100 metros<\/p>\n<p>Velocidad de transferencia de datos de hasta 3Mbps<\/p>\n<p>Compatible con Bluetooth 5.0\/4.0\/3.0\/2.1<\/p>\n<p>Equipado con antena de alta ganancia de 2dBi<\/p>\n<p>Instalaci\u00f3n sencilla Plug and Play (Windows 11\/10\/8.1)<\/p>\n<p>Sistemas operativos compatibles Windows 7<\/p>\n<p>Windows 8.1<\/p>\n<p>ventanas 10<\/p>\n<p>ventanas 11<\/p>\n<p>Interfaz de host USB tipo A macho<\/p>\n<p>Peso del producto (kg) 0,009<\/p>\n<p>Ancho del producto (mm) 22<\/p>\n<p>Profundidad del producto (mm) 20,8<\/p>\n<p>Altura del producto (mm) 11<\/p>\n<p>De color negro<\/p>\n<p>EAN 4015867228616<\/p>\n<p>N\u00famero de modelo ABBY07B<\/p>\n<p>Contenido del paquete ABBY07B<\/p>\n<p>Gu\u00eda de instalaci\u00f3n r\u00e1pida multiling\u00fce<\/p>\n<p>Rango de operaci\u00f3n 100 m<\/p>\n<p>\u00a0<\/p>\n","protected":false},"excerpt":{"rendered":"<p>Adaptador conceptronic usb bluetooth abby07b 5.1 largo alcance 100m<\/p>\n","protected":false},"featured_media":236207,"comment_status":"closed","ping_status":"open","template":"","meta":{"_et_pb_use_builder":"","_et_pb_old_content":"","_et_gb_content_width":""},"product_brand":[2897],"product_cat":[3292,2058,3261],"product_tag":[3293,3294,2898,2068,3264],"class_list":{"0":"post-236206","1":"product","2":"type-product","3":"status-publish","4":"has-post-thumbnail","6":"product_brand-conceptronic","7":"product_cat-bluetooth","8":"product_cat-dispositivos","9":"product_cat-redes","10":"product_tag-adaptador-conceptronic-usb-bluetooth-abby07b-5-1","11":"product_tag-bluetooth","12":"product_tag-conceptronic","13":"product_tag-dispositivos","14":"product_tag-redes","15":"product_shipping_class-2059","16":"pa_canon-digital-incluida-000-e-incluidos","18":"first","19":"instock","20":"taxable","21":"shipping-taxable","22":"purchasable","23":"product-type-simple"},"_links":{"self":[{"href":"https:\/\/linkxa.es\/linkshop\/wp-json\/wp\/v2\/product\/236206","targetHints":{"allow":["GET"]}}],"collection":[{"href":"https:\/\/linkxa.es\/linkshop\/wp-json\/wp\/v2\/product"}],"about":[{"href":"https:\/\/linkxa.es\/linkshop\/wp-json\/wp\/v2\/types\/product"}],"replies":[{"embeddable":true,"href":"https:\/\/linkxa.es\/linkshop\/wp-json\/wp\/v2\/comments?post=236206"}],"wp:featuredmedia":[{"embeddable":true,"href":"https:\/\/linkxa.es\/linkshop\/wp-json\/wp\/v2\/media\/236207"}],"wp:attachment":[{"href":"https:\/\/linkxa.es\/linkshop\/wp-json\/wp\/v2\/media?parent=236206"}],"wp:term":[{"taxonomy":"product_brand","embeddable":true,"href":"https:\/\/linkxa.es\/linkshop\/wp-json\/wp\/v2\/product_brand?post=236206"},{"taxonomy":"product_cat","embeddable":true,"href":"https:\/\/linkxa.es\/linkshop\/wp-json\/wp\/v2\/product_cat?post=236206"},{"taxonomy":"product_tag","embeddable":true,"href":"https:\/\/linkxa.es\/linkshop\/wp-json\/wp\/v2\/product_tag?post=236206"}],"curies":[{"name":"wp","href":"https:\/\/api.w.org\/{rel}","templated":true}]}}