{"id":236891,"date":"2025-09-30T21:54:26","date_gmt":"2025-09-30T21:54:26","guid":{"rendered":"https:\/\/linkxa.es\/contratacion\/producto\/movil-motorola-moto-g05-4-128gb-4\/"},"modified":"2025-10-03T10:56:14","modified_gmt":"2025-10-03T10:56:14","slug":"movil-motorola-moto-g05-4-128gb-4","status":"publish","type":"product","link":"https:\/\/linkxa.es\/linkshop\/producto\/movil-motorola-moto-g05-4-128gb-4\/","title":{"rendered":"Movil motorola moto g05 4 128gb"},"content":{"rendered":"<div style=\"text-align: center; margin-bottom: 20px;\">\n<h2 style=\"font-size: 22px; font-weight: 600; margin: 0; color: #333;\">\n    Motorola \u00a0|\u00a0 Smartphones<br \/>\n  <\/h2>\n<\/div>\n<p style=\"max-width: 700px; margin: 0 auto 30px auto; font-size: 18px; line-height: 1.6; color: #555; font-style: italic; text-align: center;\">\n  Disfruta de visualizaciones y sonidos impresionantes con el nuevo moto g05. Ve tus programas y pel\u00edculas favoritos en una pantalla superbrillante de 6,67&#8243;, incluso a plena luz del d\u00eda. D\u00e9jate envolver por el sonido de unos altavoces est\u00e9reo potentes con refuerzo de graves.<\/p>\n<p>Haz fotos maravillosamente definidas, de d\u00eda o de noche, con el sistema de c\u00e1maras Quad Pixel de 50 MP, que integra un modo Retrato con inteligencia artificial. Ve m\u00e1s r\u00e1pido con un rendimiento ultraeficiente y hasta 12 GB de RAM disponibles con la funci\u00f3n Expansi\u00f3n de memoria.<\/p>\n<p>Gracias a su dise\u00f1o con un acabado en cuero vegano, resistente a salpicaduras y derrames de agua, y con cristal Corning\u00ae Gorilla\u00ae Glass 3, moto g05, marcar\u00e1s estilo durante a\u00f1os. Conf\u00eda en una bater\u00eda de 5200 mAh de larga duraci\u00f3n y la carga TurboPower\u0099, y guarda todo tu contenido y tus creaciones sin problema gracias a su amplio espacio de almacenamiento. El moto g05 impresiona a todos los niveles.<\/p>\n<p>Caracter\u00edsticas<br \/>Graves siete veces m\u00e1s potentes: Sum\u00e9rgete en graves siete veces m\u00e1s potentes con altavoces est\u00e9reo con refuerzo de graves. Disfruta del rico sonido multidimensional de Dolby Atmos\u00ae.<br \/>Un cine port\u00e1til: Ll\u00e9vate tu entretenimiento vayas donde vayas sin sacrificar la calidad. Ve m\u00e1s en la pantalla superbrillante de 6,67&#8243;.<br \/>Ampl\u00eda tu visi\u00f3n: Mejora tu visualizaci\u00f3n en exteriores con la pantalla Color de pantalla intenso. Ilumina las \u00e1reas oscuras y satura los colores, haciendo que todo sea m\u00e1s f\u00e1cil de ver.<br \/>Se acab\u00f3 forzar la vista: El modo Alto brillo aumenta la visibilidad en exteriores hasta 1000 nits, mientras que un sensor de luz autom\u00e1tico adapta el brillo a cualquier condici\u00f3n.<br \/>La foto perfecta, siempre a la primera: Captura fotos vibrantes en cualquier luz con una c\u00e1mara de 50 MP con tecnolog\u00eda Quad Pixel para garantizar que nunca te pierdas los detalles brillantes. El modo vertical basado en la IA crea recuerdos de calidad profesional.<br \/>Hecho para durar: Adquiere el dise\u00f1o ligero y lujoso delmoto g05. El cuero vegano suave junto con un acabado resistente a salpicaduras y derrames de agua y una pantalla Corning\u00ae Gorilla\u00ae Glass 3 combinan estilo y fiabilidad.<br \/>Eficiencia vayas donde vayas: Completa tu lista de tareas pendientes con un rendimiento superr\u00e1pido gracias a un procesador MediaTek Helio G81 Extreme que no gastar\u00e1 tu bater\u00eda. Consigue hasta 12 GB de RAM4 con la funci\u00f3n Expansi\u00f3n de memoria convirtiendo temporalmente el almacenamiento adicional en RAM virtual para que puedas cambiar entre aplicaciones a\u00fan m\u00e1s r\u00e1pido.<br \/>Larga vida a la bater\u00eda: Chatea, reproduce, escucha y haz m\u00e1s acciones durante m\u00e1s tiempo. Las bater\u00edas grandes vienen en paquetes peque\u00f1os. Una bater\u00eda de 5200 mAh te dura hasta 2 d\u00edas con una sola carga. Carga tu smartphone en poco tiempo conect\u00e1ndolo con la carga TurboPower\u0099 de 18 W.<\/p>\n<p>Especificaciones Motorola moto g05<br \/>Exhibici\u00f3n<br \/>Diagonal de la pantalla: 16,9 cm (6.67&#8243;)<br \/>Forma de la pantalla: Plana<br \/>Relaci\u00f3n pantalla-cuerpo: 85,29%<br \/>Tipo de pantalla: LCD<br \/>Tipo de cristal de pantalla: Corning Glass<br \/>Versi\u00f3n de Gorilla Glass: Gorilla Glass 3<br \/>Resoluci\u00f3n de la pantalla: 1604 x 720 Pixeles<br \/>Profundidad de color: 8 bit<br \/>Relaci\u00f3n de aspecto nativa: 20:9<br \/>M\u00e1xima velocidad de actualizaci\u00f3n: 90 Hz<br \/>Brillo de pantalla: 800 cd\/m\u00b2<br \/>Brillo m\u00e1ximo de la pantalla (exteriores): 1000 cd\/m\u00b2<br \/>Densidad del pixel: 263 ppp<br \/>Procesador<br \/>Familia de procesador: MediaTek<br \/>Modelo del procesador: Helio G81 Extreme<br \/>Arquitectura del procesador: ARM Cortex-A75+Cortex-A55<br \/>N\u00famero de n\u00facleos de procesador: 8<br \/>Medios de almacenaje<br \/>Capacidad de RAM: 4 GB (hasta 12 GB de RAM disponibles con la funci\u00f3n Expansi\u00f3n de memoria)<br \/>Tipo de RAM: LPDDR4X<br \/>Capacidad de almacenamiento interno: 64 GB<br \/>Tarjetas de memoria compatibles: MicroSD (TransFlash)<br \/>Tama\u00f1o m\u00e1ximo de tarjeta de memoria: 1 TB<br \/>C\u00e1mara fotogr\u00e1fica<br \/>Resoluci\u00f3n de la c\u00e1mara trasera (num\u00e9rica): 50 MP<br \/>N\u00famero de apertura de la c\u00e1mara trasera: 1,8<br \/>Tama\u00f1o de los p\u00edxeles de la c\u00e1mara trasera: 0,64 \u00b5m<br \/>Tama\u00f1o de p\u00edxeles de la c\u00e1mara trasera (tecnolog\u00eda Quad Pixel): 1,28 \u00b5m<br \/>Tipo de c\u00e1mara frontal: C\u00e1mara \u00fanica<br \/>Resoluci\u00f3n de la c\u00e1mara frontal (num\u00e9rica): 8 MP<br \/>N\u00famero de apertura de la c\u00e1mara frontal: 2,05<br \/>Tama\u00f1o de los p\u00edxeles de la c\u00e1mara frontal: 1,12 \u00b5m<br \/>C\u00e1mara trasera con flash: Si<br \/>Tipo de flash: LED<br \/>Resoluci\u00f3n de captura de video: 1920 x 1080 Pixeles<br \/>Velocidad m\u00e1xima de cuadro: 120 pps<br \/>Resoluci\u00f3n en velocidad de captura: 1280&#215;720@30fps, 1920&#215;1080@30fps<br \/>Modos de grabaci\u00f3n de v\u00eddeo: 720p, 1080p<br \/>Tipo de c\u00e1mara trasera: C\u00e1mara \u00fanica<br \/>Detector de rostro: Si<br \/>Modo de alto rango din\u00e1mico (HDR) de la c\u00e1mara: Si<br \/>Modo de lapso de tiempo: Si<br \/>Disparador autom\u00e1tico: Si<br \/>Modo noche: Si<br \/>Panor\u00e1mica: Si<br \/>Modo retrato: Si<br \/>Modo de c\u00e1mara lenta: Si<br \/>Conexi\u00f3n<br \/>Capacidad de la tarjeta SIM: SIM doble<br \/>Generaci\u00f3n de red m\u00f3vil: 4G<br \/>Tipo de tarjeta SIM: NanoSIM<br \/>Est\u00e1ndares 2G: GSM<br \/>Est\u00e1ndares 3G: WCDMA<br \/>Est\u00e1ndar 4G: LTE<br \/>Est\u00e1ndar 5G: No compatible<br \/>Est\u00e1ndar Wi-Fi: Wi-Fi 5 (802.11ac)<br \/>Wi-Fi est\u00e1ndares: 802.11a, 802.11b, 802.11g, Wi-Fi 4 (802.11n), Wi-Fi 5 (802.11ac)<br \/>Bluetooth: Si<br \/>Versi\u00f3n de Bluetooth: 5.4<br \/>Comunicaci\u00f3n de Campo Cercano (NFC): No<br \/>Suscripci\u00f3n<br \/>Tipo de suscripci\u00f3n: Sin suscripci\u00f3n<br \/>Puertos e Interfaces<br \/>Puerto USB: Si<br \/>Conector USB: USB Tipo C<br \/>Versi\u00f3n USB: 2.0<br \/>Auriculares: 3,5 mm<br \/>Dise\u00f1o<br \/>Factor de forma: Barra<br \/>Color del producto: Verde<br \/>C\u00f3digo IP (International Protection): IP54<br \/>Funciones de protecci\u00f3n: Sustancia hidr\u00f3foba<br \/>Material de la carcasa: Cuero artificial, Vidrio, Pl\u00e1stico<br \/>Desempe\u00f1o<br \/>Carga r\u00e1pida: Si<br \/>Tecnolog\u00eda de carga r\u00e1pida: TurboPower<br \/>Adaptador gr\u00e1fico: Mali-G52 MC2<br \/>Lector de huella digital: Si<br \/>Reconocimiento de cara: Si<br \/>Navegaci\u00f3n<br \/>Funci\u00f3n de GPS asistida (A-GPS): Si<br \/>GPS (sat\u00e9lite): Si<br \/>GLONASS: Si<br \/>Galileo: Si<br \/>GPS: Si<br \/>Protocolo de posicionamiento LTE (LPP, LTE Positioning Protocol): Si<br \/>Ubicaci\u00f3n segura de plano de usuario (SUPL, Secure User Plane Location): Si<br \/>Multimedia<br \/>n\u00famero de micr\u00f3fonos: 1<br \/>Altavoces: Est\u00e9reo<br \/>Sistema de audio: Dolby Atmos<br \/>Software<br \/>Plataforma: Android<br \/>Sistema operativo instalado: Android 15<br \/>Asistente virtual: Google Assistant<br \/>Bater\u00eda<br \/>Capacidad de bater\u00eda: 5200 mAh<br \/>Tiempo de hablado (WCDMA): 39 h<br \/>Tiempo de suspensi\u00f3n (WCDMA): 600 h<br \/>Tiempo continuo de reproducci\u00f3n de audio: 70 h<br \/>Tiempo continuo de reproducci\u00f3n de video: 19 h<br \/>Navegaci\u00f3n continua: 20 h<br \/>Sensores<br \/>Sensor de proximidad: Si<br \/>Aceler\u00f3metro: Si<br \/>Sensor de luz ambiental: Si<br \/>Sensor de gestos: Si<br \/>Control de energ\u00eda<br \/>Puerto de carga USB tipo C: Si<br \/>Potencia de carga requerida (m\u00e1x.): 18 W<br \/>Peso y dimensiones<br \/>Ancho: 76 mm<br \/>Profundidad: 8,17 mm<br \/>Altura: 165,7 mm<br \/>Peso: 188,8 g<br \/>Contenido del embalaje<br \/>Adaptador AC incluido: No<br \/>Cables incluidos: USB tipo A a USB tipo C<br \/>Funda protectora: Si<\/p>\n","protected":false},"excerpt":{"rendered":"<p>Movil motorola moto g05 4 &#8211; 128gb verde<\/p>\n","protected":false},"featured_media":230144,"comment_status":"closed","ping_status":"open","template":"","meta":{"_et_pb_use_builder":"","_et_pb_old_content":"","_et_gb_content_width":""},"product_brand":[2081],"product_cat":[2058,2063,2062],"product_tag":[2082,2138,2067,2066],"class_list":{"0":"post-236891","1":"product","2":"type-product","3":"status-publish","4":"has-post-thumbnail","6":"product_brand-motorola","7":"product_cat-dispositivos","8":"product_cat-smartphones","9":"product_cat-telefonia","10":"product_tag-motorola","11":"product_tag-movil-motorola-moto-g05-4-128gb","12":"product_tag-smartphones","13":"product_tag-telefonia","14":"pa_canon-digital-incluida-325-e-incluidos","16":"first","17":"instock","18":"sale","19":"taxable","20":"shipping-taxable","21":"purchasable","22":"product-type-simple"},"_links":{"self":[{"href":"https:\/\/linkxa.es\/linkshop\/wp-json\/wp\/v2\/product\/236891","targetHints":{"allow":["GET"]}}],"collection":[{"href":"https:\/\/linkxa.es\/linkshop\/wp-json\/wp\/v2\/product"}],"about":[{"href":"https:\/\/linkxa.es\/linkshop\/wp-json\/wp\/v2\/types\/product"}],"replies":[{"embeddable":true,"href":"https:\/\/linkxa.es\/linkshop\/wp-json\/wp\/v2\/comments?post=236891"}],"wp:featuredmedia":[{"embeddable":true,"href":"https:\/\/linkxa.es\/linkshop\/wp-json\/wp\/v2\/media\/230144"}],"wp:attachment":[{"href":"https:\/\/linkxa.es\/linkshop\/wp-json\/wp\/v2\/media?parent=236891"}],"wp:term":[{"taxonomy":"product_brand","embeddable":true,"href":"https:\/\/linkxa.es\/linkshop\/wp-json\/wp\/v2\/product_brand?post=236891"},{"taxonomy":"product_cat","embeddable":true,"href":"https:\/\/linkxa.es\/linkshop\/wp-json\/wp\/v2\/product_cat?post=236891"},{"taxonomy":"product_tag","embeddable":true,"href":"https:\/\/linkxa.es\/linkshop\/wp-json\/wp\/v2\/product_tag?post=236891"}],"curies":[{"name":"wp","href":"https:\/\/api.w.org\/{rel}","templated":true}]}}