{"id":236986,"date":"2025-06-15T21:42:01","date_gmt":"2025-06-15T21:42:01","guid":{"rendered":"https:\/\/linkxa.es\/contratacion\/producto\/telefono-movil-smartphone-oppo-reno-13-2\/"},"modified":"2025-10-03T11:33:14","modified_gmt":"2025-10-03T11:33:14","slug":"telefono-movil-smartphone-oppo-reno-13-2","status":"publish","type":"product","link":"https:\/\/linkxa.es\/linkshop\/producto\/telefono-movil-smartphone-oppo-reno-13-2\/","title":{"rendered":"Telefono movil smartphone oppo reno 13"},"content":{"rendered":"<div style=\"text-align: center; margin-bottom: 20px;\">\n<h2 style=\"font-size: 22px; font-weight: 600; margin: 0; color: #333;\">\n    Oppo \u00a0|\u00a0 Smartphones<br \/>\n  <\/h2>\n<\/div>\n<p style=\"max-width: 700px; margin: 0 auto 30px auto; font-size: 18px; line-height: 1.6; color: #555; font-style: italic; text-align: center;\">\n  Disfruta de una pantalla AMOLED de 6,6&#8243; 1.5K con brillo m\u00e1ximo de 1.600 nits y 120Hz para una fluidez inigualable con OPPO Reno13 5G. Complementado con sonido est\u00e9reo Ultra Volumen 300%, que te permite escuchar con claridad en cualquier entorno.<\/p>\n<p>Caracter\u00edsticas<\/p>\n<p>Dise\u00f1o exclusivo y resistente: El Reno13 5G introduce el Butterfly Shadow Design (solo en el color Azul &#8211; Luminous Blue), combinando un estilo llamativo con un cuerpo ultrafino de 7,24mm y ligero de 181g. Adem\u00e1s, es el smartphone m\u00e1s resistente de su categor\u00eda con certificaci\u00f3n IP69 y modo fotograf\u00eda submarina, para capturar momentos bajo el agua sin preocupaciones.<\/p>\n<p>Fotograf\u00eda Inteligente con IA: Consigue im\u00e1genes perfectas con tecnolog\u00edas avanzadas de AI Reflection Remover, AI Unblur y AI Clarity Enhancer. Captura sin esfuerzo con AI Livephoto, que combina foto y v\u00eddeo en una sola toma. Potencia tu conectividad en eventos masivos con AI Linkboost 2.0.<\/p>\n<p>Bater\u00eda de larga duraci\u00f3n y carga r\u00e1pida: Con 5.600 mAh, disfruta de hasta dos d\u00edas de uso sin cargarlo. La carga r\u00e1pida 80W SUPERVOOC te devuelve al 100% en solo 55 minutos. Adem\u00e1s, su bater\u00eda tiene 5 a\u00f1os de durabilidad garantizada por OPPO.<\/p>\n<p>Rendimiento Premium sin l\u00edmites: Equipado con 12GB de RAM ampliables hasta 24GB, 256GB de almacenamiento y el potente MediaTek Dimensity 8350, el Reno13 5G te ofrece un rendimiento fluido y r\u00e1pido, incluso en las aplicaciones m\u00e1s exigentes.<\/p>\n<p>C\u00e1maras de alta resoluci\u00f3n para cada momento: Captura fotos espectaculares con su c\u00e1mara principal de 50MP con OIS, acompa\u00f1ada de una c\u00e1mara Ultra Gran Angular de 8MP, una c\u00e1mara Bokeh de 2MP, y una c\u00e1mara frontal de 50MP para selfies con calidad profesional. \u00a1Incluso graba en 4K con modo Dual Video para crear contenido de nivel experto!<\/p>\n<p>Especificaciones OPPO Reno13 5G<\/p>\n<p>Sistema operativo ColorOS 15 (Basado en Android 15)<br \/>Procesador Mediatek Dimensity 8350 (4nm) Octa-core (1 x 3,35GHz + 3 x 3.2GHz + 4 x 2.2GHz | Mali G615 @1,303GHz)<br \/>GPU Mali G615 @1,303GHz<br \/>Pantalla 6.6&#8243; 3D AMOLED 1.5K (2760 X 1256) | 120Hz | HDR10+ | 1.600 Nits | 10bit Color | Cristal Corning\u00ae GG7i<br \/>SIM Dual Nano SIM + eSIM<br \/>Memoria<br \/>RAM: 12GB LPDDR5x (+12GB virtuales = 24GB)<br \/>Almacenamiento interno: 256 GB UFS 3.1 (No admite SD)<br \/>C\u00e1maras<br \/>Principal: 50MP (f\/1.8) | Sony LYT-600 | OIS 2-axis<br \/>Gran Angular: 8MP (f\/2.2) | OV08D | 115\u00ba<br \/>Bokeh: 2MP (f\/2.4) | OV02B1B<br \/>Resoluci\u00f3n de v\u00eddeo (trasera): 4K@60\/30fps | 1080@60\/30fps | 720@60\/30fps<br \/>C\u00e1mara Selfie: 50MP (f\/2.0) | AF | JN5 | EIS<br \/>Resoluci\u00f3n de v\u00eddeo (Selfie): 4K@30fps | 1080P\/720@60\/30fps<br \/>Modos fotogr\u00e1ficos: Foto Nocturna, Modo profesional, Panor\u00e1mica, Retrato, Time-Lapse, Slow Motion, Fotograf\u00eda Submarina, 4K V\u00eddeo Dual y Google Gemini<br \/>Audio<br \/>Est\u00e9reo + Modo Ultra Volumen 300%<br \/>Holo Audio<br \/>AI Clear Voice 2.0<br \/>Conectividad<br \/>Wifi 6 (802.11ax)<br \/>Bluetooth 5.4<br \/>NFC<br \/>BeaconLink<br \/>Infrarrojos<br \/>Navegaci\u00f3n y posicionamiento<br \/>GPS<br \/>GLONASS<br \/>BDS<br \/>Galileo<br \/>QZSS<br \/>Funciones IA<br \/>AI Livephoto, AI Clarity Enhancer, AI Unblur, AI Reflection Remover, AI Clear Face, AI Best Face, AI Night Portrait, AI Eraser 2.0, AI Studio, AI Smart Image Matting 2.0, AI LinkBoost 2.0, AI HyperBoost, AI Toolbox 2.0<br \/>Resistencia<br \/>IP69 + Splash Touch<br \/>Dimensiones y peso<br \/>Dimensiones: 157,9 x 74.3 x 7.24 mm<br \/>Peso: 181 g<br \/>Bater\u00eda<br \/>5.600mAh | 5 A\u00f1os de Durabilidad<br \/>Carga: 80W SUPERVOOC\u0099 (100% en 47min) | 55W USB PPS<\/p>\n","protected":false},"excerpt":{"rendered":"<p>Telefono movil smartphone oppo reno 13 5g &#8211; 12gb &#8211; 256gb &#8211; 6.59 pulgadas &#8211; azul<\/p>\n","protected":false},"featured_media":230289,"comment_status":"closed","ping_status":"open","template":"","meta":{"_et_pb_use_builder":"","_et_pb_old_content":"","_et_gb_content_width":""},"product_brand":[2089],"product_cat":[2058,2063,2062],"product_tag":[2090,2067,2066,2202],"class_list":{"0":"post-236986","1":"product","2":"type-product","3":"status-publish","4":"has-post-thumbnail","6":"product_brand-oppo","7":"product_cat-dispositivos","8":"product_cat-smartphones","9":"product_cat-telefonia","10":"product_tag-oppo","11":"product_tag-smartphones","12":"product_tag-telefonia","13":"product_tag-telefono-movil-smartphone-oppo-reno-13","14":"pa_canon-digital-incluida-325-e-incluidos","16":"first","17":"instock","18":"sale","19":"taxable","20":"shipping-taxable","21":"purchasable","22":"product-type-simple"},"_links":{"self":[{"href":"https:\/\/linkxa.es\/linkshop\/wp-json\/wp\/v2\/product\/236986","targetHints":{"allow":["GET"]}}],"collection":[{"href":"https:\/\/linkxa.es\/linkshop\/wp-json\/wp\/v2\/product"}],"about":[{"href":"https:\/\/linkxa.es\/linkshop\/wp-json\/wp\/v2\/types\/product"}],"replies":[{"embeddable":true,"href":"https:\/\/linkxa.es\/linkshop\/wp-json\/wp\/v2\/comments?post=236986"}],"wp:featuredmedia":[{"embeddable":true,"href":"https:\/\/linkxa.es\/linkshop\/wp-json\/wp\/v2\/media\/230289"}],"wp:attachment":[{"href":"https:\/\/linkxa.es\/linkshop\/wp-json\/wp\/v2\/media?parent=236986"}],"wp:term":[{"taxonomy":"product_brand","embeddable":true,"href":"https:\/\/linkxa.es\/linkshop\/wp-json\/wp\/v2\/product_brand?post=236986"},{"taxonomy":"product_cat","embeddable":true,"href":"https:\/\/linkxa.es\/linkshop\/wp-json\/wp\/v2\/product_cat?post=236986"},{"taxonomy":"product_tag","embeddable":true,"href":"https:\/\/linkxa.es\/linkshop\/wp-json\/wp\/v2\/product_tag?post=236986"}],"curies":[{"name":"wp","href":"https:\/\/api.w.org\/{rel}","templated":true}]}}