{"id":237008,"date":"2025-02-07T15:32:36","date_gmt":"2025-02-07T15:32:36","guid":{"rendered":"https:\/\/linkxa.es\/contratacion\/producto\/telefono-movil-smartphone-oppo-reno-13-6\/"},"modified":"2025-10-03T11:35:47","modified_gmt":"2025-10-03T11:35:47","slug":"telefono-movil-smartphone-oppo-reno-13-6","status":"publish","type":"product","link":"https:\/\/linkxa.es\/linkshop\/producto\/telefono-movil-smartphone-oppo-reno-13-6\/","title":{"rendered":"Telefono movil smartphone oppo reno 13"},"content":{"rendered":"<div style=\"text-align: center; margin-bottom: 20px;\">\n<h2 style=\"font-size: 22px; font-weight: 600; margin: 0; color: #333;\">\n    Oppo \u00a0|\u00a0 Smartphones<br \/>\n  <\/h2>\n<\/div>\n<p style=\"max-width: 700px; margin: 0 auto 30px auto; font-size: 18px; line-height: 1.6; color: #555; font-style: italic; text-align: center;\">\n  Disfruta de una experiencia visual envolvente con OPPO Reno13 FS 5G y su pantalla de 6,67&#8243; FHD+ AMOLED y un brillo espectacular de 1.600 nits. Juega, mira pel\u00edculas y navega con la m\u00e1xima fluidez gracias a su tasa de refresco de 120Hz. Adem\u00e1s, su modo Ultra Volumen 300% te permite escuchar con claridad sin necesidad de auriculares.<\/p>\n<p>Caracter\u00edsticas<\/p>\n<p>Dise\u00f1o exclusivo y ultrarresistente: El Reno13 FS 5G destaca con su Butterfly Shadow Design, un acabado premium con efecto mariposa \u00fanico. Con 7,78mm de grosor y 192g de peso, es ligero y ergon\u00f3mico. Adem\u00e1s, su certificaci\u00f3n IP69 lo convierte en el smartphone m\u00e1s resistente de su categor\u00eda, con tecnolog\u00eda Splash Touch para un uso sin interrupciones, incluso con la pantalla mojada.<\/p>\n<p>Fotograf\u00eda potenciada por IA: Captura im\u00e1genes n\u00edtidas y sin imperfecciones gracias a AI Reflection Remover, AI Unblur y AI Clarity Enhancer, que eliminan reflejos y mejoran la nitidez de cada foto. Mantente siempre conectado con AI Linkboost 2.0, que optimiza la se\u00f1al en entornos saturados como festivales y conciertos.<\/p>\n<p>Bater\u00eda de 5.800 mAh y Carga R\u00e1pida 45W SUPERVOOC\u0099: Hasta dos d\u00edas de autonom\u00eda sin necesidad de cargarlo. Su carga r\u00e1pida te ofrece un 50% de bater\u00eda en solo 26 minutos, para que siempre est\u00e9s listo para lo que venga. Adem\u00e1s, su bater\u00eda tiene 4 a\u00f1os de durabilidad, garantizando un rendimiento \u00f3ptimo a largo plazo.<\/p>\n<p>Rendimiento de Alta Gama con Gran Almacenamiento: Equipado con 12GB de RAM (ampliables a 24GB) y 512GB de almacenamiento, con posibilidad de expandir hasta 2TB mediante MicroSD, el Reno13 FS 5G te ofrece espacio y velocidad sin l\u00edmites. Su procesador Snapdragon\u00ae 6 Gen 1 garantiza un rendimiento fluido para gaming, multitarea y productividad.<\/p>\n<p>Sistema de c\u00e1maras vers\u00e1til para fotos profesionales: Captura cada detalle con su c\u00e1mara principal de 50MP, incluso en condiciones de poca luz. Complementada con una c\u00e1mara Ultra Gran Angular para fotos panor\u00e1micas y una c\u00e1mara Macro para primeros planos detallados. \u00a1Convierte cada imagen en una obra maestra y destaca en tus redes sociales!<\/p>\n<p>Especificaciones OPPO Reno13 FS 5G<\/p>\n<p>Sistema operativo ColorOS 15 (Basado en Android 15)<br \/>Procesador Snapdragon\u00ae 6 Gen 1 (4nm)<br \/>CPU: 4 x 2,2GHz + 4 x 1.8GHz<br \/>GPU: Adreno\u0099 710 @676 MHz<br \/>Pantalla 6.67&#8243; 2D AMOLED FHD+ (2400 X 1080) | 8bit Color | 120 Hz | 1.200 nits | Dragontrail Star 2<br \/>SIM Dual Nano SIM + eSIM<br \/>Memoria<br \/>RAM: 12GB LPDDR4x (+12GB virtuales = 24GB)<br \/>Almacenamiento interno: 512GB UFS 3.1 (Ampliable con tarjeta microSD hasta 2TB)<br \/>C\u00e1maras<br \/>Principal: 50MP (f\/1.8) | OV50D<br \/>Gran Angular: 8MP (f\/2.2) | OV08D | 112\u00ba<br \/>Macro: 2MP (f\/2.4) | OV02B10<br \/>Resoluci\u00f3n de v\u00eddeo (trasera): 4K@30fps | 1080@60\/30fps | 720@60\/30fps<br \/>C\u00e1mara Selfie: 32MP (f\/2.4) | FF | GC32E<br \/>Resoluci\u00f3n de v\u00eddeo (Selfie): 1080P\/720@30fps<br \/>Modos fotogr\u00e1ficos: Foto Nocturna, Modo profesional, Panor\u00e1mica, Retrato, Time-Lapse, Slow Motion, Fotograf\u00eda Submarina, 4K V\u00eddeo Dual y Google Gemini<br \/>Audio<br \/>Est\u00e9reo + Modo Ultra Volumen 300%<br \/>Holo Audio<br \/>AI Clear Voice 2.0<br \/>Conectividad<br \/>Wifi 5 (802.11ac)<br \/>Bluetooth 5.1<br \/>NFC<br \/>BeaconLink<br \/>Navegaci\u00f3n y posicionamiento<br \/>GPS<br \/>GLONASS<br \/>BDS<br \/>Galileo<br \/>QZSS<br \/>Funciones IA<br \/>AI Livephoto, AI Clarity Enhancer, AI Unblur, AI Reflection Remover, AI Eraser 2.0, AI Studio, AI Smart Image Matting 2.0, AI LinkBoost 2.0, AI HyperBoost, AI Toolbox 2.0<br \/>Resistencia<br \/>IP69 + Splash Touch<br \/>Dimensiones y peso<br \/>Dimensiones: 162.1 x 75 x 7.78 mm<br \/>Peso: 192 g<br \/>Bater\u00eda<br \/>5.800mAh | 4 A\u00f1os de Durabilidad<br \/>Carga: 45W SUPERVOOC\u0099 (100% en 76min) | 45W USB PPS<\/p>\n","protected":false},"excerpt":{"rendered":"<p>Telefono movil smartphone oppo reno 13 fs 5g &#8211; 12gb &#8211; 512gb &#8211; 6.67 pulgadas &#8211; gris<\/p>\n","protected":false},"featured_media":230291,"comment_status":"closed","ping_status":"open","template":"","meta":{"_et_pb_use_builder":"","_et_pb_old_content":"","_et_gb_content_width":""},"product_brand":[2089],"product_cat":[2058,2063,2062],"product_tag":[2090,2067,2066,2202],"class_list":{"0":"post-237008","1":"product","2":"type-product","3":"status-publish","4":"has-post-thumbnail","6":"product_brand-oppo","7":"product_cat-dispositivos","8":"product_cat-smartphones","9":"product_cat-telefonia","10":"product_tag-oppo","11":"product_tag-smartphones","12":"product_tag-telefonia","13":"product_tag-telefono-movil-smartphone-oppo-reno-13","14":"pa_canon-digital-incluida-325-e-incluidos","16":"first","17":"instock","18":"sale","19":"taxable","20":"shipping-taxable","21":"purchasable","22":"product-type-simple"},"_links":{"self":[{"href":"https:\/\/linkxa.es\/linkshop\/wp-json\/wp\/v2\/product\/237008","targetHints":{"allow":["GET"]}}],"collection":[{"href":"https:\/\/linkxa.es\/linkshop\/wp-json\/wp\/v2\/product"}],"about":[{"href":"https:\/\/linkxa.es\/linkshop\/wp-json\/wp\/v2\/types\/product"}],"replies":[{"embeddable":true,"href":"https:\/\/linkxa.es\/linkshop\/wp-json\/wp\/v2\/comments?post=237008"}],"wp:featuredmedia":[{"embeddable":true,"href":"https:\/\/linkxa.es\/linkshop\/wp-json\/wp\/v2\/media\/230291"}],"wp:attachment":[{"href":"https:\/\/linkxa.es\/linkshop\/wp-json\/wp\/v2\/media?parent=237008"}],"wp:term":[{"taxonomy":"product_brand","embeddable":true,"href":"https:\/\/linkxa.es\/linkshop\/wp-json\/wp\/v2\/product_brand?post=237008"},{"taxonomy":"product_cat","embeddable":true,"href":"https:\/\/linkxa.es\/linkshop\/wp-json\/wp\/v2\/product_cat?post=237008"},{"taxonomy":"product_tag","embeddable":true,"href":"https:\/\/linkxa.es\/linkshop\/wp-json\/wp\/v2\/product_tag?post=237008"}],"curies":[{"name":"wp","href":"https:\/\/api.w.org\/{rel}","templated":true}]}}