{"id":237194,"date":"2025-05-15T09:35:40","date_gmt":"2025-05-15T09:35:40","guid":{"rendered":"https:\/\/linkxa.es\/contratacion\/producto\/telefono-inalambrico-dect-digital-fritz-c6\/"},"modified":"2025-10-03T20:08:26","modified_gmt":"2025-10-03T20:08:26","slug":"telefono-inalambrico-dect-digital-fritz-c6","status":"publish","type":"product","link":"https:\/\/linkxa.es\/linkshop\/producto\/telefono-inalambrico-dect-digital-fritz-c6\/","title":{"rendered":"Telefono inalambrico dect digital fritz! c6"},"content":{"rendered":"<div style=\"text-align: center; margin-bottom: 20px;\">\n<h2 style=\"font-size: 22px; font-weight: 600; margin: 0; color: #333;\">\n    Fritz \u00a0|\u00a0 Tel\u00e9fonos fijos<br \/>\n  <\/h2>\n<\/div>\n<p style=\"max-width: 700px; margin: 0 auto 30px auto; font-size: 18px; line-height: 1.6; color: #555; font-style: italic; text-align: center;\">\n  El nuevo y confortable tel\u00e9fono para FRITZ!Box<br \/>Con el tel\u00e9fono inal\u00e1mbrico FRITZ!Fon C6 para el FRITZ!Box con base DECT, AVM ampl\u00eda la serie FRITZ!Fon con un nuevo modelo de alto rendimiento. El FRITZ!Fon C6 se caracteriza por un dise\u00f1o ergon\u00f3mico y moderno, sofisticadas funciones de confort, impresionantes propiedades ac\u00fasticas y una pantalla de color brillante.<\/p>\n<p>\u0095 Men\u00fas intuitivos en una pantalla a color de alta calidad (180 PPI), agendas telef\u00f3nicas con hasta 300 entradas, m\u00faltiples contestadores autom\u00e1ticos con acceso remoto, hasta 16 horas de tiempo de conversaci\u00f3n, hasta 12 d\u00edas en espera.<br \/>\u0095 Uso de los servicios de Internet: correo electr\u00f3nico, radio por Internet, \u0093feeds\u0094, podcasts e im\u00e1genes en vivo de c\u00e1maras web. Funciones de confort: manos libres, llamada en espera, desv\u00edo y transferencia de llamadas, despertador y vigilabeb\u00e9s.<br \/>\u0095 Control de funciones del FRITZ!Box como, por ejemplo, activar o desactivar la red Wi-Fi o control remoto para aplicaciones de dom\u00f3tica, reproducci\u00f3n del servidor multimedia.<br \/>\u0095 Contenido: AVM FRITZ!Fon C6, fuente de alimentaci\u00f3n, cargador, bater\u00eda recargable, gu\u00eda r\u00e1pida de instalaci\u00f3n en Espa\u00f1ol<\/p>\n<p><\/p>\n","protected":false},"excerpt":{"rendered":"<p>Telefono inalambrico dect digital fritz! c6 blanco &#8211;  pantalla color &#8211; manos libres<\/p>\n","protected":false},"featured_media":230893,"comment_status":"closed","ping_status":"open","template":"","meta":{"_et_pb_use_builder":"","_et_pb_old_content":"","_et_gb_content_width":""},"product_brand":[2423],"product_cat":[2058,2062,2312],"product_tag":[2424,2066,2425,2315],"class_list":{"0":"post-237194","1":"product","2":"type-product","3":"status-publish","4":"has-post-thumbnail","6":"product_brand-fritz","7":"product_cat-dispositivos","8":"product_cat-telefonia","9":"product_cat-telefonos-fijos","10":"product_tag-fritz","11":"product_tag-telefonia","12":"product_tag-telefono-inalambrico-dect-digital-fritz-c6","13":"product_tag-telefonos-fijos","14":"pa_canon-digital-incluida-0-e-incluidos","16":"first","17":"instock","18":"sale","19":"taxable","20":"shipping-taxable","21":"purchasable","22":"product-type-simple"},"_links":{"self":[{"href":"https:\/\/linkxa.es\/linkshop\/wp-json\/wp\/v2\/product\/237194","targetHints":{"allow":["GET"]}}],"collection":[{"href":"https:\/\/linkxa.es\/linkshop\/wp-json\/wp\/v2\/product"}],"about":[{"href":"https:\/\/linkxa.es\/linkshop\/wp-json\/wp\/v2\/types\/product"}],"replies":[{"embeddable":true,"href":"https:\/\/linkxa.es\/linkshop\/wp-json\/wp\/v2\/comments?post=237194"}],"wp:featuredmedia":[{"embeddable":true,"href":"https:\/\/linkxa.es\/linkshop\/wp-json\/wp\/v2\/media\/230893"}],"wp:attachment":[{"href":"https:\/\/linkxa.es\/linkshop\/wp-json\/wp\/v2\/media?parent=237194"}],"wp:term":[{"taxonomy":"product_brand","embeddable":true,"href":"https:\/\/linkxa.es\/linkshop\/wp-json\/wp\/v2\/product_brand?post=237194"},{"taxonomy":"product_cat","embeddable":true,"href":"https:\/\/linkxa.es\/linkshop\/wp-json\/wp\/v2\/product_cat?post=237194"},{"taxonomy":"product_tag","embeddable":true,"href":"https:\/\/linkxa.es\/linkshop\/wp-json\/wp\/v2\/product_tag?post=237194"}],"curies":[{"name":"wp","href":"https:\/\/api.w.org\/{rel}","templated":true}]}}