{"id":237204,"date":"2025-06-13T21:48:21","date_gmt":"2025-06-13T21:48:21","guid":{"rendered":"https:\/\/linkxa.es\/contratacion\/producto\/telefono-fijo-inalambrico-gigaset-a690-iberia-3\/"},"modified":"2025-10-03T20:21:45","modified_gmt":"2025-10-03T20:21:45","slug":"telefono-fijo-inalambrico-gigaset-a690-iberia-3","status":"publish","type":"product","link":"https:\/\/linkxa.es\/linkshop\/producto\/telefono-fijo-inalambrico-gigaset-a690-iberia-3\/","title":{"rendered":"Telefono fijo inalambrico gigaset a690 iberia"},"content":{"rendered":"<div style=\"text-align: center; margin-bottom: 20px;\">\n<h2 style=\"font-size: 22px; font-weight: 600; margin: 0; color: #333;\">\n    Gigaset \u00a0|\u00a0 Tel\u00e9fonos fijos<br \/>\n  <\/h2>\n<\/div>\n<p style=\"max-width: 700px; margin: 0 auto 30px auto; font-size: 18px; line-height: 1.6; color: #555; font-style: italic; text-align: center;\">\n  Calidad excepcional para la comunicaci\u00f3n diaria.<br \/>Calidad de voz perfecta con perfiles de sonido ajustables.<br \/>Habla con manos libres con una calidad de audio superior<br \/>La agenda telef\u00f3nica puede almacenar hasta 100 nombres y n\u00fameros<br \/>Gran pantalla gr\u00e1fica en blanco y negro, iluminada, con alto contraste<br \/>Bloqueo de llamadas para hasta 32 n\u00fameros de la lista negra<br \/>Simplemente suena bien: un tel\u00e9fono DECT con excelentes funciones de<br \/>audio<br \/>La elecci\u00f3n es suya: puede hacer una llamada usando el tel\u00e9fono o en el<br \/>modo manos libres, d\u00e1ndole la libertad de hacer otra cosa al mismo tiempo<br \/>e incluso permitir que otros se unan a la conversaci\u00f3n. O bien, puede<br \/>decidir cu\u00e1l de los dos perfiles de manos libres preferir\u00eda usar: Ajuste la<br \/>intensidad de las frecuencias m\u00e1s altas o m\u00e1s bajas para que el sonido sea<br \/>c\u00f3modo para usted. Decida lo que decida, siempre puede confiar en una<br \/>calidad de voz perfecta.<br \/>Claro, ergon\u00f3mico, intuitivo: qui\u00e9n imaginaba que usar el tel\u00e9fono podr\u00eda<br \/>ser tan simple?<br \/>Lo primero que se nota sobre el Gigaset A690 es su gran pantalla gr\u00e1fica<br \/>iluminada en blanco y negro. La pantalla tiene varias ventajas: la gran<br \/>pantalla num\u00e9rica en el modo de marcaci\u00f3n y el fuerte contraste entre las<br \/>letras blancas y el fondo negro se han dise\u00f1ado para garantizar que el<br \/>tel\u00e9fono sea a\u00fan m\u00e1s f\u00e1cil de usar. El teclado ergon\u00f3mico con teclas<br \/>iluminadas y el manejo intuitivo, tambi\u00e9n contribuyen a que hablar por<br \/>tel\u00e9fono sea lo m\u00e1s c\u00f3modo posible.<br \/>Apague de vez en cuando &#8211; con protecci\u00f3n contra llamadas no deseadas<br \/>Si no tiene ganas de hablar, puede ignorar ciertos n\u00fameros de tel\u00e9fono o<br \/>llamadas an\u00f3nimas agregando hasta 32 n\u00fameros a su lista negra, cuando<br \/>est\u00e1 activada, esta funci\u00f3n rechaza las llamadas de estos n\u00fameros o<br \/>simplemente las muestra en la pantalla sin que el tel\u00e9fono suene. Puede<br \/>agregar n\u00fameros no deseados a la lista negra manualmente o copiarlos de<br \/>su historial de llamadas. Tambi\u00e9n puede evitar que el tel\u00e9fono suene para<br \/>llamadas an\u00f3nimas (es decir, aquellas sin identificador de llamadas) e<br \/>incluso establecer per\u00edodos de tiempo durante los cuales el tel\u00e9fono debe o<br \/>no debe sonar. Adem\u00e1s, puede agregar n\u00fameros seleccionados a un grupo<br \/>VIP para asegurarse de que estas llamadas siempre se realicen incluso<br \/>cuando la funci\u00f3n No molestar est\u00e9 habilitada.<br \/>Mant\u00e9ngase en contacto con una gu\u00eda telef\u00f3nica incorporada y un largo<br \/>tiempo de conversaci\u00f3n<br \/>El Gigaset A690 facilita la comunicaci\u00f3n: con 14 horas de tiempo en<br \/>conversaci\u00f3n, puede estar seguro de que siempre podr\u00e1 hablar con sus<br \/>contactos en cualquier momento. La gu\u00eda telef\u00f3nica integrada del<br \/>dispositivo puede contener hasta 100 nombres y n\u00fameros. Adem\u00e1s, se<br \/>enumeran autom\u00e1ticamente las \u00faltimas 25 llamadas y la hora en que<br \/>sonaron. Con un tiempo de espera de 180 horas, las personas que llaman<br \/>siempre podr\u00e1n comunicarse con usted.<br \/>Mayor flexibilidad &#8211; con una multitud de tel\u00e9fonos compatibles<br \/>Use su tel\u00e9fono donde lo necesite: el Gigaset A690 se puede ampliar con<br \/>hasta cuatro tel\u00e9fonos, que puede colocar en cualquier lugar de su hogar.<br \/>Ya sea que est\u00e9 en la cocina, el dormitorio o la oficina de su hogar, siempre<br \/>tendr\u00e1 un tel\u00e9fono a mano. Haga clic aqu\u00ed para obtener una lista de<br \/>tel\u00e9fonos adicionales que son compatibles con el Gigaset A690.<br \/>Siempre respetuoso con el medio ambiente, y libre de radiaci\u00f3n gracias a<br \/>ECO DECT<br \/>Como todos los tel\u00e9fonos inal\u00e1mbricos Gigaset, la serie Gigaset A690 est\u00e1<br \/>equipada con tecnolog\u00eda ecol\u00f3gica ECO DECT. Esto significa que los<br \/>tel\u00e9fonos est\u00e1n libres de radiaci\u00f3n en el modo de espera, incluso cuando<br \/>est\u00e1 usando m\u00faltiples tel\u00e9fonos, siempre que la base y todos los tel\u00e9fonos<br \/>conectados tambi\u00e9n sean compatibles con ECO DECT. Durante una<br \/>llamada, la potencia de transmisi\u00f3n se adapta autom\u00e1ticamente a la<br \/>distancia entre el tel\u00e9fono y la base. Cuanto menor sea la distancia entre el<br \/>tel\u00e9fono y la base, menor ser\u00e1 la radiaci\u00f3n. Para el rango m\u00e1ximo de DECT,<br \/>puede desactivar el modo ECO DECT en cualquier momento.<\/p>\n","protected":false},"excerpt":{"rendered":"<p>Telefono fijo inalambrico gigaset a690 iberia blanco 100 numeros agenda<\/p>\n","protected":false},"featured_media":230743,"comment_status":"closed","ping_status":"open","template":"","meta":{"_et_pb_use_builder":"","_et_pb_old_content":"","_et_gb_content_width":""},"product_brand":[2311],"product_cat":[2058,2062,2312],"product_tag":[2313,2066,2369,2315],"class_list":{"0":"post-237204","1":"product","2":"type-product","3":"status-publish","4":"has-post-thumbnail","6":"product_brand-gigaset","7":"product_cat-dispositivos","8":"product_cat-telefonia","9":"product_cat-telefonos-fijos","10":"product_tag-gigaset","11":"product_tag-telefonia","12":"product_tag-telefono-fijo-inalambrico-gigaset-a690-iberia","13":"product_tag-telefonos-fijos","14":"pa_canon-digital-incluida-0-e-incluidos","16":"first","17":"instock","18":"sale","19":"taxable","20":"shipping-taxable","21":"purchasable","22":"product-type-simple"},"_links":{"self":[{"href":"https:\/\/linkxa.es\/linkshop\/wp-json\/wp\/v2\/product\/237204","targetHints":{"allow":["GET"]}}],"collection":[{"href":"https:\/\/linkxa.es\/linkshop\/wp-json\/wp\/v2\/product"}],"about":[{"href":"https:\/\/linkxa.es\/linkshop\/wp-json\/wp\/v2\/types\/product"}],"replies":[{"embeddable":true,"href":"https:\/\/linkxa.es\/linkshop\/wp-json\/wp\/v2\/comments?post=237204"}],"wp:featuredmedia":[{"embeddable":true,"href":"https:\/\/linkxa.es\/linkshop\/wp-json\/wp\/v2\/media\/230743"}],"wp:attachment":[{"href":"https:\/\/linkxa.es\/linkshop\/wp-json\/wp\/v2\/media?parent=237204"}],"wp:term":[{"taxonomy":"product_brand","embeddable":true,"href":"https:\/\/linkxa.es\/linkshop\/wp-json\/wp\/v2\/product_brand?post=237204"},{"taxonomy":"product_cat","embeddable":true,"href":"https:\/\/linkxa.es\/linkshop\/wp-json\/wp\/v2\/product_cat?post=237204"},{"taxonomy":"product_tag","embeddable":true,"href":"https:\/\/linkxa.es\/linkshop\/wp-json\/wp\/v2\/product_tag?post=237204"}],"curies":[{"name":"wp","href":"https:\/\/api.w.org\/{rel}","templated":true}]}}