{"id":237216,"date":"2025-06-27T12:31:24","date_gmt":"2025-06-27T12:31:24","guid":{"rendered":"https:\/\/linkxa.es\/contratacion\/producto\/telefono-fijo-yealink-sip-t31g-voip-sip\/"},"modified":"2025-10-03T20:45:14","modified_gmt":"2025-10-03T20:45:14","slug":"telefono-fijo-yealink-sip-t31g-voip-sip","status":"publish","type":"product","link":"https:\/\/linkxa.es\/linkshop\/producto\/telefono-fijo-yealink-sip-t31g-voip-sip\/","title":{"rendered":"Telefono fijo yealink sip &#8211; t31g voip sip"},"content":{"rendered":"<div style=\"text-align: center; margin-bottom: 20px;\">\n<h2 style=\"font-size: 22px; font-weight: 600; margin: 0; color: #333;\">\n    Yealink \u00a0|\u00a0 Tel\u00e9fonos fijos<br \/>\n  <\/h2>\n<\/div>\n<p style=\"max-width: 700px; margin: 0 auto 30px auto; font-size: 18px; line-height: 1.6; color: #555; font-style: italic; text-align: center;\">\n  La serie T3 de Yealink, y m\u00e1s concretamente Yealink T31G, est\u00e1 adaptada para<br \/>peque\u00f1as y medianas empresas as\u00ed como incluso para una instalaci\u00f3n en<br \/>grandes corporaciones.<br \/>Gracias a su pantalla LCD y sus funciones avanzadas la b\u00fasqueda de<br \/>informaci\u00f3n y la utilizaci\u00f3n de su tel\u00e9fono ser\u00e1n muy sencillas y r\u00e1pidas.<\/p>\n<p>&#8211; Pantalla LCD 2.3\u00bb<br \/>&#8211; Resoluci\u00f3n de la pantalla 132&#215;64<br \/>&#8211; Alimentaci\u00f3n por PoE<br \/>&#8211; 2 cuentas SIP<br \/>&#8211; 2 teclas de memoria<br \/>&#8211; 2 teclas de l\u00ednea LED<br \/>&#8211; 5 teclas de navegaci\u00f3n<br \/>&#8211; Teclas de control de volumen<br \/>&#8211; 6 teclas personalizables<br \/>&#8211; Soporte con 2 \u00e1ngulos ajustables<br \/>&#8211; Soporte Codec Opus<br \/>&#8211; Calidad de voz HD: altavoz y microauricular de mano<br \/>&#8211; Filtro inteligente de ruido<br \/>&#8211; Cancelaci\u00f3n de ruido<br \/>&#8211; Altavoz manos libres Full-D\u00faplex<br \/>&#8211; Conferencia local de 5 v\u00edas<br \/>&#8211; Agenda de hasta 1000 registros<br \/>&#8211; ID de llamada (nombre y n\u00famero)<br \/>&#8211; Interfaz de usuario en m\u00faltiples idiomas<br \/>&#8211; Lista negra<br \/>&#8211; Historial de llamadas: perdidas, recibidas, marcadas<br \/>&#8211; 2 puertos Gigabit Ethernet<br \/>&#8211; 1 puerto RJ9 (para microauricular de mano)<br \/>&#8211; 1 puerto RJ9 (para auriculares)<br \/>&#8211; Soporta descolgadores a distancia para conectar auriculares inal\u00e1mbricos<br \/>&#8211; Posibilidad de montar en pared<br \/>&#8211; Color gris cl\u00e1sico<br \/>&#8211; Dimensiones: 188x189x162x50mm<\/p>\n","protected":false},"excerpt":{"rendered":"<p>Telefono fijo yealink sip &#8211; t31g voip sip<\/p>\n","protected":false},"featured_media":230960,"comment_status":"closed","ping_status":"open","template":"","meta":{"_et_pb_use_builder":"","_et_pb_old_content":"","_et_gb_content_width":""},"product_brand":[2451],"product_cat":[2058,2062,2312],"product_tag":[2066,2453,2315,2452],"class_list":{"0":"post-237216","1":"product","2":"type-product","3":"status-publish","4":"has-post-thumbnail","6":"product_brand-yealink","7":"product_cat-dispositivos","8":"product_cat-telefonia","9":"product_cat-telefonos-fijos","10":"product_tag-telefonia","11":"product_tag-telefono-fijo-yealink-sip-t31g-voip-sip","12":"product_tag-telefonos-fijos","13":"product_tag-yealink","14":"pa_canon-digital-incluida-0-e-incluidos","16":"first","17":"instock","18":"sale","19":"taxable","20":"shipping-taxable","21":"purchasable","22":"product-type-simple"},"_links":{"self":[{"href":"https:\/\/linkxa.es\/linkshop\/wp-json\/wp\/v2\/product\/237216","targetHints":{"allow":["GET"]}}],"collection":[{"href":"https:\/\/linkxa.es\/linkshop\/wp-json\/wp\/v2\/product"}],"about":[{"href":"https:\/\/linkxa.es\/linkshop\/wp-json\/wp\/v2\/types\/product"}],"replies":[{"embeddable":true,"href":"https:\/\/linkxa.es\/linkshop\/wp-json\/wp\/v2\/comments?post=237216"}],"wp:featuredmedia":[{"embeddable":true,"href":"https:\/\/linkxa.es\/linkshop\/wp-json\/wp\/v2\/media\/230960"}],"wp:attachment":[{"href":"https:\/\/linkxa.es\/linkshop\/wp-json\/wp\/v2\/media?parent=237216"}],"wp:term":[{"taxonomy":"product_brand","embeddable":true,"href":"https:\/\/linkxa.es\/linkshop\/wp-json\/wp\/v2\/product_brand?post=237216"},{"taxonomy":"product_cat","embeddable":true,"href":"https:\/\/linkxa.es\/linkshop\/wp-json\/wp\/v2\/product_cat?post=237216"},{"taxonomy":"product_tag","embeddable":true,"href":"https:\/\/linkxa.es\/linkshop\/wp-json\/wp\/v2\/product_tag?post=237216"}],"curies":[{"name":"wp","href":"https:\/\/api.w.org\/{rel}","templated":true}]}}