{"id":237222,"date":"2025-01-03T11:17:44","date_gmt":"2025-01-03T11:17:44","guid":{"rendered":"https:\/\/linkxa.es\/contratacion\/producto\/telefono-inalambrico-spc-dect-comfort-kaiser\/"},"modified":"2025-10-03T20:48:24","modified_gmt":"2025-10-03T20:48:24","slug":"telefono-inalambrico-spc-dect-comfort-kaiser","status":"publish","type":"product","link":"https:\/\/linkxa.es\/linkshop\/producto\/telefono-inalambrico-spc-dect-comfort-kaiser\/","title":{"rendered":"Telefono inalambrico spc dect comfort kaiser"},"content":{"rendered":"<div style=\"text-align: center; margin-bottom: 20px;\">\n<h2 style=\"font-size: 22px; font-weight: 600; margin: 0; color: #333;\">\n    Spc \u00a0|\u00a0 Tel\u00e9fonos fijos<br \/>\n  <\/h2>\n<\/div>\n<p style=\"max-width: 700px; margin: 0 auto 30px auto; font-size: 18px; line-height: 1.6; color: #555; font-style: italic; text-align: center;\">\n  Especificaciones SPC 7609N Telefono DECT COMFORT KAISER DUO Negro<\/p>\n<p>Marca SPC<br \/>Modelo 7609N<br \/>Caracter\u00edsticas Datos t\u00e9cnicos<br \/>&#8211; Compatible con aud\u00edfonos<br \/>&#8211; Amplificaci\u00f3n extra del volumen del auricular de +10dB<br \/>&#8211; Agenda de 20 nombres y n\u00fameros<br \/>&#8211; Manos libres<br \/>&#8211; Modo ECO<br \/>&#8211; Identificaci\u00f3n de llamada en espera<br \/>&#8211; Listado de llamadas recibidas: 10 posiciones<br \/>&#8211; Listado de llamadas realizadas: 5 posiciones<br \/>&#8211; Mensaje en espera<br \/>&#8211; Pantalla iluminada en color azul<br \/>&#8211; Nombre del port\u00e1til configurable<br \/>&#8211; Tiempo de conversaci\u00f3n en pantalla<br \/>&#8211; Indicador del estado de la bater\u00eda<br \/>&#8211; Indicador de cobertura<br \/>&#8211; 5 niveles de volumen del auricular<br \/>&#8211; 5 niveles extra de volumen de auricular (amplificaci\u00f3n)<br \/>&#8211; 5 niveles de volumen del manos libres<br \/>&#8211; Timbre en port\u00e1til<br \/>&#8211; 6 niveles de timbre para el port\u00e1til (incluido silencio)<br \/>&#8211; Indicador audible de bater\u00eda baja<br \/>&#8211; Indicador audible de fuera de cobertura<br \/>&#8211; Teclas grandes<br \/>&#8211; Marcaci\u00f3n en colgado<br \/>&#8211; Marcaci\u00f3n turbo<br \/>&#8211; Bloqueo de teclado<br \/>&#8211; Descolgado autom\u00e1tico configurable<br \/>&#8211; Teclado sonoro configurable<br \/>&#8211; Tecla Pausa<br \/>&#8211; Tecla R configurable<br \/>&#8211; Tecla de encendido y apagado del port\u00e1til<br \/>&#8211; Teclas de memorias directas: M1 y M2.<br \/>&#8211; Alto: 177 mm.<br \/>&#8211; Ancho: 57 mm.<br \/>&#8211; Grosor: 27 mm.<br \/>&#8211; Peso: 156 g.<br \/>Funcionalidades GAP<br \/>&#8211; GAP compatible<br \/>&#8211; N\u00famero de port\u00e1tiles que una base puede soportar: Hasta 5<br \/>&#8211; N\u00famero de bases en las que un port\u00e1til se puede registrar: 4<br \/>&#8211; Transferencia de llamadas entre port\u00e1tiles<br \/>&#8211; Llamadas internas entre port\u00e1tiles<br \/>&#8211; Conferencia a tres: 2 internas y 1 externa<br \/>Otras funcionalidades<br \/>&#8211; Idioma seleccionable: Espa\u00f1ol, T\u00fcrk\u00e7e, Svenska, Norsk, Suomi, Dansk, English,<br \/>Nederlands, Fran\u00e7ais, Italiano y Deutsch<br \/>&#8211; Funci\u00f3n alarma<br \/>&#8211; Ajuste de fecha y hora<br \/>&#8211; N\u00famero PIN configurable<br \/>&#8211; Funci\u00f3n Reset<br \/>&#8211; B\u00fasqueda del port\u00e1til desde la base<br \/>&#8211; Indicador luminoso en port\u00e1til en presencia de timbre y cuando la funci\u00f3n<br \/>amplificaci\u00f3n est\u00e1 activada<br \/>&#8211; Tipo de marcaci\u00f3n seleccionable: tonos o pulsos<br \/>&#8211; Conexi\u00f3n telef\u00f3nica RJ11<br \/>&#8211; Compatible con las redes telef\u00f3nicas anal\u00f3gicas Espa\u00f1olas.<\/p>\n","protected":false},"excerpt":{"rendered":"<p>Telefono inalambrico spc dect comfort kaiser duo negro<\/p>\n","protected":false},"featured_media":230796,"comment_status":"closed","ping_status":"open","template":"","meta":{"_et_pb_use_builder":"","_et_pb_old_content":"","_et_gb_content_width":""},"product_brand":[2127],"product_cat":[2058,2062,2312],"product_tag":[2128,2066,2387,2315],"class_list":{"0":"post-237222","1":"product","2":"type-product","3":"status-publish","4":"has-post-thumbnail","6":"product_brand-spc","7":"product_cat-dispositivos","8":"product_cat-telefonia","9":"product_cat-telefonos-fijos","10":"product_tag-spc","11":"product_tag-telefonia","12":"product_tag-telefono-inalambrico-spc-dect-comfort-kaiser","13":"product_tag-telefonos-fijos","14":"pa_canon-digital-incluida-0-e-incluidos","16":"first","17":"instock","18":"sale","19":"taxable","20":"shipping-taxable","21":"purchasable","22":"product-type-simple"},"_links":{"self":[{"href":"https:\/\/linkxa.es\/linkshop\/wp-json\/wp\/v2\/product\/237222","targetHints":{"allow":["GET"]}}],"collection":[{"href":"https:\/\/linkxa.es\/linkshop\/wp-json\/wp\/v2\/product"}],"about":[{"href":"https:\/\/linkxa.es\/linkshop\/wp-json\/wp\/v2\/types\/product"}],"replies":[{"embeddable":true,"href":"https:\/\/linkxa.es\/linkshop\/wp-json\/wp\/v2\/comments?post=237222"}],"wp:featuredmedia":[{"embeddable":true,"href":"https:\/\/linkxa.es\/linkshop\/wp-json\/wp\/v2\/media\/230796"}],"wp:attachment":[{"href":"https:\/\/linkxa.es\/linkshop\/wp-json\/wp\/v2\/media?parent=237222"}],"wp:term":[{"taxonomy":"product_brand","embeddable":true,"href":"https:\/\/linkxa.es\/linkshop\/wp-json\/wp\/v2\/product_brand?post=237222"},{"taxonomy":"product_cat","embeddable":true,"href":"https:\/\/linkxa.es\/linkshop\/wp-json\/wp\/v2\/product_cat?post=237222"},{"taxonomy":"product_tag","embeddable":true,"href":"https:\/\/linkxa.es\/linkshop\/wp-json\/wp\/v2\/product_tag?post=237222"}],"curies":[{"name":"wp","href":"https:\/\/api.w.org\/{rel}","templated":true}]}}