{"id":237325,"date":"2025-04-30T22:15:17","date_gmt":"2025-04-30T22:15:17","guid":{"rendered":"https:\/\/linkxa.es\/contratacion\/producto\/telefono-fijo-maxcom-kxt480-white\/"},"modified":"2025-10-03T21:29:39","modified_gmt":"2025-10-03T21:29:39","slug":"telefono-fijo-maxcom-kxt480-white","status":"publish","type":"product","link":"https:\/\/linkxa.es\/linkshop\/producto\/telefono-fijo-maxcom-kxt480-white\/","title":{"rendered":"Telefono fijo maxcom kxt480 white"},"content":{"rendered":"<div style=\"text-align: center; margin-bottom: 20px;\">\n<h2 style=\"font-size: 22px; font-weight: 600; margin: 0; color: #333;\">\n    Maxcom \u00a0|\u00a0 Tel\u00e9fonos fijos<br \/>\n  <\/h2>\n<\/div>\n<p style=\"max-width: 700px; margin: 0 auto 30px auto; font-size: 18px; line-height: 1.6; color: #555; font-style: italic; text-align: center;\">\n  Maxcom KXT480 tel\u00e9fono fijo con muchas funciones \u00fatiles y c\u00f3modas, adem\u00e1s<br \/>compatible con el uso de aud\u00edfonos.<br \/>Caracter\u00edsticas:<\/p>\n<p>F\u00e1cil de usar.\u00a0Tel\u00e9fono de escritorio con una pantalla grande y f\u00e1cil de leer.<br \/>Compatible con aud\u00edfonos. Perfecto para personas mayores.<br \/>Funciones \u00fatiles.\u00a0Encontrar\u00e1 muchas comodidades \u00fatiles en su tel\u00e9fono: funci\u00f3n<br \/>de manos libres, varios tipos de memoria y una pantalla grande.<br \/>Pantalla muy grande.\u00a0La gran pantalla monocrom\u00e1tica del tel\u00e9fono garantiza una<br \/>buena legibilidad de la informaci\u00f3n.<\/p>\n<p>Especificaciones:<\/p>\n<p>Pantalla iluminada: No<br \/>Memoria de la agenda telef\u00f3nica &#8211; no. de entradas: n \/ A<br \/>Teclado iluminado: No<br \/>Altavoz: S\u00ed<br \/>Memoria directa: 10<br \/>Identificaci\u00f3n de llamadas: Entonces<br \/>Memoria de n\u00fameros entrantes: 20<br \/>Memoria de n\u00fameros salientes: 20<br \/>Repite el \u00faltimo n\u00famero: Entonces<br \/>Tonos de llamada: 1<br \/>Tiempo de conecci\u00f3n: Entonces<br \/>Despertador: No<br \/>Control de volumen del timbre: ALTO BAJO<br \/>Se\u00f1alizaci\u00f3n luminosa de llamada: Entonces<br \/>Poner una llamada en espera: No<br \/>Pausa: Entonces<br \/>Tiempo de flash (ms): 100\/300\/600<br \/>Silenciar el micr\u00f3fono: Entonces<br \/>Compatible con aud\u00edfonos: Entonces<br \/>Color: blanco negro<\/p>\n","protected":false},"excerpt":{"rendered":"<p>Telefono fijo maxcom kxt480 white<\/p>\n","protected":false},"featured_media":230985,"comment_status":"closed","ping_status":"open","template":"","meta":{"_et_pb_use_builder":"","_et_pb_old_content":"","_et_gb_content_width":""},"product_brand":[2242],"product_cat":[2058,2062,2312],"product_tag":[2243,2066,2465,2315],"class_list":{"0":"post-237325","1":"product","2":"type-product","3":"status-publish","4":"has-post-thumbnail","6":"product_brand-maxcom","7":"product_cat-dispositivos","8":"product_cat-telefonia","9":"product_cat-telefonos-fijos","10":"product_tag-maxcom","11":"product_tag-telefonia","12":"product_tag-telefono-fijo-maxcom-kxt480-white","13":"product_tag-telefonos-fijos","14":"pa_canon-digital-incluida-0-e-incluidos","16":"first","17":"instock","18":"sale","19":"taxable","20":"shipping-taxable","21":"purchasable","22":"product-type-simple"},"_links":{"self":[{"href":"https:\/\/linkxa.es\/linkshop\/wp-json\/wp\/v2\/product\/237325","targetHints":{"allow":["GET"]}}],"collection":[{"href":"https:\/\/linkxa.es\/linkshop\/wp-json\/wp\/v2\/product"}],"about":[{"href":"https:\/\/linkxa.es\/linkshop\/wp-json\/wp\/v2\/types\/product"}],"replies":[{"embeddable":true,"href":"https:\/\/linkxa.es\/linkshop\/wp-json\/wp\/v2\/comments?post=237325"}],"wp:featuredmedia":[{"embeddable":true,"href":"https:\/\/linkxa.es\/linkshop\/wp-json\/wp\/v2\/media\/230985"}],"wp:attachment":[{"href":"https:\/\/linkxa.es\/linkshop\/wp-json\/wp\/v2\/media?parent=237325"}],"wp:term":[{"taxonomy":"product_brand","embeddable":true,"href":"https:\/\/linkxa.es\/linkshop\/wp-json\/wp\/v2\/product_brand?post=237325"},{"taxonomy":"product_cat","embeddable":true,"href":"https:\/\/linkxa.es\/linkshop\/wp-json\/wp\/v2\/product_cat?post=237325"},{"taxonomy":"product_tag","embeddable":true,"href":"https:\/\/linkxa.es\/linkshop\/wp-json\/wp\/v2\/product_tag?post=237325"}],"curies":[{"name":"wp","href":"https:\/\/api.w.org\/{rel}","templated":true}]}}