{"id":237342,"date":"2025-07-08T21:06:07","date_gmt":"2025-07-08T21:06:07","guid":{"rendered":"https:\/\/linkxa.es\/contratacion\/producto\/telefono-fijo-doro-magna-black-negro\/"},"modified":"2025-10-03T21:33:15","modified_gmt":"2025-10-03T21:33:15","slug":"telefono-fijo-doro-magna-black-negro","status":"publish","type":"product","link":"https:\/\/linkxa.es\/linkshop\/producto\/telefono-fijo-doro-magna-black-negro\/","title":{"rendered":"Telefono fijo doro magna black negro"},"content":{"rendered":"<div style=\"text-align: center; margin-bottom: 20px;\">\n<h2 style=\"font-size: 22px; font-weight: 600; margin: 0; color: #333;\">\n    Doro \u00a0|\u00a0 Tel\u00e9fonos fijos<br \/>\n  <\/h2>\n<\/div>\n<p style=\"max-width: 700px; margin: 0 auto 30px auto; font-size: 18px; line-height: 1.6; color: #555; font-style: italic; text-align: center;\">\n  Doro Magna 4000 es una elecci\u00f3n elegante para las personas con dificultad auditiva de moderada a grave.<\/p>\n<p>Pulsa el bot\u00f3n de amplificaci\u00f3n para elevar inmediatamente el volumen del auricular en +60 dB y ajusta el tono para disfrutar de una calidad de sonido n\u00edtida que se adapte a tus necesidades<br \/>individuales.<\/p>\n<p>El timbre excepcionalmente alto se complementa con una luz intermitente cuando alguien llama.<\/p>\n<p>Los botones y las teclas r\u00e1pidas de gran tama\u00f1o hacen que este tel\u00e9fono resulte muy f\u00e1cil de usar.<\/p>\n<p>Tambi\u00e9n cuenta con una pantalla que muestra la identificaci\u00f3n de llamada, la agenda de contactos y otras funciones.<\/p>\n<p>Volumen del auricular de hasta +60 dB<br \/>Tono ajustable para adaptarse a necesidades auditivas individuales<br \/>Pantalla para mostrar los nombres y los n\u00fameros<\/p>\n<p>Caracter\u00edsticas clave<\/p>\n<p>Timbre amplificado<br \/>Memoria de n\u00fameros entrantes 50<br \/>Pantalla f\u00e1cil de leer<br \/>HAC (compatible con aud\u00edfonos)<br \/>Sonido alto y claro<br \/>Tel\u00e9fono con altavoz<br \/>Indicador Visual de llamada<\/p>\n<p>Caracter\u00edsticas principales<\/p>\n<p>Contador<br \/>Reloj<br \/>Marcaci\u00f3n previa<\/p>\n<p>Recordatorios<\/p>\n<p>Posiciones del registro de llamadas 50<br \/>Memorias de un solo bot\u00f3n 2<br \/>Posiciones de la agenda 50<br \/>Memoria de marcaci\u00f3n del \u00faltimo n\u00famero 5<\/p>\n<p>Pantalla de la unidad base<\/p>\n<p>Pantalla alfanum\u00e9rica<br \/>Pantalla con retroiluminaci\u00f3n<br \/>Caracteres grandes en pantalla<br \/>Tama\u00f1o de la pantalla (alt. x anch. mm) 82 x 32<\/p>\n<p>Sonidos y se\u00f1ales<\/p>\n<p>Ajuste de la desconexi\u00f3n del timbre<br \/>Ajustes del control de volumen, sin desconexi\u00f3n 2<\/p>\n<p>Ac\u00fastica<\/p>\n<p>Amplificaci\u00f3n m\u00e1xima de recepci\u00f3n (dB) 60<br \/>Volumen m\u00e1ximo de timbre (dB[A]) a 1 metro 90<br \/>Control de volumen giratorio<\/p>\n<p>Identificador del entrante<\/p>\n<p>Sello de fecha y hora &#8211; reloj interno<br \/>Visualizaci\u00f3n del nombre de la agenda telef\u00f3nica<\/p>\n<p>Ergonom\u00eda<\/p>\n<p>F\u00e1cil de agarrar, auricular c\u00f3modo<br \/>Auricular f\u00e1cil de colocar<br \/>Botones de alto contraste con el acabado de baja reflexividad<br \/>Se puede colocar en la pared<\/p>\n<p>Tecnolog\u00eda<\/p>\n<p>PSTN<\/p>\n","protected":false},"excerpt":{"rendered":"<p>Telefono fijo doro magna black &#8211; negro<\/p>\n","protected":false},"featured_media":230996,"comment_status":"closed","ping_status":"open","template":"","meta":{"_et_pb_use_builder":"","_et_pb_old_content":"","_et_gb_content_width":""},"product_brand":[2245],"product_cat":[2058,2062,2312],"product_tag":[2246,2066,2470,2315],"class_list":{"0":"post-237342","1":"product","2":"type-product","3":"status-publish","4":"has-post-thumbnail","6":"product_brand-doro","7":"product_cat-dispositivos","8":"product_cat-telefonia","9":"product_cat-telefonos-fijos","10":"product_tag-doro","11":"product_tag-telefonia","12":"product_tag-telefono-fijo-doro-magna-black-negro","13":"product_tag-telefonos-fijos","14":"pa_canon-digital-incluida-0-e-incluidos","16":"first","17":"instock","18":"sale","19":"taxable","20":"shipping-taxable","21":"purchasable","22":"product-type-simple"},"_links":{"self":[{"href":"https:\/\/linkxa.es\/linkshop\/wp-json\/wp\/v2\/product\/237342","targetHints":{"allow":["GET"]}}],"collection":[{"href":"https:\/\/linkxa.es\/linkshop\/wp-json\/wp\/v2\/product"}],"about":[{"href":"https:\/\/linkxa.es\/linkshop\/wp-json\/wp\/v2\/types\/product"}],"replies":[{"embeddable":true,"href":"https:\/\/linkxa.es\/linkshop\/wp-json\/wp\/v2\/comments?post=237342"}],"wp:featuredmedia":[{"embeddable":true,"href":"https:\/\/linkxa.es\/linkshop\/wp-json\/wp\/v2\/media\/230996"}],"wp:attachment":[{"href":"https:\/\/linkxa.es\/linkshop\/wp-json\/wp\/v2\/media?parent=237342"}],"wp:term":[{"taxonomy":"product_brand","embeddable":true,"href":"https:\/\/linkxa.es\/linkshop\/wp-json\/wp\/v2\/product_brand?post=237342"},{"taxonomy":"product_cat","embeddable":true,"href":"https:\/\/linkxa.es\/linkshop\/wp-json\/wp\/v2\/product_cat?post=237342"},{"taxonomy":"product_tag","embeddable":true,"href":"https:\/\/linkxa.es\/linkshop\/wp-json\/wp\/v2\/product_tag?post=237342"}],"curies":[{"name":"wp","href":"https:\/\/api.w.org\/{rel}","templated":true}]}}