{"id":237378,"date":"2024-12-16T07:42:17","date_gmt":"2024-12-16T07:42:17","guid":{"rendered":"https:\/\/linkxa.es\/contratacion\/producto\/telefono-inalambrico-maxcom-dec-mc6800-blanco\/"},"modified":"2025-10-03T22:12:33","modified_gmt":"2025-10-03T22:12:33","slug":"telefono-inalambrico-maxcom-dec-mc6800-blanco","status":"publish","type":"product","link":"https:\/\/linkxa.es\/linkshop\/producto\/telefono-inalambrico-maxcom-dec-mc6800-blanco\/","title":{"rendered":"Telefono inalambrico maxcom dec mc6800 blanco"},"content":{"rendered":"<div style=\"text-align: center; margin-bottom: 20px;\">\n<h2 style=\"font-size: 22px; font-weight: 600; margin: 0; color: #333;\">\n    Maxcom \u00a0|\u00a0 Tel\u00e9fonos fijos<br \/>\n  <\/h2>\n<\/div>\n<p style=\"max-width: 700px; margin: 0 auto 30px auto; font-size: 18px; line-height: 1.6; color: #555; font-style: italic; text-align: center;\">\n  Sobre el producto<\/p>\n<p>Maxcom, la mejor marca de m\u00f3viles para mayores.<\/p>\n<p>Los tel\u00e9fonos inal\u00e1mbricos DECT son muy \u00fatiles para aquellas personas que les gusta m\u00e1s lo tradicional o no se aclaran bien con las nuevas tecnolog\u00edas. Nuestros mayores tambi\u00e9n necesitan estar<br \/>cominicados, por eso Maxcom, dise\u00f1a y fabrica tel\u00e9fonos fijos para mayores con manos libres, 3 botones de marcaci\u00f3n r\u00e1pida, memoria de hasta 20 contactos, botones grandes y compatible con<br \/>aud\u00edfonos.<br \/>Especificaciones:<\/p>\n<p>Marca: Maxcom<br \/>Fabricante: Maxcom<br \/>Dimensiones del producto: 20 x 6.7 x 15.8 cm, 510 gramos<br \/>Pilas: 2 AAA necesarias<br \/>N\u00famero de producto: MC6800<br \/>Sistema operativo: Linux<br \/>Otras caracter\u00edsticas: Inal\u00e1mbrico<br \/>Componentes incluidos: Adaptador corriente<br \/>Pilas \/ bater\u00edas incluidas: S\u00ed<br \/>Composici\u00f3n de la pila de la bater\u00eda: NiMH<br \/>Peso del producto: 510 g<\/p>\n","protected":false},"excerpt":{"rendered":"<p>Telefono inalambrico maxcom dec mc6800 blanco<\/p>\n","protected":false},"featured_media":231075,"comment_status":"closed","ping_status":"open","template":"","meta":{"_et_pb_use_builder":"","_et_pb_old_content":"","_et_gb_content_width":""},"product_brand":[2242],"product_cat":[2058,2062,2312],"product_tag":[2243,2066,2510,2315],"class_list":{"0":"post-237378","1":"product","2":"type-product","3":"status-publish","4":"has-post-thumbnail","6":"product_brand-maxcom","7":"product_cat-dispositivos","8":"product_cat-telefonia","9":"product_cat-telefonos-fijos","10":"product_tag-maxcom","11":"product_tag-telefonia","12":"product_tag-telefono-inalambrico-maxcom-dec-mc6800-blanco","13":"product_tag-telefonos-fijos","14":"pa_canon-digital-incluida-0-e-incluidos","16":"first","17":"instock","18":"sale","19":"taxable","20":"shipping-taxable","21":"purchasable","22":"product-type-simple"},"_links":{"self":[{"href":"https:\/\/linkxa.es\/linkshop\/wp-json\/wp\/v2\/product\/237378","targetHints":{"allow":["GET"]}}],"collection":[{"href":"https:\/\/linkxa.es\/linkshop\/wp-json\/wp\/v2\/product"}],"about":[{"href":"https:\/\/linkxa.es\/linkshop\/wp-json\/wp\/v2\/types\/product"}],"replies":[{"embeddable":true,"href":"https:\/\/linkxa.es\/linkshop\/wp-json\/wp\/v2\/comments?post=237378"}],"wp:featuredmedia":[{"embeddable":true,"href":"https:\/\/linkxa.es\/linkshop\/wp-json\/wp\/v2\/media\/231075"}],"wp:attachment":[{"href":"https:\/\/linkxa.es\/linkshop\/wp-json\/wp\/v2\/media?parent=237378"}],"wp:term":[{"taxonomy":"product_brand","embeddable":true,"href":"https:\/\/linkxa.es\/linkshop\/wp-json\/wp\/v2\/product_brand?post=237378"},{"taxonomy":"product_cat","embeddable":true,"href":"https:\/\/linkxa.es\/linkshop\/wp-json\/wp\/v2\/product_cat?post=237378"},{"taxonomy":"product_tag","embeddable":true,"href":"https:\/\/linkxa.es\/linkshop\/wp-json\/wp\/v2\/product_tag?post=237378"}],"curies":[{"name":"wp","href":"https:\/\/api.w.org\/{rel}","templated":true}]}}