{"id":237383,"date":"2025-05-07T11:39:07","date_gmt":"2025-05-07T11:39:07","guid":{"rendered":"https:\/\/linkxa.es\/contratacion\/producto\/telefono-fijo-gigaset-desk-200-blanco\/"},"modified":"2025-10-03T22:17:28","modified_gmt":"2025-10-03T22:17:28","slug":"telefono-fijo-gigaset-desk-200-blanco","status":"publish","type":"product","link":"https:\/\/linkxa.es\/linkshop\/producto\/telefono-fijo-gigaset-desk-200-blanco\/","title":{"rendered":"Telefono fijo gigaset desk 200 blanco"},"content":{"rendered":"<div style=\"text-align: center; margin-bottom: 20px;\">\n<h2 style=\"font-size: 22px; font-weight: 600; margin: 0; color: #333;\">\n    Gigaset \u00a0|\u00a0 Tel\u00e9fonos fijos<br \/>\n  <\/h2>\n<\/div>\n<p style=\"max-width: 700px; margin: 0 auto 30px auto; font-size: 18px; line-height: 1.6; color: #555; font-style: italic; text-align: center;\">\n  El tel\u00e9fono de sobremesa y de pared con cable que ahorra espacio<br \/>Ahorra espacio gracias a su dise\u00f1o especialmente estrecho<br \/>F\u00e1cil montaje en pared<br \/>Alimentaci\u00f3n a trav\u00e9s de la l\u00ednea telef\u00f3nica, sin necesidad de fuente de alimentaci\u00f3n independiente<br \/>Diez teclas de marcaci\u00f3n r\u00e1pida<br \/>Compatible con aud\u00edfonos<br \/>Rellamada<br \/>Se\u00f1alizaci\u00f3n de llamada mediante LED<br \/>Apto para funcionar con sistemas telef\u00f3nicos<br \/>Marcaci\u00f3n por pulsos \/ DTMF ajustable<br \/>Funci\u00f3n flash ajustable.<br \/>ompacto, de pared y con cable: el tel\u00e9fono con las comodidades b\u00e1sicas<br \/>El Gigaset DESK 200 combina las funciones de telefon\u00eda m\u00e1s importantes con un dise\u00f1o especialmente fino y compacto. Por lo tanto, es adecuado como un tel\u00e9fono de escritorio que ahorra espacio o,<br \/>alternativamente, puede ser r\u00e1pida y f\u00e1cilmente montado en la pared. El Gigaset DESK 200 puede conectarse a la red fija o utilizarse como parte de una red telef\u00f3nica interna en casa o en la oficina.<br \/>Alimentaci\u00f3n a trav\u00e9s de la l\u00ednea telef\u00f3nica<br \/>El Gigaset DESK 200 no requiere una fuente de alimentaci\u00f3n separada, la alimentaci\u00f3n se suministra directamente a trav\u00e9s de la l\u00ednea telef\u00f3nica. Por lo tanto, la puesta en marcha es particularmente<br \/>sencilla: conecta el Gigaset DESK 200 a la toma de tel\u00e9fono (red p\u00fablica, centralita privada o pasarela) y el tel\u00e9fono estar\u00e1 listo para su uso.<br \/>Se\u00f1alizaci\u00f3n \u00f3ptica y ac\u00fastica de llamadas<br \/>La melod\u00eda y el volumen del Gigaset DESK 200 pueden ajustarse c\u00f3modamente. Se pueden seleccionar tres melod\u00edas diferentes, que se pueden ajustar a tres niveles de volumen diferentes. Adem\u00e1s, la<br \/>se\u00f1alizaci\u00f3n \u00f3ptica de llamada a trav\u00e9s del LED del auricular ayuda a garantizar que no se pierda ninguna llamada, incluso en entornos especialmente ruidosos. Si quieres tranquilidad, tambi\u00e9n puedes<br \/>desactivar el tono de llamada. En ese caso, las llamadas entrantes s\u00f3lo se indican visualmente.<br \/>Conexi\u00f3n r\u00e1pida<br \/>Se pueden almacenar hasta diez n\u00fameros de tel\u00e9fono como marcaci\u00f3n r\u00e1pida, lo que te permite conectar r\u00e1pidamente con las personas con las que hablas con frecuencia. Los n\u00fameros de marcaci\u00f3n<br \/>r\u00e1pida se anotan en el inserto de papel adjunto y as\u00ed est\u00e1n siempre a mano. Con la pr\u00e1ctica funci\u00f3n de rellamada, puedes reanudar al instante la \u00faltima llamada con s\u00f3lo pulsar un bot\u00f3n. Necesitas<br \/>hablar con alguien en la habitaci\u00f3n y no quieres que te oiga la persona que est\u00e1 al otro lado de la l\u00ednea? Mant\u00e9n la llamada en la l\u00ednea y pulsa la tecla de silencio. De este modo, ya no se te oir\u00e1 por<br \/>tel\u00e9fono. Otra caracter\u00edstica importante para cualquier persona con problemas de audici\u00f3n: el Gigaset DESK 200 es compatible con aud\u00edfonos.<br \/>Marcaci\u00f3n<br \/>El DESK 200 es adecuado tanto para la conexi\u00f3n a la red fija como a los sistemas telef\u00f3nicos. Es compatible con los dos m\u00e9todos de marcaci\u00f3n habituales, por lo que ofrece la m\u00e1xima flexibilidad para<br \/>la conexi\u00f3n telef\u00f3nica anal\u00f3gica.<\/p>\n<p>Marcaci\u00f3n por pulsos (IWV)<br \/>Marcaci\u00f3n multifrecuencia (DTMF)<br \/>En funci\u00f3n del sistema telef\u00f3nico, puede ser necesario modificar el m\u00e9todo de marcaci\u00f3n o el tiempo de flash del tel\u00e9fono. Para ello, en el microtel\u00e9fono del DESK 200 hay un interruptor deslizante con el<br \/>que simplemente se ajusta el m\u00e9todo de marcaci\u00f3n deseado.<br \/>Especificaciones<br \/>General<br \/>Nombre de art\u00edculo Gigaset DESK 200<br \/>Audio<br \/>Timbre Con volumen ajustable (3 niveles)<br \/>Volumen auricular Volumen del auricular ajustable (2 niveles)<br \/>Ayuda auditiva S\u00ed<br \/>Teclado<br \/>Teclas 10 teclas num\u00e9ricas, Tecla de control de volumen, Tecla de mute (silenciamiento), Tecla de rellamada, Tecla de acceso al men\u00fa<br \/>Funciones Teclas de marcaci\u00f3n r\u00e1pida programables (teclas 0-9), Apertura temporizada seleccionable v\u00eda interruptor<br \/>Funciones<br \/>Montaje en pared Si<br \/>Uso sobremesa Si<br \/>Se\u00f1alizaci\u00f3n e indicaciones en pantalla<br \/>Notificaciones LED de aviso de llamada entrante en el terminal<br \/>Tonos de timbre 3 tonos de la se\u00f1al de preinstalados<br \/>Marcaci\u00f3n<br \/>M\u00e9todos de marcaci\u00f3n DTMF -Marcaci\u00f3n por tonos multifrecuencia, Marcaci\u00f3n por impulsos dec\u00e1dicos<br \/>Rellamada Un n\u00famero de hasta 32 cifras<br \/>Alimentaci\u00f3n<br \/>Adaptador de alimentaci\u00f3n La alimentaci\u00f3n se suministra \u00fanicamente a trav\u00e9s de la l\u00ednea telef\u00f3nica. No requiere una fuente de alimentaci\u00f3n adicional, por lo que es posible realizar llamadas incluso<br \/>en caso de cortes de luz<br \/>Conectividad<br \/>Interfaz de conexi\u00f3n anal\u00f3gica: Conexi\u00f3n a una l\u00ednea telef\u00f3nica externa (a\/b) Si<br \/>Tipo de conexi\u00f3n Anal\u00f3gica<br \/>Compatible con redes telef\u00f3nicas privadas Si<br \/>Peso y dimensiones<br \/>Base de sobremesa: Al x An x Pr en mm 57 x 80 x 208<br \/>Base de sobremesa: Peso en g 352<br \/>Brazo telef\u00f3nico: Al x An x Pr en mm 47 x 51 x 197<br \/>Brazo telef\u00f3nico: Peso en g 144<br \/>Cable para el brazo: Peso en g 38<br \/>Suministro<br \/>Suministro 1x Unidad de sobremesa, 1x Cable de conexi\u00f3n a la red telef\u00f3nica, 1x Cable espiral para el brazo microauricular, 1x Gu\u00eda r\u00e1pida<\/p>\n","protected":false},"excerpt":{"rendered":"<p>Telefono fijo gigaset desk 200 blanco &#8211; cable<\/p>\n","protected":false},"featured_media":237384,"comment_status":"closed","ping_status":"open","template":"","meta":{"_et_pb_use_builder":"","_et_pb_old_content":"","_et_gb_content_width":""},"product_brand":[2311],"product_cat":[2058,2062,2312],"product_tag":[2313,2066,3357,2315],"class_list":{"0":"post-237383","1":"product","2":"type-product","3":"status-publish","4":"has-post-thumbnail","6":"product_brand-gigaset","7":"product_cat-dispositivos","8":"product_cat-telefonia","9":"product_cat-telefonos-fijos","10":"product_tag-gigaset","11":"product_tag-telefonia","12":"product_tag-telefono-fijo-gigaset-desk-200-blanco","13":"product_tag-telefonos-fijos","14":"pa_canon-digital-incluida-0-e-incluidos","16":"first","17":"instock","18":"sale","19":"taxable","20":"shipping-taxable","21":"purchasable","22":"product-type-simple"},"_links":{"self":[{"href":"https:\/\/linkxa.es\/linkshop\/wp-json\/wp\/v2\/product\/237383","targetHints":{"allow":["GET"]}}],"collection":[{"href":"https:\/\/linkxa.es\/linkshop\/wp-json\/wp\/v2\/product"}],"about":[{"href":"https:\/\/linkxa.es\/linkshop\/wp-json\/wp\/v2\/types\/product"}],"replies":[{"embeddable":true,"href":"https:\/\/linkxa.es\/linkshop\/wp-json\/wp\/v2\/comments?post=237383"}],"wp:featuredmedia":[{"embeddable":true,"href":"https:\/\/linkxa.es\/linkshop\/wp-json\/wp\/v2\/media\/237384"}],"wp:attachment":[{"href":"https:\/\/linkxa.es\/linkshop\/wp-json\/wp\/v2\/media?parent=237383"}],"wp:term":[{"taxonomy":"product_brand","embeddable":true,"href":"https:\/\/linkxa.es\/linkshop\/wp-json\/wp\/v2\/product_brand?post=237383"},{"taxonomy":"product_cat","embeddable":true,"href":"https:\/\/linkxa.es\/linkshop\/wp-json\/wp\/v2\/product_cat?post=237383"},{"taxonomy":"product_tag","embeddable":true,"href":"https:\/\/linkxa.es\/linkshop\/wp-json\/wp\/v2\/product_tag?post=237383"}],"curies":[{"name":"wp","href":"https:\/\/api.w.org\/{rel}","templated":true}]}}