{"id":237455,"date":"2025-03-27T02:55:06","date_gmt":"2025-03-27T02:55:06","guid":{"rendered":"https:\/\/linkxa.es\/contratacion\/producto\/pulsera-actividad-leotec-senior-smart-band-3\/"},"modified":"2025-10-03T23:44:42","modified_gmt":"2025-10-03T23:44:42","slug":"pulsera-actividad-leotec-senior-smart-band-3","status":"publish","type":"product","link":"https:\/\/linkxa.es\/linkshop\/producto\/pulsera-actividad-leotec-senior-smart-band-3\/","title":{"rendered":"Pulsera actividad leotec senior smart band"},"content":{"rendered":"<div style=\"text-align: center; margin-bottom: 20px;\">\n<h2 style=\"font-size: 22px; font-weight: 600; margin: 0; color: #333;\">Leotec digital lifestyle \u00a0|\u00a0 Pulseras de actividad<\/h2>\n<\/div>\n<p style=\"max-width: 700px; margin: 0px auto 30px; font-size: 18px; line-height: 1.6; color: #555555; font-style: italic; text-align: left;\">Destacado<\/p>\n<p>GPS real integrado<br \/>4G-LTE<br \/>Videollamadas y Llamadas<br \/>Bot\u00f3n S.O.S<br \/>Localizaci\u00f3n por app y web<br \/>Temperatura corporal<br \/>Ritmo card\u00edaco<br \/>Ox\u00edgeno en sangre<br \/>Sensor de ca\u00eddas<br \/>Bater\u00eda de 1000mAh<\/p>\n<p>PULSERA INTELIGENTE 4G CON GPS, RITMO CARD\u00cdACO, POD\u00d3METRO Y LLAMADAS<\/p>\n<p>PARA TU TRANQUILIDAD<br \/>Presentamos la nueva pulsera inteligente Leotec Senior Smart Band 4G, un dispositivo concebido, dise\u00f1ado y fabricado pensando en el bienestar de nuestros mayores. Una fant\u00e1stica pulsera capaz de<br \/>geolocalizar en tiempo real la ubicaci\u00f3n de la persona que la lleva puesta gracias a contar con un chip GPS real en su interior.<\/p>\n<p>Un dispositivo de muy reducido tama\u00f1o y ligero que incorpora la \u00faltima tecnolog\u00eda del mercado en cuanto a geolocalizaci\u00f3n y que adem\u00e1s de permitirte visualizar y acceder a un sinf\u00edn de opciones por medio de<br \/>una aplicaci\u00f3n gratuita disponible tanto para dispositivos inteligentes basados en Google Android lo est\u00e1n para iOS de Apple y por medio de una p\u00e1gina web para mayor comodidad.<\/p>\n<p>SIEMPRE LOCALIZADO<br \/>Con tan s\u00f3lo 73 gramos de peso y unas dimensiones de 65 x 42 x 20 mm, la nueva Leotec Senior Band 4G incorpora la \u00faltima tecnolog\u00eda del mercado para geolocalizar personas u objetos en tiempo real.<\/p>\n<p>Cuenta con conectividad 4G LTE y 2G GSM adem\u00e1s de GPS real integrado con margen de error de 5 metros y localizaci\u00f3n por medio de redes WiFi y LBS. Basta con descargar la aplicaci\u00f3n recomendada,<br \/>emparejar el dispositivo y crear una nueva cuenta con aquellas funcionalidades que deseemos y empezar a registrar la localizaci\u00f3n del dispositivo.<\/p>\n<p>Cuenta ranura para tarjetas nanoSIM de cualquier operador de telefon\u00eda m\u00f3vil del mercado lo que le permite realizar y recibir llamadas a n\u00fameros autorizados previamente o preconfigurados como contactos de<br \/>emergencia por medio de la aplicaci\u00f3n.<\/p>\n<p>LA PULSERA M\u00c1S COMPLETA<br \/>Se ha establecido un bot\u00f3n S.O.S. de gran tama\u00f1o en la parte central del dispositivo que le permite a la persona que lleva la pulsera pulsarlo de forma r\u00e1pida en caso de ser necesario para ponerse en contacto<br \/>telef\u00f3nicamente con el numero pre-configurado.<\/p>\n<p>Adem\u00e1s, cuenta con detector de ca\u00eddas accidentales, posibilidad de visualizar la ruta que ha realizado el dispositivo, la velocidad y establecer vallas virtuales de forma que si el objeto o la persona que lo lleva<br \/>sale de la misma nos llegar\u00e1 autom\u00e1ticamente una alerta al tel\u00e9fono m\u00f3vil.<\/p>\n<p>Cuenta el Leotec Senior Smart Band 4G con otras funciones como:<\/p>\n<p>&#8211; Monitor de ritmo card\u00edaco<br \/>&#8211; Pod\u00f3metro<br \/>&#8211; Tensi\u00f3metro<br \/>&#8211; Sensor de temperatura<br \/>&#8211; Alerta ante ca\u00eddas accidentales<br \/>&#8211; Recordatorio para toma de medicaci\u00f3n<br \/>&#8211; Un producto con bater\u00eda interna no removible de 1000mAh que nos permitir\u00e1 saber siempre que la persona o el objeto que lo lleva se encuentra bien y d\u00f3nde se encuentra a cada momento.<\/p>\n<p>Funciones:<\/p>\n<p>&#8211; Modo de ahorro de bater\u00eda: S\u00ed<br \/>&#8211; Llamadas: S\u00ed<br \/>&#8211; Comandos v\u00eda SMS: S\u00ed<br \/>&#8211; Audio: S\u00ed<br \/>&#8211; Botones: 4: S.O.S. &#8211; chat de voz &#8211; 2 x n\u00fameros pre-configurados<br \/>&#8211; Alerta de ca\u00eddas: S\u00ed<br \/>&#8211; Recordatorios: S\u00ed<br \/>&#8211; Monitor de ritmo card\u00edaco: S\u00ed<br \/>&#8211; Pod\u00f3metro: S\u00ed<br \/>&#8211; Tensi\u00f3metro: S\u00ed<br \/>&#8211; Recordatorio de medicaci\u00f3n: S\u00ed<br \/>&#8211; Detecci\u00f3n de temperatura: S\u00ed<br \/>&#8211; Alarmas: S\u00ed<br \/>&#8211; Localizaci\u00f3n por web: S\u00ed<br \/>&#8211; Registro de rutas: S\u00ed<br \/>&#8211; Llamadas: S\u00ed<br \/>&#8211; SMS: S\u00ed<br \/>&#8211; Monitor remoto de voz: S\u00ed<br \/>&#8211; Vallas virtuales: S\u00ed<\/p>\n<p>ESPECIFICACIONES T\u00c9CNICAS:<\/p>\n<p>&#8211; Chip: UNISOC 8910DM<br \/>&#8211; Transferencia de datos4G-FDD: 2\/4\/5\/7\/12<br \/>&#8211; 2G-GSM: 2\/3\/5\/8<br \/>&#8211; Redes soportadasGSM\/FDD-LTE\/FDD-TDD<br \/>&#8211; Bandas: FDD: B1 B2 B3 B5 B7 B8 B20 B28A WCDMA: B1\/2\/5\/8 GSM: Band B2\/3\/5\/8,<br \/>&#8211; SIM: nanoSIM<br \/>&#8211; GPSReal integrado<br \/>&#8211; Se\u00f1al GPS: L1,1575.42MHz C\/A<br \/>&#8211; Canales GPS:22 canales<br \/>&#8211; Margen error: GPS 5-15 metros<br \/>&#8211; Antena GPS: Cer\u00e1mica<br \/>&#8211; aGPS: S\u00ed<br \/>&#8211; M\u00f3dulo WiFi: Integrado, 802.11b\/802.11g\/802.11n<br \/>&#8211; LBS:S\u00ed<br \/>&#8211; Margen error LBS:100-1000 metros<br \/>&#8211; Posicionamiento WiFi:S\u00ed<br \/>&#8211; Margen error WiFi5-50 metros<br \/>&#8211; Resistencia al agua: IP67<br \/>&#8211; Bater\u00eda: 1000mAh<br \/>&#8211; Dimensiones: 65 x 42 x 20 mm<br \/>&#8211; Peso: 73 gramos<\/p>\n<p>Control de energ\u00eda<br \/>Capacidad de bater\u00eda<br \/>1000 mAh<br \/>Cargador inal\u00e1mbrico<br \/>No<br \/>Energ\u00eda solar<br \/>No<br \/>Modo de espera autom\u00e1tico<br \/>No<br \/>Tecnolog\u00eda de bater\u00eda<br \/>Pol\u00edmero de litio<br \/>Tipo de bater\u00eda<br \/>Bater\u00eda integrada<br \/>Puertos e Interfaces<br \/>Auriculares<br \/>No<br \/>Bluetooth<br \/>No<br \/>Comunicaci\u00f3n de Campo Cercano (NFC)<br \/>No<br \/>Wi-Fi est\u00e1ndares<br \/>802.11b, 802.11g, Wi-Fi 4 (802.11n)<br \/>Puerto USB<br \/>No<br \/>Wifi<br \/>Si<br \/>Conexi\u00f3n<br \/>Est\u00e1ndares 2G<br \/>GSM<br \/>Est\u00e1ndar 4G<br \/>LTE<br \/>Conexi\u00f3n a red m\u00f3vil<br \/>Si<br \/>GLONASS<br \/>Si<br \/>GPS (sat\u00e9lite)<br \/>Si<br \/>Generaci\u00f3n de red m\u00f3vil<br \/>4G<br \/>Se conecta a Internet de forma independiente<br \/>Si<br \/>Tipo de tarjeta SIM<br \/>NanoSIM<br \/>Contenido del embalaje<br \/>Adaptador AC incluido<br \/>No<br \/>Banda pectoral<br \/>No<br \/>Base de cargador<br \/>No<br \/>Cargador<br \/>No<br \/>Gu\u00eda de instalaci\u00f3n r\u00e1pida<br \/>Si<br \/>Manual de usuario<br \/>Si<br \/>Tarjeta de garant\u00eda<br \/>No<\/p>\n<p>Dise\u00f1o<br \/>A prueba de agua<br \/>No<br \/>Color del cuerpo del reloj<br \/>Negro<br \/>Color de banda<br \/>Negro<br \/>Conector de carga magn\u00e9tica<br \/>Si<br \/>Correa extra\u00edble<br \/>No<br \/>C\u00f3digo IP (International Protection)<br \/>IP67<br \/>Dise\u00f1ado para ni\u00f1os<br \/>No<br \/>Forma<br \/>Rectangular<br \/>G\u00e9nero<br \/>Unisex<br \/>Material del cuerpo del reloj<br \/>Pl\u00e1stico<br \/>Material de la banda<br \/>Silicona<br \/>Material de la correa<br \/>Silicona<br \/>Posicionamiento de mercado<br \/>Reloj inteligente<br \/>Tama\u00f1o de banda<br \/>Talla \u00fanica<br \/>Tipo de cierre<br \/>Hebilla para correa con una clavija<br \/>Caracter\u00edsticas<br \/>Acceso remoto para responder al tel\u00e9fono<br \/>Si<br \/>Aceler\u00f3metro<br \/>Si<br \/>Activaci\u00f3n por voz<br \/>No<br \/>Adaptaci\u00f3n autom\u00e1tica del programa de entrenamiento<br \/>No<br \/>Alarma(s) audibles<br \/>No<br \/>Alarma<br \/>No<br \/>Alerta de recuperaci\u00f3n<br \/>No<br \/>Alerta de tiempo<br \/>No<br \/>Alertas de ritmo<br \/>No<br \/>Alt\u00edmetro barom\u00e9trico<br \/>No<br \/>Alt\u00edmetro<br \/>No<br \/>Asistente virtual<br \/>No<br \/>Bar\u00f3metro<br \/>No<br \/>Br\u00fajula electr\u00f3nica<br \/>No<br \/>Calendario<br \/>No<br \/>Calendario de caza\/pesca<br \/>No<br \/>Control de la m\u00fasica<br \/>No<br \/>Control de c\u00e1mara para deportes de acci\u00f3n<br \/>No<br \/>Correo electr\u00f3nico<br \/>No<br \/>Cron\u00f3metro<br \/>No<br \/>C\u00e1lculo de \u00e1reas<br \/>No<br \/>C\u00f3mputo de calor\u00edas basado en ritmo cardiaco<br \/>No<br \/>Despertador inteligente<br \/>No<br \/>Detecci\u00f3n autom\u00e1tica de la actividad diaria<br \/>No<br \/>Din\u00e1micas de correr<br \/>No<br \/>Distancia recorrida<br \/>Si<br \/>Funci\u00f3n \u00abEncuentra mi tel\u00e9fono\u00bb<br \/>No<br \/>Entrenamientos avanzados<br \/>No<br \/>Firmware actualizable<br \/>Si<br \/>Funci\u00f3n de alerta SOS<br \/>Si<br \/>Funci\u00f3n de alerta anti-p\u00e9rdida<br \/>Si<br \/>Funci\u00f3n de monitorizaci\u00f3n del estr\u00e9s<br \/>No<br \/>Funci\u00f3n de hora mundial<br \/>No<br \/>Funci\u00f3n Virtual Partner<br \/>No<br \/>Funci\u00f3n Virtual Racer<br \/>No<br \/>Funci\u00f3n Virtual Pacer<br \/>No<br \/>Giroscopio<br \/>Si<br \/>Grabaci\u00f3n de voz<br \/>No<br \/>Mensajer\u00eda instant\u00e1nea (IM)<br \/>Si<br \/>Identificador de llamadas<br \/>No<br \/>Indicador de carrera<br \/>No<br \/>Informaci\u00f3n de la luna y el Sol<br \/>No<br \/>Intervalo de entrenamiento<br \/>No<br \/>Luz LED RGB<br \/>No<br \/>Mediciones fisiol\u00f3gicas<br \/>No<br \/>Medici\u00f3n del pulso por contacto<br \/>Si<br \/>Medici\u00f3n de frecuencia card\u00edaca<br \/>Autom\u00e1tico, Manual<br \/>Medici\u00f3n del efecto del entrenamiento<br \/>No<br \/>Medidor de distancia integrado<br \/>No<br \/>Minutos activos<br \/>No<br \/>Modo multideporte<br \/>No<br \/>Monitor de frecuencia card\u00edaca<br \/>Si<br \/>Motor vibratorio<br \/>Si<br \/>Notificaciones inteligentes<br \/>No<br \/>Notificaciones del calendario<br \/>No<br \/>Notificaciones de SMS<br \/>No<br \/>Notificaciones de llamada<br \/>No<br \/>Orientaci\u00f3n en tiempo real<br \/>No<br \/>Pausa autom\u00e1tica<br \/>No<br \/>Pa\u00eds de origen<br \/>China<br \/>Perfiles para m\u00faltiples bicis<br \/>No<br \/>Pod\u00f3metro<br \/>Si<br \/>Pod\u00f3metro<br \/>No<br \/>Programaci\u00f3n del entrenamiento<br \/>No<br \/>Pron\u00f3sticos del clima<br \/>No<br \/>Prueba de aptitud<br \/>No<br \/>Renovado<br \/>No<br \/>Reproducci\u00f3n de audio a distancia<br \/>No<br \/>Reproductor de m\u00fasica<br \/>No<br \/>Retroalimentaci\u00f3n h\u00e1ptica<br \/>No<br \/>Retroalimentaci\u00f3n motivadora<br \/>No<br \/>Servicio de notificaci\u00f3n simple (SNS), soportado<br \/>No<br \/>Seguimiento de ejercicio<br \/>No<br \/>Sensor de nivel de ox\u00edgeno en sangre<br \/>Si<br \/>Sensor de luz ambiental<br \/>No<br \/>Sensor capacitivo<br \/>No<br \/>Sensor de presi\u00f3n atmosf\u00e9rica<br \/>No<br \/>Sensor de temperatura de la piel<br \/>Si<br \/>Sensor de temperatura del agua<br \/>No<br \/>Sugerencia de tiempo de recuperaci\u00f3n<br \/>No<br \/>Temporizador<br \/>No<br \/>Tensi\u00f3metro<br \/>Si<br \/>Term\u00f3metro<br \/>Si<br \/>Tiempo \/ distancia de alerta<br \/>No<br \/>Tipo de sensor de frecuencia cardiaca<br \/>\u00d3ptico<br \/>Toma de fotograf\u00edas a distancia<br \/>No<br \/>Transferencia de unidad a unidad<br \/>No<br \/>Visualizaci\u00f3n de clima<br \/>No<br \/>Exhibici\u00f3n<br \/>Pantalla con funci\u00f3n Always-on<br \/>No<br \/>Pantalla t\u00e1ctil<br \/>No<br \/>Pantalla a color<br \/>No<br \/>Pantalla con esquinas redondeadas<br \/>No<br \/>Retroiluminaci\u00f3n<br \/>No<br \/>Desempe\u00f1o<br \/>Altavoces incorporados<br \/>Si<br \/>Altavoz<br \/>Si<br \/>C\u00e1mara incorporada<br \/>No<br \/>Detecci\u00f3n de ca\u00eddas<br \/>Si<br \/>Radio FM<br \/>No<br \/>Idiomas de soporte<br \/>Espa\u00f1ol<br \/>Micr\u00f3fono incorporado<br \/>Si<br \/>Sistemas operativos m\u00f3viles soportados<br \/>Android, iOS<\/p>\n","protected":false},"excerpt":{"rendered":"<p>Pulsera de actividad leotec senior smart band 4g gps roja<\/p>\n","protected":false},"featured_media":237456,"comment_status":"open","ping_status":"open","template":"","meta":{"_et_pb_use_builder":"","_et_pb_old_content":"","_et_gb_content_width":""},"product_brand":[2350],"product_cat":[2058,3394,3393,2062],"product_tag":[2351,3395,2066],"class_list":{"0":"post-237455","1":"product","2":"type-product","3":"status-publish","4":"has-post-thumbnail","6":"product_brand-leotec-digital-lifestyle","7":"product_cat-dispositivos","8":"product_cat-leotec-digital-lifestyle-pulseras-de-actividad","9":"product_cat-pulseras-de-actividad","10":"product_cat-telefonia","11":"product_tag-leotec-digital-lifestyle","12":"product_tag-pulseras-de-actividad","13":"product_tag-telefonia","14":"pa_canon-digital-0-e-incluida","15":"pa_categoria-telefonia","16":"pa_marca-leotec-digital-lifestyle","17":"pa_peso-3392","18":"pa_ref-dsp0000022355","20":"first","21":"instock","22":"sale","23":"taxable","24":"shipping-taxable","25":"purchasable","26":"product-type-simple"},"_links":{"self":[{"href":"https:\/\/linkxa.es\/linkshop\/wp-json\/wp\/v2\/product\/237455","targetHints":{"allow":["GET"]}}],"collection":[{"href":"https:\/\/linkxa.es\/linkshop\/wp-json\/wp\/v2\/product"}],"about":[{"href":"https:\/\/linkxa.es\/linkshop\/wp-json\/wp\/v2\/types\/product"}],"replies":[{"embeddable":true,"href":"https:\/\/linkxa.es\/linkshop\/wp-json\/wp\/v2\/comments?post=237455"}],"wp:featuredmedia":[{"embeddable":true,"href":"https:\/\/linkxa.es\/linkshop\/wp-json\/wp\/v2\/media\/237456"}],"wp:attachment":[{"href":"https:\/\/linkxa.es\/linkshop\/wp-json\/wp\/v2\/media?parent=237455"}],"wp:term":[{"taxonomy":"product_brand","embeddable":true,"href":"https:\/\/linkxa.es\/linkshop\/wp-json\/wp\/v2\/product_brand?post=237455"},{"taxonomy":"product_cat","embeddable":true,"href":"https:\/\/linkxa.es\/linkshop\/wp-json\/wp\/v2\/product_cat?post=237455"},{"taxonomy":"product_tag","embeddable":true,"href":"https:\/\/linkxa.es\/linkshop\/wp-json\/wp\/v2\/product_tag?post=237455"}],"curies":[{"name":"wp","href":"https:\/\/api.w.org\/{rel}","templated":true}]}}