{"id":237641,"date":"2025-05-04T01:59:54","date_gmt":"2025-05-04T01:59:54","guid":{"rendered":"https:\/\/linkxa.es\/contratacion\/producto\/smartwatch-leotec-multisport-wave-azul\/"},"modified":"2025-10-04T01:36:39","modified_gmt":"2025-10-04T01:36:39","slug":"smartwatch-leotec-multisport-wave-azul","status":"publish","type":"product","link":"https:\/\/linkxa.es\/linkshop\/producto\/smartwatch-leotec-multisport-wave-azul\/","title":{"rendered":"Smartwatch leotec multisport wave azul"},"content":{"rendered":"<div style=\"text-align: center; margin-bottom: 20px;\">\n<h2 style=\"font-size: 22px; font-weight: 600; margin: 0; color: #333;\">Leotec digital lifestyle \u00a0|\u00a0 Smartwatches<\/h2>\n<\/div>\n<p style=\"max-width: 700px; margin: 0px auto 30px; font-size: 18px; line-height: 1.6; color: #555555; font-style: italic; text-align: left;\">* TIPO<br \/>\u00a0 Reloj inteligente<\/p>\n<p>* DISE\u00d1O<br \/>\u00a0 Forma: Redondo<br \/>\u00a0 Color del cuerpo: Negro<br \/>\u00a0 Color de banda: Azul<br \/>\u00a0 Correa extra\u00edble: S\u00ed<br \/>\u00a0 Conector de carga: Magn\u00e9tico<br \/>\u00a0 C\u00f3digo IP: IP68<br \/>\u00a0 Funciones de protecci\u00f3n: Resistente al agua, polvo, golpes, rayones, salpicaduras<br \/>\u00a0 G\u00e9nero: Unisex<br \/>\u00a0 Nombre del color: Azul<\/p>\n<p>* DIMENSIONES Y PESO<br \/>\u00a0 Dimensiones: 46,5 x 46,5 x 9,8 mm<br \/>\u00a0 Ancho de banda: 2,2 cm<br \/>\u00a0 Peso: 42 g<\/p>\n<p>* PANTALLA<br \/>\u00a0 Tama\u00f1o: 3,25 cm (1.28&#8243;)<br \/>\u00a0 Resoluci\u00f3n: 240 x 240 p\u00edxeles<br \/>\u00a0 Pantalla t\u00e1ctil: S\u00ed<br \/>\u00a0 Pantalla a color: S\u00ed<br \/>\u00a0 Pantalla con esquinas redondeadas: S\u00ed<br \/>\u00a0 Always-on display: No<br \/>\u00a0 Tecnolog\u00eda: IPS<br \/>\u00a0 Tipo de visualizador: Digital<\/p>\n<p>* BATER\u00cdA<br \/>\u00a0 Tipo: Pol\u00edmero de litio<br \/>\u00a0 Capacidad: 200 mAh<br \/>\u00a0 Bater\u00eda integrada: S\u00ed<br \/>\u00a0 Autonom\u00eda: hasta 11 d\u00edas<br \/>\u00a0 Modo GPS: no compatible<\/p>\n<p>* CONECTIVIDAD<br \/>\u00a0 Bluetooth: S\u00ed (versi\u00f3n 5.0, BLE)<br \/>\u00a0 WiFi: No<br \/>\u00a0 NFC: No<br \/>\u00a0 Puerto USB: No<br \/>\u00a0 ANT+: No<br \/>\u00a0 GPS \/ GLONASS \/ Galileo \/ QZSS \/ BeiDou: No<br \/>\u00a0 Conexi\u00f3n a red m\u00f3vil: No<\/p>\n<p>* FUNCIONES INTELIGENTES<br \/>\u00a0 Notificaciones inteligentes: S\u00ed<br \/>\u00a0 Modo reloj: 12h\/24h<br \/>\u00a0 Toma de fotograf\u00edas a distancia: S\u00ed<br \/>\u00a0 Reproducci\u00f3n de audio a distancia: S\u00ed<br \/>\u00a0 Funci\u00f3n de alerta anti-p\u00e9rdida: S\u00ed<br \/>\u00a0 Firmware actualizable: S\u00ed<br \/>\u00a0 Motor vibratorio: S\u00ed<\/p>\n<p>* FUNCIONES DEPORTIVAS Y SALUD<br \/>\u00a0 Monitor de frecuencia card\u00edaca (\u00f3ptico)<br \/>\u00a0 Medici\u00f3n autom\u00e1tica y manual<br \/>\u00a0 Sensor de ox\u00edgeno en sangre<br \/>\u00a0 Calidad del sue\u00f1o<br \/>\u00a0 Calor\u00edas quemadas<br \/>\u00a0 Distancia recorrida<br \/>\u00a0 Pod\u00f3metro<br \/>\u00a0 Seguimiento de actividad<br \/>\u00a0 Metas personales<br \/>\u00a0 Modo multideporte<\/p>\n<p>* FUNCIONES NO DISPONIBLES<br \/>\u00a0 GPS<br \/>\u00a0 Altavoz, micr\u00f3fono, c\u00e1mara<br \/>\u00a0 Radio FM<br \/>\u00a0 NFC<br \/>\u00a0 Mensajer\u00eda y llamadas<br \/>\u00a0 Sensores avanzados: luz ambiental, bar\u00f3metro, temperatura, estr\u00e9s<\/p>\n<p>* CONTENIDO DEL EMBALAJE<br \/>\u00a0 Base de cargador<br \/>\u00a0 Manual de usuario<br \/>\u00a0 Tarjeta de garant\u00eda<\/p>\n<p>* COMPATIBILIDAD<br \/>\u00a0 Sistemas operativos soportados: Android, iOS<\/p>\n","protected":false},"excerpt":{"rendered":"<p>Smartwatch leotec multisport wave azul<\/p>\n","protected":false},"featured_media":237642,"comment_status":"open","ping_status":"open","template":"","meta":{"_et_pb_use_builder":"","_et_pb_old_content":"","_et_gb_content_width":""},"product_brand":[2350],"product_cat":[2058,3389,2316,2062],"product_tag":[2351,2318,2066],"class_list":{"0":"post-237641","1":"product","2":"type-product","3":"status-publish","4":"has-post-thumbnail","6":"product_brand-leotec-digital-lifestyle","7":"product_cat-dispositivos","8":"product_cat-leotec-digital-lifestyle","9":"product_cat-smartwatches","10":"product_cat-telefonia","11":"product_tag-leotec-digital-lifestyle","12":"product_tag-smartwatches","13":"product_tag-telefonia","14":"pa_canon-digital-0-e-incluida","15":"pa_categoria-telefonia","16":"pa_marca-leotec-digital-lifestyle","17":"pa_peso-3420","18":"pa_ref-dsp0000030342","20":"first","21":"instock","22":"sale","23":"taxable","24":"shipping-taxable","25":"purchasable","26":"product-type-simple"},"_links":{"self":[{"href":"https:\/\/linkxa.es\/linkshop\/wp-json\/wp\/v2\/product\/237641","targetHints":{"allow":["GET"]}}],"collection":[{"href":"https:\/\/linkxa.es\/linkshop\/wp-json\/wp\/v2\/product"}],"about":[{"href":"https:\/\/linkxa.es\/linkshop\/wp-json\/wp\/v2\/types\/product"}],"replies":[{"embeddable":true,"href":"https:\/\/linkxa.es\/linkshop\/wp-json\/wp\/v2\/comments?post=237641"}],"wp:featuredmedia":[{"embeddable":true,"href":"https:\/\/linkxa.es\/linkshop\/wp-json\/wp\/v2\/media\/237642"}],"wp:attachment":[{"href":"https:\/\/linkxa.es\/linkshop\/wp-json\/wp\/v2\/media?parent=237641"}],"wp:term":[{"taxonomy":"product_brand","embeddable":true,"href":"https:\/\/linkxa.es\/linkshop\/wp-json\/wp\/v2\/product_brand?post=237641"},{"taxonomy":"product_cat","embeddable":true,"href":"https:\/\/linkxa.es\/linkshop\/wp-json\/wp\/v2\/product_cat?post=237641"},{"taxonomy":"product_tag","embeddable":true,"href":"https:\/\/linkxa.es\/linkshop\/wp-json\/wp\/v2\/product_tag?post=237641"}],"curies":[{"name":"wp","href":"https:\/\/api.w.org\/{rel}","templated":true}]}}