{"id":237648,"date":"2025-06-05T05:31:21","date_gmt":"2025-06-05T05:31:21","guid":{"rendered":"https:\/\/linkxa.es\/contratacion\/producto\/smartwatch-leotec-multisport-wave-negro\/"},"modified":"2025-10-04T01:38:06","modified_gmt":"2025-10-04T01:38:06","slug":"smartwatch-leotec-multisport-wave-negro","status":"publish","type":"product","link":"https:\/\/linkxa.es\/linkshop\/producto\/smartwatch-leotec-multisport-wave-negro\/","title":{"rendered":"Smartwatch leotec multisport wave negro"},"content":{"rendered":"<div style=\"text-align: center; margin-bottom: 20px;\">\n<h2 style=\"font-size: 22px; font-weight: 600; margin: 0; color: #333;\">Leotec digital lifestyle \u00a0|\u00a0 Smartwatches<\/h2>\n<\/div>\n<p style=\"max-width: 700px; margin: 0px auto 30px; font-size: 18px; line-height: 1.6; color: #555555; font-style: italic; text-align: left;\">* MARCA<br \/>\u00a0 Leotec<\/p>\n<p>* MODELO<br \/>\u00a0 Smartwatch Wave<\/p>\n<p>* CHIPSET<br \/>\u00a0 RTL8762CK<\/p>\n<p>* DISE\u00d1O<br \/>\u00a0 Forma: Redondo<br \/>\u00a0 Dimensiones: 46,5 x 46,5 x 9,8 mm<br \/>\u00a0 Peso: 42 g<br \/>\u00a0 Resistencia al agua: IP68<br \/>\u00a0 Color: No especificado<\/p>\n<p>* PANTALLA<br \/>\u00a0 Tama\u00f1o: 1.28&#8243;<br \/>\u00a0 Tipo: Full Touch a color<br \/>\u00a0 Resoluci\u00f3n: 240 x 240 p\u00edxeles<\/p>\n<p>* CONECTIVIDAD<br \/>\u00a0 Bluetooth 5.0<br \/>\u00a0 Puerto USB: No<br \/>\u00a0 WiFi: No<br \/>\u00a0 NFC: No<br \/>\u00a0 ANT+: No<br \/>\u00a0 GPS: No<\/p>\n<p>* COMPATIBILIDAD<br \/>\u00a0 Android 5.0 o superior<br \/>\u00a0 iOS 9.0 o superior<\/p>\n<p>* BATER\u00cdA<br \/>\u00a0 Tipo: Recargable<br \/>\u00a0 Capacidad: 200 mAh<\/p>\n<p>* FUNCIONES INTELIGENTES<br \/>\u00a0 Notificaciones con contenido (Whatsapp, Facebook, Twitter, etc.)<br \/>\u00a0 Modo vibraci\u00f3n<br \/>\u00a0 Alarmas<br \/>\u00a0 Recordatorios<br \/>\u00a0 Control remoto de la c\u00e1mara del m\u00f3vil<br \/>\u00a0 Control remoto de la playlist del m\u00f3vil<\/p>\n<p>* FUNCIONES DEPORTIVAS Y SALUD<br \/>\u00a0 Puls\u00f3metro din\u00e1mico 24h<br \/>\u00a0 Ox\u00edmetro (medici\u00f3n de ox\u00edgeno en sangre)<br \/>\u00a0 Modo multisport<br \/>\u00a0 Pod\u00f3metro<br \/>\u00a0 Medidor de calor\u00edas quemadas<br \/>\u00a0 Monitor de sue\u00f1o (an\u00e1lisis de sue\u00f1o profundo y ligero)<\/p>\n<p>* POSICIONAMIENTO DE MERCADO<br \/>\u00a0 Reloj inteligente de uso diario y deportivo<\/p>\n","protected":false},"excerpt":{"rendered":"<p>Smartwatch leotec multisport wave negro<\/p>\n","protected":false},"featured_media":237649,"comment_status":"open","ping_status":"open","template":"","meta":{"_et_pb_use_builder":"","_et_pb_old_content":"","_et_gb_content_width":""},"product_brand":[2350],"product_cat":[2058,3389,2316,2062],"product_tag":[2351,2318,2066],"class_list":{"0":"post-237648","1":"product","2":"type-product","3":"status-publish","4":"has-post-thumbnail","6":"product_brand-leotec-digital-lifestyle","7":"product_cat-dispositivos","8":"product_cat-leotec-digital-lifestyle","9":"product_cat-smartwatches","10":"product_cat-telefonia","11":"product_tag-leotec-digital-lifestyle","12":"product_tag-smartwatches","13":"product_tag-telefonia","14":"pa_canon-digital-0-e-incluida","15":"pa_categoria-telefonia","16":"pa_marca-leotec-digital-lifestyle","17":"pa_peso-3418","18":"pa_ref-dsp0000030343","20":"first","21":"instock","22":"sale","23":"taxable","24":"shipping-taxable","25":"purchasable","26":"product-type-simple"},"_links":{"self":[{"href":"https:\/\/linkxa.es\/linkshop\/wp-json\/wp\/v2\/product\/237648","targetHints":{"allow":["GET"]}}],"collection":[{"href":"https:\/\/linkxa.es\/linkshop\/wp-json\/wp\/v2\/product"}],"about":[{"href":"https:\/\/linkxa.es\/linkshop\/wp-json\/wp\/v2\/types\/product"}],"replies":[{"embeddable":true,"href":"https:\/\/linkxa.es\/linkshop\/wp-json\/wp\/v2\/comments?post=237648"}],"wp:featuredmedia":[{"embeddable":true,"href":"https:\/\/linkxa.es\/linkshop\/wp-json\/wp\/v2\/media\/237649"}],"wp:attachment":[{"href":"https:\/\/linkxa.es\/linkshop\/wp-json\/wp\/v2\/media?parent=237648"}],"wp:term":[{"taxonomy":"product_brand","embeddable":true,"href":"https:\/\/linkxa.es\/linkshop\/wp-json\/wp\/v2\/product_brand?post=237648"},{"taxonomy":"product_cat","embeddable":true,"href":"https:\/\/linkxa.es\/linkshop\/wp-json\/wp\/v2\/product_cat?post=237648"},{"taxonomy":"product_tag","embeddable":true,"href":"https:\/\/linkxa.es\/linkshop\/wp-json\/wp\/v2\/product_tag?post=237648"}],"curies":[{"name":"wp","href":"https:\/\/api.w.org\/{rel}","templated":true}]}}