{"id":237659,"date":"2024-12-16T05:44:55","date_gmt":"2024-12-16T05:44:55","guid":{"rendered":"https:\/\/linkxa.es\/contratacion\/producto\/smartwatch-apple-watch-se-gps-2\/"},"modified":"2025-10-04T01:40:33","modified_gmt":"2025-10-04T01:40:33","slug":"smartwatch-apple-watch-se-gps-2","status":"publish","type":"product","link":"https:\/\/linkxa.es\/linkshop\/producto\/smartwatch-apple-watch-se-gps-2\/","title":{"rendered":"Smartwatch apple watch se gps +"},"content":{"rendered":"<div style=\"text-align: center; margin-bottom: 20px;\">\n<h2 style=\"font-size: 22px; font-weight: 600; margin: 0; color: #333;\">Apple \u00a0|\u00a0 Smartwatches<\/h2>\n<\/div>\n<p style=\"max-width: 700px; margin: 0px auto 30px; font-size: 18px; line-height: 1.6; color: #555555; font-style: italic; text-align: left;\">&#8211; CARACTER\u00cdSTICAS PRINCIPALES<\/p>\n<p>Tipo de producto Reloj inteligente<br \/>Estilo Estilo de reloj<br \/>Pantalla de reloj S\u00ed<br \/>Tecnolog\u00eda de pago Apple Pay<br \/>Tipo de retroalimentaci\u00f3n Alerta sonora, alarma con vibraci\u00f3n, interfaz visual<br \/>Navegaci\u00f3n GPS\/GLONASS\/Galileo\/QZSS receiver<br \/>Compatibilidad con SO del dispositivo anfitri\u00f3n iOS 18 o posterior<br \/>Sistemas operativos WatchOS 11<br \/>Sensores Sensor de luz ambiental, br\u00fajula digital, alt\u00edmetro siempre activo, sensor card\u00edaco \u00f3ptico (2\u00aa gen), aceler\u00f3metro de alta g, giroscopio de alto rango din\u00e1mico<br \/>Caracter\u00edsticas adicionales Detecci\u00f3n de ca\u00eddas, SOS de emergencia, recordatorio de medicaci\u00f3n, llamada de emergencia internacional, detecci\u00f3n de golpes, monitorizaci\u00f3n del ruido, brillo: 1000 nits<br \/>Software precargado GymKit<br \/>Asistente inteligente Siri<br \/>Controlado por voz Directo<br \/>Compatible con IoT S\u00ed<\/p>\n<p>&#8211; AUDIO<\/p>\n<p>Audio salida Altavoz<br \/>Audio entrada Micr\u00f3fono<\/p>\n<p>&#8211; ACTIVIDADES \/ DEPORTES<\/p>\n<p>Actividades compatibles Golf, correr, nataci\u00f3n, ski, ciclismo, senderismo, caminar, yoga, snowboarding, strength training, el\u00edptica, multideporte, baile, pelda\u00f1os, pilates, silla de ruedas, HIIT, remo al aire libre, paddle, m\u00e1quina de remo, enfriamiento, entrenamiento b\u00e1sico, tai chi, kickboxing<\/p>\n<p>&#8211; NOTIFICACIONES<\/p>\n<p>Tipo de notificaciones Calendario, SMS, email, aplicaciones, ritmo card\u00edaco alto y bajo, ritmo irregular, retroceso<\/p>\n<p>&#8211; DATOS DE SEGUIMIENTO<\/p>\n<p>Seguimiento de Distancia, tiempo, calor\u00edas quemadas, actividad, actividad durante el sue\u00f1o, ritmo card\u00edaco, fases del sue\u00f1o, nivel de ruido, ciclo menstrual, mindfulness<\/p>\n<p>&#8211; CONECTIVIDAD<\/p>\n<p>Interfaz inal\u00e1mbrica LTE, IEEE 802.11n, Bluetooth 5.3<br \/>Banda 4G LTE Banda 1, 2, 3, 4, 5, 6, 7, 8, 18, 19, 20, 25, 26, 28, 39, 40, 41, 66<\/p>\n<p>&#8211; CPU<\/p>\n<p>Fabricante Apple<br \/>Tipo S8 SiP<br \/>Caracter\u00edsticas Chip inal\u00e1mbrico W3 Apple, motor neural de 2 n\u00facleos<\/p>\n<p>&#8211; VISUALIZADOR<\/p>\n<p>Tipo Retina LTPO OLED &#8211; color<br \/>Resoluci\u00f3n 368 x 448 p\u00edxeles<br \/>Densidad de p\u00edxeles 326 ppi<br \/>Protecci\u00f3n Cristal Ion-X<\/p>\n<p>&#8211; BATER\u00cdA<\/p>\n<p>Tecnolog\u00eda Ion de litio<br \/>Carga inal\u00e1mbrica S\u00ed<br \/>Bater\u00eda recargable S\u00ed<br \/>Tiempo de ejecuci\u00f3n Uso normal hasta 18 horas<\/p>\n<p>&#8211; DIMENSIONES Y PESO<\/p>\n<p>Peso Solo caja: 33 g<\/p>\n<p>&#8211; CAJA DEL RELOJ INTELIGENTE<\/p>\n<p>Tama\u00f1o de la funda 44 mm<br \/>Forma de la caja Rectangular<br \/>Tipo de corona Digital con retroalimentaci\u00f3n t\u00e1ctil<br \/>Detalles de la caja Aluminio de medianoche<br \/>Parte posterior de la caja Parte trasera de cristal de zafiro y compuesto de nailon<br \/>Material del cuerpo 100 % aluminio reciclado<br \/>Protecci\u00f3n Impermeable<\/p>\n<p>&#8211; BANDA<\/p>\n<p>Tipo de cierre Velcro<br \/>Color Tinta<br \/>Nombre Cinta deportiva<br \/>Compatibilidad de mu\u00f1eca 130-200 mm<br \/>Intercambiable S\u00ed<br \/>Material Nailon suave de doble capa<\/p>\n<p>&#8211; PAR\u00c1METROS DE ENTORNO<\/p>\n<p>Temperatura m\u00ednima de funcionamiento 0 \u00b0C<br \/>Temperatura m\u00e1xima de funcionamiento 35 \u00b0C<br \/>Altitud m\u00e1xima de funcionamiento 3000 m<br \/>Humedad de funcionamiento 5 &#8211; 90 % (sin condensaci\u00f3n)<br \/>Profundidad m\u00e1x. de resistencia al agua 50 m<\/p>\n<p>&#8211; INFORMACI\u00d3N DE SOSTENIBILIDAD<\/p>\n<p>Huella de carbono 0 kg de emisiones de carbono<br \/>Cumplimiento de normas Sin BFR, PVC-free, Beryllium-free, sin mercurio, sin ars\u00e9nico<\/p>\n<p>&#8211; GARANT\u00cdA<\/p>\n<p>Garant\u00eda 1 a\u00f1o de garant\u00eda<\/p>\n<p>&#8211; ACCESORIOS INCLUIDOS<\/p>\n<p>Cargador magn\u00e9tico con cable USB-C (1 m)<\/p>\n<p>&#8211; SEGURIDAD<\/p>\n<p>Alerta vibratoria S\u00ed<\/p>\n<p>&#8211; TASAS DE ABSORCI\u00d3N ESPEC\u00cdFICA (SAR)<\/p>\n<p>SAR cabeza 0.27 W\/kg<br \/>SAR extremidad 1.96 W\/kg<\/p>\n","protected":false},"excerpt":{"rendered":"<p>Smartwatch apple watch se gps + cell 44mm midnight aluminium blue sport loop<\/p>\n","protected":false},"featured_media":237660,"comment_status":"open","ping_status":"open","template":"","meta":{"_et_pb_use_builder":"","_et_pb_old_content":"","_et_gb_content_width":""},"product_brand":[2061],"product_cat":[3448,2058,2316,2062],"product_tag":[2064,2318,2066],"class_list":{"0":"post-237659","1":"product","2":"type-product","3":"status-publish","4":"has-post-thumbnail","6":"product_brand-apple","7":"product_cat-apple","8":"product_cat-dispositivos","9":"product_cat-smartwatches","10":"product_cat-telefonia","11":"product_tag-apple","12":"product_tag-smartwatches","13":"product_tag-telefonia","14":"pa_canon-digital-25-e-incluida","15":"pa_categoria-telefonia","16":"pa_marca-apple","17":"pa_peso-3372","18":"pa_ref-dsp0000030686","20":"first","21":"instock","22":"sale","23":"taxable","24":"shipping-taxable","25":"purchasable","26":"product-type-simple"},"_links":{"self":[{"href":"https:\/\/linkxa.es\/linkshop\/wp-json\/wp\/v2\/product\/237659","targetHints":{"allow":["GET"]}}],"collection":[{"href":"https:\/\/linkxa.es\/linkshop\/wp-json\/wp\/v2\/product"}],"about":[{"href":"https:\/\/linkxa.es\/linkshop\/wp-json\/wp\/v2\/types\/product"}],"replies":[{"embeddable":true,"href":"https:\/\/linkxa.es\/linkshop\/wp-json\/wp\/v2\/comments?post=237659"}],"wp:featuredmedia":[{"embeddable":true,"href":"https:\/\/linkxa.es\/linkshop\/wp-json\/wp\/v2\/media\/237660"}],"wp:attachment":[{"href":"https:\/\/linkxa.es\/linkshop\/wp-json\/wp\/v2\/media?parent=237659"}],"wp:term":[{"taxonomy":"product_brand","embeddable":true,"href":"https:\/\/linkxa.es\/linkshop\/wp-json\/wp\/v2\/product_brand?post=237659"},{"taxonomy":"product_cat","embeddable":true,"href":"https:\/\/linkxa.es\/linkshop\/wp-json\/wp\/v2\/product_cat?post=237659"},{"taxonomy":"product_tag","embeddable":true,"href":"https:\/\/linkxa.es\/linkshop\/wp-json\/wp\/v2\/product_tag?post=237659"}],"curies":[{"name":"wp","href":"https:\/\/api.w.org\/{rel}","templated":true}]}}