{"id":237672,"date":"2025-04-11T10:41:25","date_gmt":"2025-04-11T10:41:25","guid":{"rendered":"https:\/\/linkxa.es\/contratacion\/producto\/smartwatch-spc-smartee-4g-junior-1-2-pulgadas-4\/"},"modified":"2025-10-04T01:43:36","modified_gmt":"2025-10-04T01:43:36","slug":"smartwatch-spc-smartee-4g-junior-1-2-pulgadas-4","status":"publish","type":"product","link":"https:\/\/linkxa.es\/linkshop\/producto\/smartwatch-spc-smartee-4g-junior-1-2-pulgadas-4\/","title":{"rendered":"Smartwatch spc smartee 4g junior 1.2 pulgadas"},"content":{"rendered":"<div style=\"text-align: center; margin-bottom: 20px;\">\n<h2 style=\"font-size: 22px; font-weight: 600; margin: 0; color: #333;\">Spc \u00a0|\u00a0 Smartwatches<\/h2>\n<\/div>\n<p style=\"max-width: 700px; margin: 0px auto 30px; font-size: 18px; line-height: 1.6; color: #555555; font-style: italic; text-align: left;\">&#8211; PRODUCTO<\/p>\n<p>Reloj inteligente infantil SPC Smartee 4G Junior 1.2&#8243; \u0096 Verde y Negro<\/p>\n<p>&#8211; MODELO<\/p>\n<p>9643VF<\/p>\n<p>&#8211; DIMENSIONES Y PESO<\/p>\n<p>Dimensiones: 47 x 47 x 14 mm\u00a0<br \/>Peso: 46 g\u00a0<\/p>\n<p>&#8211; PANTALLA<\/p>\n<p>Tama\u00f1o: 1.2&#8243;\u00a0<br \/>Tipo de panel: TFT IPS\u00a0<br \/>Resoluci\u00f3n: 240 x 240 px\u00a0<\/p>\n<p>&#8211; MEMORIA<\/p>\n<p>RAM: 48 MB\u00a0<br \/>ROM: 128 MB\u00a0<\/p>\n<p>&#8211; C\u00c1MARA<\/p>\n<p>Resoluci\u00f3n: 0,3 MP\u00a0<\/p>\n<p>&#8211; CONECTIVIDAD Y REDES<\/p>\n<p>Redes compatibles:\u00a0<br \/>2G: 900 \/ 1800 MHz\u00a0<br \/>3G: B1 \/ B8\u00a0<br \/>4G: B1 \/ B3 \/ B7 \/ B8 \/ B20\u00a0<\/p>\n<p>&#8211; FUNCIONALIDADES<\/p>\n<p>Llamadas y videollamadas\u00a0<br \/>Localizaci\u00f3n GPS\u00a0<br \/>Llamada SOS\u00a0<br \/>Zonas de seguridad\u00a0<br \/>Modo colegio\u00a0<br \/>Contador de pasos\u00a0<br \/>Monitorizaci\u00f3n de actividad\u00a0<br \/>Alarma\u00a0<\/p>\n<p>&#8211; RESISTENCIA<\/p>\n<p>Clasificaci\u00f3n IP68: Resistente al agua\u00a0<\/p>\n<p>&#8211; BATER\u00cdA Y CARGA<\/p>\n<p>Capacidad: 570 mAh\u00a0<br \/>Autonom\u00eda en uso t\u00edpico: 2,5 d\u00edas\u00a0<br \/>Autonom\u00eda en uso intensivo: 2 d\u00edas\u00a0<br \/>Autonom\u00eda en modo ahorro: 3,5 d\u00edas\u00a0<br \/>M\u00e9todo de carga: Cable de carga magn\u00e9tico\u00a0<\/p>\n<p>&#8211; COMPATIBILIDAD Y APLICACI\u00d3N<\/p>\n<p>App: Smart Clan\u00a0<br \/>Compatible con: Android \/ iOS\u00a0<\/p>\n<p>&#8211; CONTENIDO DEL EMBALAJE<\/p>\n<p>Reloj SPC Smartee 4G Junior\u00a0<br \/>Correa adicional\u00a0<br \/>Cable de carga magn\u00e9tico\u00a0<br \/>Gu\u00eda de usuario\u00a0<\/p>\n","protected":false},"excerpt":{"rendered":"<p>Smartwatch spc smartee 4g junior 1.2 pulgadas verde + funda negra<\/p>\n","protected":false},"featured_media":237673,"comment_status":"open","ping_status":"open","template":"","meta":{"_et_pb_use_builder":"","_et_pb_old_content":"","_et_gb_content_width":""},"product_brand":[2127],"product_cat":[2058,2316,3403,2062],"product_tag":[2318,2128,2066],"class_list":{"0":"post-237672","1":"product","2":"type-product","3":"status-publish","4":"has-post-thumbnail","6":"product_brand-spc","7":"product_cat-dispositivos","8":"product_cat-smartwatches","9":"product_cat-spc","10":"product_cat-telefonia","11":"product_tag-smartwatches","12":"product_tag-spc","13":"product_tag-telefonia","14":"pa_canon-digital-25-e-incluida","15":"pa_categoria-telefonia","16":"pa_marca-spc","17":"pa_peso-3402","18":"pa_ref-dsp0000030713","20":"first","21":"instock","22":"sale","23":"taxable","24":"shipping-taxable","25":"purchasable","26":"product-type-simple"},"_links":{"self":[{"href":"https:\/\/linkxa.es\/linkshop\/wp-json\/wp\/v2\/product\/237672","targetHints":{"allow":["GET"]}}],"collection":[{"href":"https:\/\/linkxa.es\/linkshop\/wp-json\/wp\/v2\/product"}],"about":[{"href":"https:\/\/linkxa.es\/linkshop\/wp-json\/wp\/v2\/types\/product"}],"replies":[{"embeddable":true,"href":"https:\/\/linkxa.es\/linkshop\/wp-json\/wp\/v2\/comments?post=237672"}],"wp:featuredmedia":[{"embeddable":true,"href":"https:\/\/linkxa.es\/linkshop\/wp-json\/wp\/v2\/media\/237673"}],"wp:attachment":[{"href":"https:\/\/linkxa.es\/linkshop\/wp-json\/wp\/v2\/media?parent=237672"}],"wp:term":[{"taxonomy":"product_brand","embeddable":true,"href":"https:\/\/linkxa.es\/linkshop\/wp-json\/wp\/v2\/product_brand?post=237672"},{"taxonomy":"product_cat","embeddable":true,"href":"https:\/\/linkxa.es\/linkshop\/wp-json\/wp\/v2\/product_cat?post=237672"},{"taxonomy":"product_tag","embeddable":true,"href":"https:\/\/linkxa.es\/linkshop\/wp-json\/wp\/v2\/product_tag?post=237672"}],"curies":[{"name":"wp","href":"https:\/\/api.w.org\/{rel}","templated":true}]}}