{"id":238316,"date":"2025-03-10T22:09:29","date_gmt":"2025-03-10T22:09:29","guid":{"rendered":"https:\/\/linkxa.es\/contratacion\/producto\/tv-chiq-led-43-pulgadas-u43g7lx-4k-2\/"},"modified":"2025-10-09T13:50:10","modified_gmt":"2025-10-09T13:50:10","slug":"tv-chiq-led-43-pulgadas-u43g7lx-4k-2","status":"publish","type":"product","link":"https:\/\/linkxa.es\/linkshop\/producto\/tv-chiq-led-43-pulgadas-u43g7lx-4k-2\/","title":{"rendered":"Tv chiq led 43 pulgadas u43g7lx 4k"},"content":{"rendered":"<div style=\"text-align: center; margin-bottom: 20px;\">\n<h2 style=\"font-size: 22px; font-weight: 600; margin: 0; color: #333;\">Chiq \u00a0|\u00a0 Television<\/h2>\n<\/div>\n<p style=\"max-width: 700px; margin: 0px auto 30px; font-size: 18px; line-height: 1.6; color: #555555; font-style: italic; text-align: left;\">Screen Diagonal<br \/>Bildschirmdiagonale 43\/108cm<br \/>Aspect Ratio<br \/>Bildformat 16:9<br \/>Resolution<br \/>Auflsung 3840&#215;2160 (UHD)<br \/>Luminance<br \/>Helligkeit 250 cd\/m2<br \/>Contrast<br \/>Kontrast 5000:1<br \/>Display Color<br \/>Anzeigefarben 1.07G<br \/>Screen View Angle<br \/>Betrachtungswinkel 170\/170<br \/>Response Time<br \/>Reaktionszeit 9.5ms<br \/>HDR Dolby vision \/ HDR10<br \/>Video Color System PAL\/SECAM<br \/>TV System PAL\/SECAM, DVB-T\/T2\/C\/S<br \/>Audio Output 2&#215;8 Watt<br \/>Dimensions with stand<br \/>Abmessungen mit Gertefu 963x229x615 mm<br \/>Dimensions without stand<br \/>Abmessungen ohne Gertefu 963x82x567 mm<br \/>Packaging<br \/>Verpackung 1055x120x629 mm<br \/>Net \/ Gross Weight<br \/>Netto \/ Brutto Gewicht 6.9\/8.9 kg<br \/>Hole Distance<br \/>Lochabstand 200 x 200 mm<\/p>\n<p>&#8211; Televisor (led) con pantalla de 43 pulgadas, negro, dise\u00f1o sin marco. Dimensiones sin soporte: 96,3 x 56,7 x 8,1 cm, con soporte: 96,3 x 61,7 x 18,0 cm.<\/p>\n<p>&#8211; Resoluci\u00f3n: 4K, 3840 x 2160 p\u00edxeles (Ultra HD), PSI 900, HDR 10\/HLG, con un rango din\u00e1mico y detalles de imagen m\u00e1s importantes y una experiencia visual m\u00e1s realista y activa.<\/p>\n<p>&#8211; Recepci\u00f3n: Android TV, Triple Sintonizador, DVB-T\/T2\/T2-HD\/C\/S\/S2, CI+, 3 conexiones HDMI (ARC\/CEC), 2 puertos USB, 1 entrada AV, 1 salida de audio digital (\u00f3ptico), 1 conexi\u00f3n de tel\u00e9fono, 1 conexi\u00f3n ANT RF, 1 conexi\u00f3n LNB,1 LAN, WLAN, Bluetooth 5.0.<\/p>\n<p>&#8211; Android 11 TV , procesador de cuatro n\u00facleos, HDR (HDR10, HLG), Dolby Vision, Dolby Audio, Asistente de Google, Google Play, Google Music, Google Game, Amazon Prime Video, Netflix, YouTube, Disney+, navegador web, Bluetooth, Chromecast, pantallas m\u00faltiples, mando a distancia (bot\u00f3n de Netflix, Amazon Prime Video, YouTube), Dise\u00f1o sin marco.<\/p>\n","protected":false},"excerpt":{"rendered":"<p>Tv chiq led 43 pulgadas u43g7lx 4k android tv hdmi usb smart tv<\/p>\n","protected":false},"featured_media":238145,"comment_status":"open","ping_status":"open","template":"","meta":{"_et_pb_use_builder":"","_et_pb_old_content":"","_et_gb_content_width":""},"product_brand":[3547],"product_cat":[3627,2058,2643,2780],"product_tag":[3549,2646,1465],"class_list":{"0":"post-238316","1":"product","2":"type-product","3":"status-publish","4":"has-post-thumbnail","6":"product_brand-chiq","7":"product_cat-chiq-television","8":"product_cat-dispositivos","9":"product_cat-monitores-y-tv","10":"product_cat-television","11":"product_tag-chiq","12":"product_tag-monitores-y-tv","13":"product_tag-television","14":"pa_canon-digital-0-e-incluida","15":"pa_categoria-monitores-y-tv","16":"pa_marca-chiq","17":"pa_peso-3546","18":"pa_ref-mgs0000023442","20":"first","21":"instock","22":"sale","23":"taxable","24":"shipping-taxable","25":"purchasable","26":"product-type-simple"},"_links":{"self":[{"href":"https:\/\/linkxa.es\/linkshop\/wp-json\/wp\/v2\/product\/238316","targetHints":{"allow":["GET"]}}],"collection":[{"href":"https:\/\/linkxa.es\/linkshop\/wp-json\/wp\/v2\/product"}],"about":[{"href":"https:\/\/linkxa.es\/linkshop\/wp-json\/wp\/v2\/types\/product"}],"replies":[{"embeddable":true,"href":"https:\/\/linkxa.es\/linkshop\/wp-json\/wp\/v2\/comments?post=238316"}],"wp:featuredmedia":[{"embeddable":true,"href":"https:\/\/linkxa.es\/linkshop\/wp-json\/wp\/v2\/media\/238145"}],"wp:attachment":[{"href":"https:\/\/linkxa.es\/linkshop\/wp-json\/wp\/v2\/media?parent=238316"}],"wp:term":[{"taxonomy":"product_brand","embeddable":true,"href":"https:\/\/linkxa.es\/linkshop\/wp-json\/wp\/v2\/product_brand?post=238316"},{"taxonomy":"product_cat","embeddable":true,"href":"https:\/\/linkxa.es\/linkshop\/wp-json\/wp\/v2\/product_cat?post=238316"},{"taxonomy":"product_tag","embeddable":true,"href":"https:\/\/linkxa.es\/linkshop\/wp-json\/wp\/v2\/product_tag?post=238316"}],"curies":[{"name":"wp","href":"https:\/\/api.w.org\/{rel}","templated":true}]}}