{"id":238409,"date":"2024-12-04T20:36:13","date_gmt":"2024-12-04T20:36:13","guid":{"rendered":"https:\/\/linkxa.es\/contratacion\/producto\/monitor-asus-zenscreen-mb165b-15-6-pulgadas-10ms\/"},"modified":"2025-10-09T18:36:34","modified_gmt":"2025-10-09T18:36:34","slug":"monitor-asus-zenscreen-mb165b-15-6-pulgadas-10ms","status":"publish","type":"product","link":"https:\/\/linkxa.es\/linkshop\/producto\/monitor-asus-zenscreen-mb165b-15-6-pulgadas-10ms\/","title":{"rendered":"Monitor asus zenscreen mb165b 15.6 pulgadas 10ms"},"content":{"rendered":"<div style=\"text-align: center; margin-bottom: 20px;\">\n<h2 style=\"font-size: 22px; font-weight: 600; margin: 0; color: #333;\">Asus \u00a0|\u00a0 Monitores<\/h2>\n<\/div>\n<p style=\"max-width: 700px; margin: 0px auto 30px; font-size: 18px; line-height: 1.6; color: #555555; font-style: italic; text-align: left;\">ASUS ZenScreen MB165B. Diagonal de la pantalla: 39,6 cm (15.6&#8243;), Resoluci\u00f3n de la pantalla: 1366 x 768 Pixeles, Tipo HD: WXGA, Tecnolog\u00eda de visualizaci\u00f3n: LCD, Tiempo de respuesta: 10 ms, Relaci\u00f3n de aspecto<br \/>nativa: 16:9, \u00c1ngulo de visi\u00f3n, horizontal: 90\u00b0, \u00c1ngulo de visi\u00f3n, vertical: 65\u00b0. Color del producto: Negro<\/p>\n<p>Monitor<br \/>Tama\u00f1o del panel (pulgadas):15.6<br \/>Relaci\u00f3n de aspecto:16:09<br \/>\u00c1rea de visualizaci\u00f3n de la pantalla (H x V):344.23*193.54mm<br \/>Superficie de visualizaci\u00f3n:Non-Glare<br \/>Tipo de luz de fondo:LED<br \/>Tipo de panel:TN<br \/>\u00c1ngulo de visi\u00f3n (CR 10, H \/ V):90\u00b0\/65\u00b0<br \/>Tama\u00f1o de p\u00edxel :0,252 mm<br \/>Resoluci\u00f3n :1366 x 768 (WXGA)<br \/>Espacio de color (Adobe RGB):TBD<br \/>Color Space (DCI-P3) : TBD<br \/>Espacio de color (Rec. 2020):TBD<br \/>Brillo (t\u00edpico):220cd\/<br \/>Relaci\u00f3n de contraste (t\u00edpico):500:01:00<br \/>Colores de pantalla:260K<br \/>Tiempo de respuesta :10 ms (Tr + Tf)<br \/>Frecuencia de actualizaci\u00f3n (m\u00e1x.):Tipo 60 Hz<br \/>Vidrio de protecci\u00f3n:No<br \/>Sin destellos :No<br \/>Caracter\u00edstica de video<br \/>Tecnologia SPLENDID:S\u00ed<br \/>HDCP : Yes<br \/>Impulso oscuro:S\u00ed<br \/>Widget de visualizaci\u00f3n:S\u00ed, DisplayWidget Lite<br \/>Caracter\u00edstica de audio<br \/>Altavoz:No<br \/>Puertos I\/O<br \/>USB 3.2 (Signal) : x 1<br \/>El consumo de energ\u00eda<br \/>El consumo de energ\u00eda :4.88 W<br \/>Modo de ahorro de energ\u00eda :&#038;lt,0.5W<br \/>Modo apagado:&#038;lt, 0,5 W<br \/>Voltaje :100-240 V, 50\/60 Hz<br \/>Dise\u00f1o mecanico<br \/>Inclinaci\u00f3n:No<br \/>Ajuste de altura :No<br \/>1\/4&#8243; Tripod Socket : Yes<br \/>Dimensiones (Esti.)<br \/>Dimensi\u00f3n sin soporte (Anchura x Altura x Profundidad) :360.14*225.64*11.8mm<br \/>Dimensi\u00f3n de la caja (Anchura x Altura x Profundidad) :434 x 290 x 76 mm<br \/>Peso (Esti.)<br \/>Peso neto sin soporte:780g<br \/>Peso bruto :1.65kg<br \/>Accesorios (var\u00edan seg\u00fan la regi\u00f3n)<br \/>Gu\u00eda de inicio r\u00e1pido<br \/>USB 3.2 cable<br \/>Tarjeta de garant\u00eda<br \/>Funda ZenScreen<\/p>\n","protected":false},"excerpt":{"rendered":"<p>Monitor asus zenscreen mb165b 15.6 pulgadas 10ms 1366 x 768 usb<\/p>\n","protected":false},"featured_media":238410,"comment_status":"open","ping_status":"open","template":"","meta":{"_et_pb_use_builder":"","_et_pb_old_content":"","_et_gb_content_width":""},"product_brand":[2566],"product_cat":[3659,2058,2644,2643],"product_tag":[2567,2647,2646],"class_list":{"0":"post-238409","1":"product","2":"type-product","3":"status-publish","4":"has-post-thumbnail","6":"product_brand-asus","7":"product_cat-asus","8":"product_cat-dispositivos","9":"product_cat-monitores","10":"product_cat-monitores-y-tv","11":"product_tag-asus","12":"product_tag-monitores","13":"product_tag-monitores-y-tv","14":"pa_canon-digital-0-e-incluida","15":"pa_categoria-monitores-y-tv","16":"pa_marca-asus","17":"pa_peso-3664","18":"pa_ref-mgs0000015324","20":"first","21":"instock","22":"sale","23":"taxable","24":"shipping-taxable","25":"purchasable","26":"product-type-simple"},"_links":{"self":[{"href":"https:\/\/linkxa.es\/linkshop\/wp-json\/wp\/v2\/product\/238409","targetHints":{"allow":["GET"]}}],"collection":[{"href":"https:\/\/linkxa.es\/linkshop\/wp-json\/wp\/v2\/product"}],"about":[{"href":"https:\/\/linkxa.es\/linkshop\/wp-json\/wp\/v2\/types\/product"}],"replies":[{"embeddable":true,"href":"https:\/\/linkxa.es\/linkshop\/wp-json\/wp\/v2\/comments?post=238409"}],"wp:featuredmedia":[{"embeddable":true,"href":"https:\/\/linkxa.es\/linkshop\/wp-json\/wp\/v2\/media\/238410"}],"wp:attachment":[{"href":"https:\/\/linkxa.es\/linkshop\/wp-json\/wp\/v2\/media?parent=238409"}],"wp:term":[{"taxonomy":"product_brand","embeddable":true,"href":"https:\/\/linkxa.es\/linkshop\/wp-json\/wp\/v2\/product_brand?post=238409"},{"taxonomy":"product_cat","embeddable":true,"href":"https:\/\/linkxa.es\/linkshop\/wp-json\/wp\/v2\/product_cat?post=238409"},{"taxonomy":"product_tag","embeddable":true,"href":"https:\/\/linkxa.es\/linkshop\/wp-json\/wp\/v2\/product_tag?post=238409"}],"curies":[{"name":"wp","href":"https:\/\/api.w.org\/{rel}","templated":true}]}}