{"id":238459,"date":"2025-02-07T06:36:15","date_gmt":"2025-02-07T06:36:15","guid":{"rendered":"https:\/\/linkxa.es\/contratacion\/producto\/monitor-led-ips-lg-24ba650-23-8-pulgadas\/"},"modified":"2025-10-09T18:51:18","modified_gmt":"2025-10-09T18:51:18","slug":"monitor-led-ips-lg-24ba650-23-8-pulgadas","status":"publish","type":"product","link":"https:\/\/linkxa.es\/linkshop\/producto\/monitor-led-ips-lg-24ba650-23-8-pulgadas\/","title":{"rendered":"Monitor led ips lg 24ba650 23.8 pulgadas"},"content":{"rendered":"<div style=\"text-align: center; margin-bottom: 20px;\">\n<h2 style=\"font-size: 22px; font-weight: 600; margin: 0; color: #333;\">Lg \u00a0|\u00a0 Monitores<\/h2>\n<\/div>\n<p style=\"max-width: 700px; margin: 0px auto 30px; font-size: 18px; line-height: 1.6; color: #555555; font-style: italic; text-align: left;\">Tama\u00f1o (pulgadas) 23.8Tama\u00f1o (cm) 60.4<br \/>Resoluci\u00f3n 1920 x 1080Tipo de panel IPS<br \/>Relaci\u00f3n de aspecto 16:9Paso de p\u00edxeles [mm] 0,2745 x 0,2745<br \/>Brillo (m\u00edn.) [cd\/m] 200Brillo (t\u00edpico) [cd\/m] 250<br \/>Gama de colores (m\u00edn.) sRGB 90%Gama de colores (t\u00edp.) sRGB 99 % (CIE1931)<br \/>Profundidad de color (n\u00famero de colores) 16,7 millonesBit de color 8 bits (6 bits + FRC)<br \/>Relaci\u00f3n de contraste (m\u00edn.) 910:1Relaci\u00f3n de contraste (t\u00edp.) 1300:1<br \/>Tiempo de respuesta 5 ms (GtG en Faster)Frecuencia de actualizaci\u00f3n (m\u00e1x.) [Hz] 100<br \/>\u00c1ngulo de visi\u00f3n (CR10) 178\u00ba (derecha\/izquierda), 178\u00ba (superior\/profundidad)Tratamiento de superficies Antideslumbrante<\/p>\n","protected":false},"excerpt":{"rendered":"<p>Monitor led ips lg 24ba650 23.8 pulgadas 1920 x 1080 5ms hdmi displayport usb &#8211; c altavoces reg. altura<\/p>\n","protected":false},"featured_media":238460,"comment_status":"open","ping_status":"open","template":"","meta":{"_et_pb_use_builder":"","_et_pb_old_content":"","_et_gb_content_width":""},"product_brand":[2648],"product_cat":[2058,3635,2644,2643],"product_tag":[2649,2647,2646],"class_list":{"0":"post-238459","1":"product","2":"type-product","3":"status-publish","4":"has-post-thumbnail","6":"product_brand-lg","7":"product_cat-dispositivos","8":"product_cat-lg","9":"product_cat-monitores","10":"product_cat-monitores-y-tv","11":"product_tag-lg","12":"product_tag-monitores","13":"product_tag-monitores-y-tv","14":"pa_canon-digital-0-e-incluida","15":"pa_categoria-monitores-y-tv","16":"pa_marca-lg","17":"pa_peso-3688","18":"pa_ref-mgs0000024307","20":"first","21":"instock","22":"sale","23":"taxable","24":"shipping-taxable","25":"purchasable","26":"product-type-simple"},"_links":{"self":[{"href":"https:\/\/linkxa.es\/linkshop\/wp-json\/wp\/v2\/product\/238459","targetHints":{"allow":["GET"]}}],"collection":[{"href":"https:\/\/linkxa.es\/linkshop\/wp-json\/wp\/v2\/product"}],"about":[{"href":"https:\/\/linkxa.es\/linkshop\/wp-json\/wp\/v2\/types\/product"}],"replies":[{"embeddable":true,"href":"https:\/\/linkxa.es\/linkshop\/wp-json\/wp\/v2\/comments?post=238459"}],"wp:featuredmedia":[{"embeddable":true,"href":"https:\/\/linkxa.es\/linkshop\/wp-json\/wp\/v2\/media\/238460"}],"wp:attachment":[{"href":"https:\/\/linkxa.es\/linkshop\/wp-json\/wp\/v2\/media?parent=238459"}],"wp:term":[{"taxonomy":"product_brand","embeddable":true,"href":"https:\/\/linkxa.es\/linkshop\/wp-json\/wp\/v2\/product_brand?post=238459"},{"taxonomy":"product_cat","embeddable":true,"href":"https:\/\/linkxa.es\/linkshop\/wp-json\/wp\/v2\/product_cat?post=238459"},{"taxonomy":"product_tag","embeddable":true,"href":"https:\/\/linkxa.es\/linkshop\/wp-json\/wp\/v2\/product_tag?post=238459"}],"curies":[{"name":"wp","href":"https:\/\/api.w.org\/{rel}","templated":true}]}}