{"id":238511,"date":"2025-06-07T12:04:51","date_gmt":"2025-06-07T12:04:51","guid":{"rendered":"https:\/\/linkxa.es\/contratacion\/producto\/monitor-led-ips-lg-27us500-27-pulgadas\/"},"modified":"2025-10-09T19:04:54","modified_gmt":"2025-10-09T19:04:54","slug":"monitor-led-ips-lg-27us500-27-pulgadas","status":"publish","type":"product","link":"https:\/\/linkxa.es\/linkshop\/producto\/monitor-led-ips-lg-27us500-27-pulgadas\/","title":{"rendered":"Monitor led ips lg 27us500 27 pulgadas"},"content":{"rendered":"<div style=\"text-align: center; margin-bottom: 20px;\">\n<h2 style=\"font-size: 22px; font-weight: 600; margin: 0; color: #333;\">Lg \u00a0|\u00a0 Monitores<\/h2>\n<\/div>\n<p style=\"max-width: 700px; margin: 0px auto 30px; font-size: 18px; line-height: 1.6; color: #555555; font-style: italic; text-align: left;\">Exhibici\u00f3n<br \/>Diagonal de la pantalla<br \/>Size of the display for this product<br \/>68,6 cm (27&#8243;)<br \/>Resoluci\u00f3n de la pantalla<br \/>Resolution of the display for the system<br \/>3840 x 2160 Pixeles<br \/>Tipo HD<br \/>Type of supported High Definition (e.g. Full HD, 4K Ultra HD).<br \/>4K Ultra HD<br \/>Relaci\u00f3n de aspecto nativa<br \/>16:9<br \/>Tecnolog\u00eda de visualizaci\u00f3n<br \/>LCD<br \/>Tipo de pantalla\u00a0IPS<br \/>Brillo de la pantalla (t\u00edpico)<br \/>300 cd \/ m\u00b2<br \/>Tiempo de respuesta<br \/>5 ms<br \/>Pantalla antirreflectante<br \/>Siempre le proporciona una visi\u00f3n inmejorable, incluso con luz solar directa.<br \/>Forma de la pantalla\u00a0Plana<br \/>Raz\u00f3n de contraste (t\u00edpica)<br \/>1000:1<br \/>M\u00e1xima velocidad de actualizaci\u00f3n\u00a060 Hz<br \/>\u00c1ngulo de visi\u00f3n, horizontal<br \/>178\u00b0<br \/>\u00c1ngulo de visi\u00f3n, vertical<br \/>178\u00b0<br \/>N\u00famero de colores de la pantalla\u00a01,07 billones de colores<br \/>Tama\u00f1o de pixel<br \/>0,1554 x 0,1554 mm<br \/>Alto Rango Din\u00e1mico (HDR)\u00a0<br \/>Tecnolog\u00eda HDR (High Dynamic Range, Alto rango din\u00e1mico)\u00a0High Dynamic Range 10 (HDR10)<br \/>Gama de colores est\u00e1ndar\u00a0DCI-P3<br \/>Gama de colores\u00a090%<br \/>Desempe\u00f1o<br \/>Tecnolog\u00eda Flicker free (reduce el parpadeo de la pantalla)<br \/>Dise\u00f1o<br \/>Posicionamiento de mercado<br \/>Hogar<br \/>Color del producto<br \/>Blanco<br \/>Dise\u00f1o sin marco\u00a0<br \/>Color de pies<br \/>Blanco<br \/>Puertos e Interfaces<br \/>HDMI<br \/>N\u00famero de puertos HDMI<br \/>2<br \/>Puertos e Interfaces<br \/>Cantidad de DisplayPorts<br \/>1<br \/>Versi\u00f3n de DisplayPort\u00a01.4<br \/>Salida de auriculares<br \/>Ergonom\u00eda<br \/>montaje VESA\u00a0<br \/>Interfaz de panel de montaje<br \/>100 x 100 mm<br \/>Ajuste de la inclinaci\u00f3n<br \/>\u00c1ngulo de inclinaci\u00f3n\u00a0-5 &#8211; 15\u00b0<br \/>Exhibici\u00f3n en pantalla (OSD)\u00a0<br \/>Control de energ\u00eda<br \/>Clase de eficiencia energ\u00e9tica (SDR)\u00a0F<br \/>Clase de eficiencia energ\u00e9tica (HDR)\u00a0G<br \/>Consumo de energ\u00eda (SDR) por 1000 horas\u00a026 kWh<br \/>Consumo de energ\u00eda (HDR) por 1000 horas\u00a034 kWh<br \/>Consumo de energ\u00eda (inactivo)<br \/>0,5 W<br \/>Consumo de energ\u00eda (apagado)\u00a00,3 W<br \/>Voltaje de entrada AC<br \/>100 &#8211; 240 V<br \/>Tipo de fuente de alimentaci\u00f3n<br \/>Externo<br \/>Escala de eficiencia energ\u00e9tica\u00a0De la A a la G<br \/>Peso y dimensiones<br \/>Ancho del dispositivo (con soporte)\u00a0613,5 mm<br \/>Profundidad dispositivo (con soporte)\u00a0214,9 mm<br \/>Altura del dispositivo (con soporte)\u00a0454,7 mm<br \/>Peso (con soporte)\u00a05,5 kg<br \/>Ancho (sin base)\u00a0613,5 mm<br \/>Profundidad (sin base)\u00a045,4 mm<br \/>Altura (sin base)\u00a0363,5 mm<br \/>Empaquetado<br \/>Peso del paquete<br \/>7,3 kg<br \/>Contenido del embalaje<br \/>Stand incluido\u00a0<br \/>Cables incluidos\u00a0HDMI<br \/>Adaptador de corriente incluido\u00a0<br \/>Gu\u00eda de configuraci\u00f3n r\u00e1pida<br \/>Instructions<br \/>Otras caracter\u00edsticas<br \/>Tecnolog\u00edas espec\u00edficas\u00a0Black Stabilizer<\/p>\n","protected":false},"excerpt":{"rendered":"<p>Monitor led ips lg 27us500 27 pulgadas 3840 x 2160 5ms hdmi displayport<\/p>\n","protected":false},"featured_media":238512,"comment_status":"open","ping_status":"open","template":"","meta":{"_et_pb_use_builder":"","_et_pb_old_content":"","_et_gb_content_width":""},"product_brand":[2648],"product_cat":[2058,3635,2644,2643],"product_tag":[2649,2647,2646],"class_list":{"0":"post-238511","1":"product","2":"type-product","3":"status-publish","4":"has-post-thumbnail","6":"product_brand-lg","7":"product_cat-dispositivos","8":"product_cat-lg","9":"product_cat-monitores","10":"product_cat-monitores-y-tv","11":"product_tag-lg","12":"product_tag-monitores","13":"product_tag-monitores-y-tv","14":"pa_canon-digital-0-e-incluida","15":"pa_categoria-monitores-y-tv","16":"pa_marca-lg","17":"pa_peso-3709","18":"pa_ref-mgs0000025047","20":"first","21":"instock","22":"sale","23":"taxable","24":"shipping-taxable","25":"purchasable","26":"product-type-simple"},"_links":{"self":[{"href":"https:\/\/linkxa.es\/linkshop\/wp-json\/wp\/v2\/product\/238511","targetHints":{"allow":["GET"]}}],"collection":[{"href":"https:\/\/linkxa.es\/linkshop\/wp-json\/wp\/v2\/product"}],"about":[{"href":"https:\/\/linkxa.es\/linkshop\/wp-json\/wp\/v2\/types\/product"}],"replies":[{"embeddable":true,"href":"https:\/\/linkxa.es\/linkshop\/wp-json\/wp\/v2\/comments?post=238511"}],"wp:featuredmedia":[{"embeddable":true,"href":"https:\/\/linkxa.es\/linkshop\/wp-json\/wp\/v2\/media\/238512"}],"wp:attachment":[{"href":"https:\/\/linkxa.es\/linkshop\/wp-json\/wp\/v2\/media?parent=238511"}],"wp:term":[{"taxonomy":"product_brand","embeddable":true,"href":"https:\/\/linkxa.es\/linkshop\/wp-json\/wp\/v2\/product_brand?post=238511"},{"taxonomy":"product_cat","embeddable":true,"href":"https:\/\/linkxa.es\/linkshop\/wp-json\/wp\/v2\/product_cat?post=238511"},{"taxonomy":"product_tag","embeddable":true,"href":"https:\/\/linkxa.es\/linkshop\/wp-json\/wp\/v2\/product_tag?post=238511"}],"curies":[{"name":"wp","href":"https:\/\/api.w.org\/{rel}","templated":true}]}}