{"id":238798,"date":"2025-01-29T09:15:26","date_gmt":"2025-01-29T09:15:26","guid":{"rendered":"https:\/\/linkxa.es\/contratacion\/producto\/monitor-gaming-dahua-dhi-lm27-e231-27-pulgadas-fhd\/"},"modified":"2025-10-09T20:21:48","modified_gmt":"2025-10-09T20:21:48","slug":"monitor-gaming-dahua-dhi-lm27-e231-27-pulgadas-fhd","status":"publish","type":"product","link":"https:\/\/linkxa.es\/linkshop\/producto\/monitor-gaming-dahua-dhi-lm27-e231-27-pulgadas-fhd\/","title":{"rendered":"Monitor gaming dahua dhi &#8211; lm27 &#8211; e231 27 pulgadas fhd"},"content":{"rendered":"<div style=\"text-align: center; margin-bottom: 20px;\">\n<h2 style=\"font-size: 22px; font-weight: 600; margin: 0; color: #333;\">Dahua \u00a0|\u00a0 Monitores<\/h2>\n<\/div>\n<p style=\"max-width: 700px; margin: 0px auto 30px; font-size: 18px; line-height: 1.6; color: #555555; font-style: italic; text-align: left;\">Destacado<\/p>\n<p>Juego 68,6 cm (27&#8243;) LED IPS<br \/>Full HD 1920 x 1080 Pixeles 16:9<br \/>165 Hz 1 ms 320 cd \/ m\u00b2 1000:1<br \/>E 21 kWh 30 W<\/p>\n<p>Dahua Technology DHI-LM27-E231. Diagonal de la pantalla: 68,6 cm (27&#8243;), Resoluci\u00f3n de la pantalla: 1920 x 1080 Pixeles, Tipo HD: Full HD, Tecnolog\u00eda de visualizaci\u00f3n: LED, Tiempo de respuesta: 1 ms,<br \/>Relaci\u00f3n de aspecto nativa: 16:9, \u00c1ngulo de visi\u00f3n, horizontal: 178\u00b0, \u00c1ngulo de visi\u00f3n, vertical: 178\u00b0. montaje VESA. Color del producto: Negro<\/p>\n<p>Peso y dimensiones<br \/>Altura (sin base)<br \/>365,5 mm<br \/>Ancho (sin base)<br \/>618 mm<br \/>Peso (con soporte)<br \/>5 kg<br \/>Profundidad (sin base)<br \/>63,7 mm<br \/>Control de energ\u00eda<br \/>Consumo de energ\u00eda (SDR) por 1000 horas<br \/>21 kWh<br \/>Voltaje de salida de adaptador AC<br \/>12 V<br \/>Clase de eficiencia energ\u00e9tica (SDR)<br \/>E<br \/>Consumo energ\u00e9tico<br \/>30 W<br \/>Consumo de energ\u00eda (inactivo)<br \/>0,5 W<br \/>Consumo de energ\u00eda (max)<br \/>45 W<br \/>Escala de eficiencia energ\u00e9tica<br \/>De la A a la G<br \/>Tipo de fuente de alimentaci\u00f3n<br \/>Externo<br \/>Exhibici\u00f3n<br \/>Cobertura Adobe RGB<br \/>83%<br \/>Brillo de la pantalla (t\u00edpico)<br \/>320 cd \/ m\u00b2<br \/>Cobertura sRGB (t\u00edpica)<br \/>100%<br \/>Cobertura NTSC (t\u00edpica)<br \/>85%<br \/>Diagonal de la pantalla<br \/>68,6 cm (27&#8243;)<br \/>Forma de la pantalla<br \/>Plana<br \/>Tipo HD<br \/>Full HD<br \/>M\u00e1xima velocidad de actualizaci\u00f3n<br \/>165 Hz<br \/>Pantalla t\u00e1ctil<br \/>No<br \/>Raz\u00f3n de contraste (t\u00edpica)<br \/>1000:1<br \/>Relaci\u00f3n de aspecto nativa<br \/>16:9<br \/>Resoluci\u00f3n de la pantalla<br \/>1920 x 1080 Pixeles<br \/>Tecnolog\u00eda de visualizaci\u00f3n<br \/>LED<br \/>Tiempo de respuesta<br \/>1 ms<br \/>Tipo de pantalla<br \/>IPS<br \/>Tipo de retroiluminaci\u00f3n<br \/>Edge LED<br \/>\u00c1ngulo de visi\u00f3n, horizontal<br \/>178\u00b0<br \/>\u00c1ngulo de visi\u00f3n, vertical<br \/>178\u00b0<br \/>Puertos e Interfaces<br \/>Cantidad de DisplayPorts<br \/>1<br \/>Conector USB incorporado<br \/>No<br \/>Versi\u00f3n de DisplayPort<br \/>1.2<br \/>N\u00famero de puertos HDMI<br \/>2<br \/>Versi\u00f3n HDMI<br \/>1.4<br \/>Salida de auriculares<br \/>Si<br \/>Salidas para auriculares<br \/>1<br \/>Ergonom\u00eda<br \/>Ajustes de altura<br \/>No<br \/>Eje<br \/>No<br \/>Giratorio<br \/>No<br \/>Interfaz de panel de montaje<br \/>75 x 75 mm<br \/>Montaje de pared<br \/>Si<br \/>montaje VESA<br \/>Si<br \/>\u00c1ngulo de inclinaci\u00f3n<br \/>-5 &#8211; 15\u00b0<\/p>\n<p>Dise\u00f1o<br \/>Color del producto<br \/>Negro<br \/>Posicionamiento de mercado<br \/>Juego<br \/>Soporte desmontable<br \/>Si<br \/>Multimedia<br \/>Altavoces incorporados<br \/>No<br \/>C\u00e1mara incorporada<br \/>No<br \/>Empaquetado<br \/>Peso del paquete<br \/>6,9 kg<br \/>Contenido del embalaje<br \/>Stand incluido<br \/>Si<\/p>\n","protected":false},"excerpt":{"rendered":"<p>Monitor gaming dahua dhi &#8211; lm27 &#8211; e231 27 pulgadas fhd 165hz<\/p>\n","protected":false},"featured_media":238799,"comment_status":"open","ping_status":"open","template":"","meta":{"_et_pb_use_builder":"","_et_pb_old_content":"","_et_gb_content_width":""},"product_brand":[2700],"product_cat":[3643,2058,2644,2643],"product_tag":[2701,2647,2646],"class_list":{"0":"post-238798","1":"product","2":"type-product","3":"status-publish","4":"has-post-thumbnail","6":"product_brand-dahua","7":"product_cat-dahua","8":"product_cat-dispositivos","9":"product_cat-monitores","10":"product_cat-monitores-y-tv","11":"product_tag-dahua","12":"product_tag-monitores","13":"product_tag-monitores-y-tv","14":"pa_canon-digital-0-e-incluida","15":"pa_categoria-monitores-y-tv","16":"pa_marca-dahua","17":"pa_peso-3790","18":"pa_ref-dsp0000019649","20":"first","21":"instock","22":"sale","23":"taxable","24":"shipping-taxable","25":"purchasable","26":"product-type-simple"},"_links":{"self":[{"href":"https:\/\/linkxa.es\/linkshop\/wp-json\/wp\/v2\/product\/238798","targetHints":{"allow":["GET"]}}],"collection":[{"href":"https:\/\/linkxa.es\/linkshop\/wp-json\/wp\/v2\/product"}],"about":[{"href":"https:\/\/linkxa.es\/linkshop\/wp-json\/wp\/v2\/types\/product"}],"replies":[{"embeddable":true,"href":"https:\/\/linkxa.es\/linkshop\/wp-json\/wp\/v2\/comments?post=238798"}],"wp:featuredmedia":[{"embeddable":true,"href":"https:\/\/linkxa.es\/linkshop\/wp-json\/wp\/v2\/media\/238799"}],"wp:attachment":[{"href":"https:\/\/linkxa.es\/linkshop\/wp-json\/wp\/v2\/media?parent=238798"}],"wp:term":[{"taxonomy":"product_brand","embeddable":true,"href":"https:\/\/linkxa.es\/linkshop\/wp-json\/wp\/v2\/product_brand?post=238798"},{"taxonomy":"product_cat","embeddable":true,"href":"https:\/\/linkxa.es\/linkshop\/wp-json\/wp\/v2\/product_cat?post=238798"},{"taxonomy":"product_tag","embeddable":true,"href":"https:\/\/linkxa.es\/linkshop\/wp-json\/wp\/v2\/product_tag?post=238798"}],"curies":[{"name":"wp","href":"https:\/\/api.w.org\/{rel}","templated":true}]}}