{"id":238809,"date":"2025-04-10T05:07:37","date_gmt":"2025-04-10T05:07:37","guid":{"rendered":"https:\/\/linkxa.es\/contratacion\/producto\/monitor-gaming-dahua-dhi-lm27-e331a-27-pulgadas-qhd\/"},"modified":"2025-10-09T20:24:48","modified_gmt":"2025-10-09T20:24:48","slug":"monitor-gaming-dahua-dhi-lm27-e331a-27-pulgadas-qhd","status":"publish","type":"product","link":"https:\/\/linkxa.es\/linkshop\/producto\/monitor-gaming-dahua-dhi-lm27-e331a-27-pulgadas-qhd\/","title":{"rendered":"Monitor gaming dahua dhi &#8211; lm27 &#8211; e331a 27 pulgadas qhd"},"content":{"rendered":"<div style=\"text-align: center; margin-bottom: 20px;\">\n<h2 style=\"font-size: 22px; font-weight: 600; margin: 0; color: #333;\">Dahua \u00a0|\u00a0 Monitores<\/h2>\n<\/div>\n<p style=\"max-width: 700px; margin: 0px auto 30px; font-size: 18px; line-height: 1.6; color: #555555; font-style: italic; text-align: left;\">Destacado<\/p>\n<p>Hogar 68,6 cm (27&#8243;) LED IPS<br \/>Quad HD 2560 x 1440 Pixeles 16:9<br \/>165 Hz 5 ms 350 cd \/ m\u00b2<br \/>37 W<\/p>\n<p>Dahua Technology DHI-LM27-E331A. Diagonal de la pantalla: 68,6 cm (27&#8243;), Resoluci\u00f3n de la pantalla: 2560 x 1440 Pixeles, Tipo HD: Quad HD, Tecnolog\u00eda de visualizaci\u00f3n: LED, Tiempo de respuesta: 5<br \/>ms, Relaci\u00f3n de aspecto nativa: 16:9, \u00c1ngulo de visi\u00f3n, horizontal: 178\u00b0, \u00c1ngulo de visi\u00f3n, vertical: 178\u00b0. montaje VESA, Ajustes de altura. Color del producto: Negro<\/p>\n<p>Peso y dimensiones<br \/>Altura del dispositivo (con soporte)<br \/>63,7 mm<br \/>Ancho del dispositivo (con soporte)<br \/>619 mm<br \/>Peso (con soporte)<br \/>6,24 kg<br \/>Profundidad dispositivo (con soporte)<br \/>365,5 mm<br \/>Control de energ\u00eda<br \/>Consumo energ\u00e9tico<br \/>37 W<br \/>Consumo de energ\u00eda (inactivo)<br \/>0,5 W<br \/>Consumo de energ\u00eda (max)<br \/>145 W<br \/>Exhibici\u00f3n<br \/>Brillo de la pantalla (t\u00edpico)<br \/>350 cd \/ m\u00b2<br \/>Diagonal de la pantalla<br \/>68,6 cm (27&#8243;)<br \/>Espacio de color RGB<br \/>sRGB<br \/>Forma de la pantalla<br \/>Plana<br \/>Gama de colores<br \/>99%<br \/>Tipo HD<br \/>Quad HD<br \/>M\u00e1xima velocidad de actualizaci\u00f3n<br \/>165 Hz<br \/>Pantalla t\u00e1ctil<br \/>No<br \/>Relaci\u00f3n de aspecto nativa<br \/>16:9<br \/>Relaci\u00f3n de contraste (din\u00e1mico)<br \/>1000:1<br \/>Resoluci\u00f3n de la pantalla<br \/>2560 x 1440 Pixeles<br \/>Tecnolog\u00eda de visualizaci\u00f3n<br \/>LED<br \/>Tiempo de respuesta<br \/>5 ms<br \/>Tipo de pantalla<br \/>IPS<br \/>Tipo de retroiluminaci\u00f3n<br \/>Edge LED<br \/>\u00c1ngulo de visi\u00f3n, horizontal<br \/>178\u00b0<br \/>\u00c1ngulo de visi\u00f3n, vertical<br \/>178\u00b0<br \/>Condiciones ambientales<br \/>Intervalo de temperatura operativa<br \/>0 &#8211; 40 \u00b0C<br \/>Intervalo de humedad relativa para funcionamiento<br \/>10 &#8211; 85%<br \/>Puertos e Interfaces<br \/>Cantidad de puertos USB descendentes de tipo A<br \/>1<br \/>Cantidad de DisplayPorts<br \/>1<br \/>Versi\u00f3n de DisplayPort<br \/>1.4<br \/>HDMI<br \/>Si<br \/>N\u00famero de puertos HDMI<br \/>2<br \/>Versi\u00f3n HDMI<br \/>2.0<\/p>\n<p>Ergonom\u00eda<br \/>Ajuste de altura<br \/>12 cm<br \/>Ajuste de la inclinaci\u00f3n<br \/>Si<br \/>Ajustes de altura<br \/>Si<br \/>Eje<br \/>Si<br \/>Interfaz de panel de montaje<br \/>75 x 75 mm<br \/>montaje VESA<br \/>Si<br \/>\u00c1ngulo de pivote<br \/>0 &#8211; 180\u00b0<br \/>\u00c1ngulo de inclinaci\u00f3n<br \/>-5 &#8211; 20\u00b0<br \/>Dise\u00f1o<br \/>Color del producto<br \/>Negro<br \/>Posicionamiento de mercado<br \/>Hogar<br \/>Multimedia<br \/>C\u00e1mara incorporada<br \/>No<br \/>Contenido del embalaje<br \/>Cables incluidos<br \/>Corriente alterna, DisplayPort<\/p>\n","protected":false},"excerpt":{"rendered":"<p>Monitor gaming dahua dhi &#8211; lm27 &#8211; e331a 27 pulgadas qhd 165hz<\/p>\n","protected":false},"featured_media":238810,"comment_status":"open","ping_status":"open","template":"","meta":{"_et_pb_use_builder":"","_et_pb_old_content":"","_et_gb_content_width":""},"product_brand":[2700],"product_cat":[3643,2058,2644,2643],"product_tag":[2701,2647,2646],"class_list":{"0":"post-238809","1":"product","2":"type-product","3":"status-publish","4":"has-post-thumbnail","6":"product_brand-dahua","7":"product_cat-dahua","8":"product_cat-dispositivos","9":"product_cat-monitores","10":"product_cat-monitores-y-tv","11":"product_tag-dahua","12":"product_tag-monitores","13":"product_tag-monitores-y-tv","14":"pa_canon-digital-0-e-incluida","15":"pa_categoria-monitores-y-tv","16":"pa_marca-dahua","17":"pa_peso-3616","18":"pa_ref-dsp0000019660","20":"first","21":"instock","22":"sale","23":"taxable","24":"shipping-taxable","25":"purchasable","26":"product-type-simple"},"_links":{"self":[{"href":"https:\/\/linkxa.es\/linkshop\/wp-json\/wp\/v2\/product\/238809","targetHints":{"allow":["GET"]}}],"collection":[{"href":"https:\/\/linkxa.es\/linkshop\/wp-json\/wp\/v2\/product"}],"about":[{"href":"https:\/\/linkxa.es\/linkshop\/wp-json\/wp\/v2\/types\/product"}],"replies":[{"embeddable":true,"href":"https:\/\/linkxa.es\/linkshop\/wp-json\/wp\/v2\/comments?post=238809"}],"wp:featuredmedia":[{"embeddable":true,"href":"https:\/\/linkxa.es\/linkshop\/wp-json\/wp\/v2\/media\/238810"}],"wp:attachment":[{"href":"https:\/\/linkxa.es\/linkshop\/wp-json\/wp\/v2\/media?parent=238809"}],"wp:term":[{"taxonomy":"product_brand","embeddable":true,"href":"https:\/\/linkxa.es\/linkshop\/wp-json\/wp\/v2\/product_brand?post=238809"},{"taxonomy":"product_cat","embeddable":true,"href":"https:\/\/linkxa.es\/linkshop\/wp-json\/wp\/v2\/product_cat?post=238809"},{"taxonomy":"product_tag","embeddable":true,"href":"https:\/\/linkxa.es\/linkshop\/wp-json\/wp\/v2\/product_tag?post=238809"}],"curies":[{"name":"wp","href":"https:\/\/api.w.org\/{rel}","templated":true}]}}