{"id":238834,"date":"2024-11-28T05:34:40","date_gmt":"2024-11-28T05:34:40","guid":{"rendered":"https:\/\/linkxa.es\/contratacion\/producto\/monitor-dahua-dhi-lm27-b200-27-pulgadas-fhd-60hz\/"},"modified":"2025-10-09T20:31:35","modified_gmt":"2025-10-09T20:31:35","slug":"monitor-dahua-dhi-lm27-b200-27-pulgadas-fhd-60hz","status":"publish","type":"product","link":"https:\/\/linkxa.es\/linkshop\/producto\/monitor-dahua-dhi-lm27-b200-27-pulgadas-fhd-60hz\/","title":{"rendered":"Monitor dahua dhi &#8211; lm27 &#8211; b200 27 pulgadas fhd 60hz"},"content":{"rendered":"<div style=\"text-align: center; margin-bottom: 20px;\">\n<h2 style=\"font-size: 22px; font-weight: 600; margin: 0; color: #333;\">Dahua \u00a0|\u00a0 Monitores<\/h2>\n<\/div>\n<p style=\"max-width: 700px; margin: 0px auto 30px; font-size: 18px; line-height: 1.6; color: #555555; font-style: italic; text-align: left;\">Destacado<\/p>\n<p>Negocios 68,6 cm (27&#8243;)<br \/>Full HD 1920 x 1080 Pixeles 16:9<br \/>60 Hz 6,5 ms 250 cd \/ m 1000:1<br \/>G 29 kWh 36 W<\/p>\n<p>Dahua Technology DHI-LM27-B200. Diagonal de la pantalla: 68,6 cm (27&#8243;), Resoluci\u00f3n de la pantalla: 1920 x 1080 Pixeles, Tipo HD: Full HD, Tiempo de respuesta: 6,5 ms, Relaci\u00f3n de aspecto nativa:<br \/>16:9, \u00c1ngulo de visi\u00f3n, horizontal: 178, \u00c1ngulo de visi\u00f3n, vertical: 178. montaje VESA. Color del producto: Negro<\/p>\n<p>Peso y dimensiones<br \/>Altura (sin base)<br \/>361 mm<br \/>Ancho (sin base)<br \/>615 mm<br \/>Ancho del marco (lateral)<br \/>3,6 mm<br \/>Ancho del marco (superior)<br \/>3,6 mm<br \/>Ancho del marco (inferior)<br \/>1,25 cm<br \/>Peso (con soporte)<br \/>4,5 kg<br \/>Profundidad (sin base)<br \/>56 mm<br \/>Control de energ\u00eda<br \/>Consumo de energ\u00eda (SDR) por 1000 horas<br \/>29 kWh<br \/>Voltaje de entrada AC<br \/>100 &#8211; 240 V<br \/>Frecuencia de entrada AC<br \/>50 &#8211; 60 Hz<br \/>Clase de eficiencia energ\u00e9tica (SDR)<br \/>G<br \/>Consumo energ\u00e9tico<br \/>36 W<br \/>Consumo de energ\u00eda (inactivo)<br \/>0,5 W<br \/>Escala de eficiencia energ\u00e9tica<br \/>De la A a la G<br \/>Exhibici\u00f3n<br \/>Brillo de la pantalla (t\u00edpico)<br \/>250 cd \/ m<br \/>Diagonal de la pantalla<br \/>68,6 cm (27&#8243;)<br \/>Forma de la pantalla<br \/>Plana<br \/>Tipo HD<br \/>Full HD<br \/>M\u00e1xima velocidad de actualizaci\u00f3n<br \/>60 Hz<br \/>N\u00famero de colores de la pantalla<br \/>16,7 millones de colores<br \/>Pantalla t\u00e1ctil<br \/>No<br \/>Raz\u00f3n de contraste (t\u00edpica)<br \/>1000:1<br \/>Relaci\u00f3n de aspecto nativa<br \/>16:9<br \/>Relaci\u00f3n de aspecto<br \/>16:9<br \/>Resoluci\u00f3n de la pantalla<br \/>1920 x 1080 Pixeles<br \/>Tiempo de respuesta<br \/>6,5 ms<br \/>Tipo de retroiluminaci\u00f3n<br \/>LED<br \/>\u00c1ngulo de visi\u00f3n, horizontal<br \/>178<br \/>\u00c1ngulo de visi\u00f3n, vertical<br \/>178<br \/>Condiciones ambientales<br \/>Intervalo de temperatura operativa<br \/>0 &#8211; 40 C<br \/>Intervalo de humedad relativa para funcionamiento<br \/>10 &#8211; 85%<br \/>Puertos e Interfaces<br \/>Cantidad de puertos VGA (D-Sub)<br \/>1<br \/>Conector USB incorporado<br \/>No<br \/>Puerto DVI<br \/>No<br \/>HDMI<br \/>No<br \/>N\u00famero de puertos HDMI<br \/>1<br \/>Ergonom\u00eda<br \/>Exhibici\u00f3n en pantalla (OSD)<br \/>Si<br \/>Interfaz de panel de montaje<br \/>75 x 75 mm<br \/>montaje VESA<br \/>Si<\/p>\n<p>Dise\u00f1o<br \/>Certificaci\u00f3n<br \/>CE\/FCC<br \/>Color del producto<br \/>Negro<br \/>Posicionamiento de mercado<br \/>Negocios<br \/>Multimedia<br \/>Altavoces incorporados<br \/>No<br \/>C\u00e1mara incorporada<br \/>No<br \/>Empaquetado<br \/>Altura del paquete<br \/>462 mm<br \/>Ancho del paquete<br \/>700 mm<br \/>Peso del paquete<br \/>6,5 kg<br \/>Profundidad del paquete<br \/>111 mm<br \/>Contenido del embalaje<br \/>Cables incluidos<br \/>Corriente alterna, HDMI<br \/>Sostenibilidad<br \/>European Product Registry for Energy Labelling (EPREL) code<br \/>619613<\/p>\n","protected":false},"excerpt":{"rendered":"<p>Monitor dahua dhi &#8211; lm27 &#8211; b200 27 pulgadas fhd 60hz<\/p>\n","protected":false},"featured_media":233335,"comment_status":"open","ping_status":"open","template":"","meta":{"_et_pb_use_builder":"","_et_pb_old_content":"","_et_gb_content_width":""},"product_brand":[2700],"product_cat":[3643,2058,2644,2643],"product_tag":[2701,2647,2646],"class_list":{"0":"post-238834","1":"product","2":"type-product","3":"status-publish","4":"has-post-thumbnail","6":"product_brand-dahua","7":"product_cat-dahua","8":"product_cat-dispositivos","9":"product_cat-monitores","10":"product_cat-monitores-y-tv","11":"product_tag-dahua","12":"product_tag-monitores","13":"product_tag-monitores-y-tv","14":"pa_canon-digital-0-e-incluida","15":"pa_categoria-monitores-y-tv","16":"pa_marca-dahua","17":"pa_peso-3562","18":"pa_ref-dsp0000023237","20":"first","21":"instock","22":"sale","23":"taxable","24":"shipping-taxable","25":"purchasable","26":"product-type-simple"},"_links":{"self":[{"href":"https:\/\/linkxa.es\/linkshop\/wp-json\/wp\/v2\/product\/238834","targetHints":{"allow":["GET"]}}],"collection":[{"href":"https:\/\/linkxa.es\/linkshop\/wp-json\/wp\/v2\/product"}],"about":[{"href":"https:\/\/linkxa.es\/linkshop\/wp-json\/wp\/v2\/types\/product"}],"replies":[{"embeddable":true,"href":"https:\/\/linkxa.es\/linkshop\/wp-json\/wp\/v2\/comments?post=238834"}],"wp:featuredmedia":[{"embeddable":true,"href":"https:\/\/linkxa.es\/linkshop\/wp-json\/wp\/v2\/media\/233335"}],"wp:attachment":[{"href":"https:\/\/linkxa.es\/linkshop\/wp-json\/wp\/v2\/media?parent=238834"}],"wp:term":[{"taxonomy":"product_brand","embeddable":true,"href":"https:\/\/linkxa.es\/linkshop\/wp-json\/wp\/v2\/product_brand?post=238834"},{"taxonomy":"product_cat","embeddable":true,"href":"https:\/\/linkxa.es\/linkshop\/wp-json\/wp\/v2\/product_cat?post=238834"},{"taxonomy":"product_tag","embeddable":true,"href":"https:\/\/linkxa.es\/linkshop\/wp-json\/wp\/v2\/product_tag?post=238834"}],"curies":[{"name":"wp","href":"https:\/\/api.w.org\/{rel}","templated":true}]}}