{"id":238847,"date":"2025-06-02T07:31:39","date_gmt":"2025-06-02T07:31:39","guid":{"rendered":"https:\/\/linkxa.es\/contratacion\/producto\/monitor-dahua-dhi-lm27-b201a-27-pulgadas-fhd-100hz\/"},"modified":"2025-10-09T20:35:48","modified_gmt":"2025-10-09T20:35:48","slug":"monitor-dahua-dhi-lm27-b201a-27-pulgadas-fhd-100hz","status":"publish","type":"product","link":"https:\/\/linkxa.es\/linkshop\/producto\/monitor-dahua-dhi-lm27-b201a-27-pulgadas-fhd-100hz\/","title":{"rendered":"Monitor dahua dhi &#8211; lm27 &#8211; b201a 27 pulgadas fhd 100hz"},"content":{"rendered":"<div style=\"text-align: center; margin-bottom: 20px;\">\n<h2 style=\"font-size: 22px; font-weight: 600; margin: 0; color: #333;\">Dahua \u00a0|\u00a0 Monitores<\/h2>\n<\/div>\n<p style=\"max-width: 700px; margin: 0px auto 30px; font-size: 18px; line-height: 1.6; color: #555555; font-style: italic; text-align: left;\">Destacado<\/p>\n<p>Negocios 68,6 cm (27&#8243;) LED IPS<br \/>Full HD 1920 x 1080 Pixeles 16:9<br \/>100 Hz 5 ms 250 cd \/ m 1000:1<br \/>E 21 kWh 36 W<\/p>\n<p>Dahua Technology LM27-B201A. Diagonal de la pantalla: 68,6 cm (27&#8243;), Resoluci\u00f3n de la pantalla: 1920 x 1080 Pixeles, Tipo HD: Full HD, Tecnolog\u00eda de visualizaci\u00f3n: LED, Tiempo de respuesta: 5 ms,<br \/>Relaci\u00f3n de aspecto nativa: 16:9, \u00c1ngulo de visi\u00f3n, horizontal: 178, \u00c1ngulo de visi\u00f3n, vertical: 178. montaje VESA. Color del producto: Negro<\/p>\n<p>Peso y dimensiones<br \/>Altura del dispositivo (con soporte)<br \/>360,5 mm<br \/>Ancho del dispositivo (con soporte)<br \/>615,3 mm<br \/>Ancho del marco (lateral)<br \/>2,65 mm<br \/>Ancho del marco (superior)<br \/>2,65 mm<br \/>Ancho del marco (inferior)<br \/>1,25 cm<br \/>Peso (con soporte)<br \/>5,2 kg<br \/>Profundidad dispositivo (con soporte)<br \/>65,6 mm<br \/>Control de energ\u00eda<br \/>Consumo de energ\u00eda (SDR) por 1000 horas<br \/>21 kWh<br \/>Voltaje de salida de adaptador AC<br \/>12 V<br \/>Clase de eficiencia energ\u00e9tica (SDR)<br \/>E<br \/>Consumo energ\u00e9tico<br \/>36 W<br \/>Consumo de energ\u00eda (inactivo)<br \/>0,5 W<br \/>Escala de eficiencia energ\u00e9tica<br \/>De la A a la G<br \/>Tipo de fuente de alimentaci\u00f3n<br \/>Externo<br \/>Exhibici\u00f3n<br \/>Brillo de la pantalla (t\u00edpico)<br \/>250 cd \/ m<br \/>Diagonal de la pantalla<br \/>68,6 cm (27&#8243;)<br \/>Forma de la pantalla<br \/>Plana<br \/>Tipo HD<br \/>Full HD<br \/>Retroiluminaci\u00f3n LED<br \/>Si<br \/>M\u00e1xima velocidad de actualizaci\u00f3n<br \/>100 Hz<br \/>N\u00famero de colores de la pantalla<br \/>16,7 millones de colores<br \/>Pantalla t\u00e1ctil<br \/>No<br \/>Raz\u00f3n de contraste (t\u00edpica)<br \/>1000:1<br \/>Relaci\u00f3n de aspecto nativa<br \/>16:9<br \/>Resoluci\u00f3n de la pantalla<br \/>1920 x 1080 Pixeles<br \/>Tecnolog\u00eda de visualizaci\u00f3n<br \/>LED<br \/>Tiempo de respuesta<br \/>5 ms<br \/>Tipo de pantalla<br \/>IPS<br \/>Tipo de retroiluminaci\u00f3n<br \/>LED<br \/>\u00c1ngulo de visi\u00f3n, horizontal<br \/>178<br \/>\u00c1ngulo de visi\u00f3n, vertical<br \/>178<br \/>Condiciones ambientales<br \/>Intervalo de temperatura operativa<br \/>0 &#8211; 40 C<br \/>Intervalo de humedad relativa para funcionamiento<br \/>10 &#8211; 85%<br \/>Puertos e Interfaces<br \/>Enchufe de entrada de CC<br \/>Si<br \/>Cantidad de puertos VGA (D-Sub)<br \/>1<br \/>Cantidad de DisplayPorts<br \/>1<br \/>Conector USB incorporado<br \/>No<br \/>HDMI<br \/>Si<br \/>N\u00famero de puertos HDMI<br \/>1<br \/>Ergonom\u00eda<br \/>Conectar y usar (Plug and Play)<br \/>Si<br \/>Interfaz de panel de montaje<br \/>100 x 100 mm<br \/>montaje VESA<br \/>Si<\/p>\n<p>Dise\u00f1o<br \/>Bisel frontal<br \/>Negro<br \/>Color del producto<br \/>Negro<br \/>Color de pies<br \/>Negro<br \/>Material de la carcasa<br \/>Pl\u00e1stico<br \/>Posicionamiento de mercado<br \/>Negocios<br \/>Soporte desmontable<br \/>Si<br \/>Desempe\u00f1o<br \/>Tecnolog\u00eda Low Blue Light (baja luz azul)<br \/>Si<br \/>Multimedia<br \/>Altavoces incorporados<br \/>No<br \/>C\u00e1mara incorporada<br \/>No<br \/>Empaquetado<br \/>Altura del paquete<br \/>183 mm<br \/>Ancho del paquete<br \/>693 mm<br \/>Peso del paquete<br \/>7,1 kg<br \/>Profundidad del paquete<br \/>467 mm<br \/>Tipo de embalaje<br \/>Caja<br \/>Contenido del embalaje<br \/>Adaptador de corriente incluido<br \/>Si<br \/>Cables incluidos<br \/>Corriente alterna, HDMI<br \/>Stand incluido<br \/>Si<br \/>Sostenibilidad<br \/>Certificados de sostenibilidad<br \/>CE, Comisi\u00f3n Federal de Comunicaciones (FCC) de Estados Unidos<br \/>Cumplimiento de sostenibilidad<br \/>Si<\/p>\n","protected":false},"excerpt":{"rendered":"<p>Monitor dahua dhi &#8211; lm27 &#8211; b201a 27 pulgadas fhd 100hz<\/p>\n","protected":false},"featured_media":233337,"comment_status":"open","ping_status":"open","template":"","meta":{"_et_pb_use_builder":"","_et_pb_old_content":"","_et_gb_content_width":""},"product_brand":[2700],"product_cat":[3643,2058,2644,2643],"product_tag":[2701,2647,2646],"class_list":{"0":"post-238847","1":"product","2":"type-product","3":"status-publish","4":"has-post-thumbnail","6":"product_brand-dahua","7":"product_cat-dahua","8":"product_cat-dispositivos","9":"product_cat-monitores","10":"product_cat-monitores-y-tv","11":"product_tag-dahua","12":"product_tag-monitores","13":"product_tag-monitores-y-tv","14":"pa_canon-digital-0-e-incluida","15":"pa_categoria-monitores-y-tv","16":"pa_marca-dahua","17":"pa_peso-3551","18":"pa_ref-dsp0000024714","20":"first","21":"instock","22":"sale","23":"taxable","24":"shipping-taxable","25":"purchasable","26":"product-type-simple"},"_links":{"self":[{"href":"https:\/\/linkxa.es\/linkshop\/wp-json\/wp\/v2\/product\/238847","targetHints":{"allow":["GET"]}}],"collection":[{"href":"https:\/\/linkxa.es\/linkshop\/wp-json\/wp\/v2\/product"}],"about":[{"href":"https:\/\/linkxa.es\/linkshop\/wp-json\/wp\/v2\/types\/product"}],"replies":[{"embeddable":true,"href":"https:\/\/linkxa.es\/linkshop\/wp-json\/wp\/v2\/comments?post=238847"}],"wp:featuredmedia":[{"embeddable":true,"href":"https:\/\/linkxa.es\/linkshop\/wp-json\/wp\/v2\/media\/233337"}],"wp:attachment":[{"href":"https:\/\/linkxa.es\/linkshop\/wp-json\/wp\/v2\/media?parent=238847"}],"wp:term":[{"taxonomy":"product_brand","embeddable":true,"href":"https:\/\/linkxa.es\/linkshop\/wp-json\/wp\/v2\/product_brand?post=238847"},{"taxonomy":"product_cat","embeddable":true,"href":"https:\/\/linkxa.es\/linkshop\/wp-json\/wp\/v2\/product_cat?post=238847"},{"taxonomy":"product_tag","embeddable":true,"href":"https:\/\/linkxa.es\/linkshop\/wp-json\/wp\/v2\/product_tag?post=238847"}],"curies":[{"name":"wp","href":"https:\/\/api.w.org\/{rel}","templated":true}]}}