{"id":238878,"date":"2024-12-01T18:23:53","date_gmt":"2024-12-01T18:23:53","guid":{"rendered":"https:\/\/linkxa.es\/contratacion\/producto\/monitor-led-acer-b247ty-23-8-pulgadas-fhd\/"},"modified":"2025-10-09T20:44:18","modified_gmt":"2025-10-09T20:44:18","slug":"monitor-led-acer-b247ty-23-8-pulgadas-fhd","status":"publish","type":"product","link":"https:\/\/linkxa.es\/linkshop\/producto\/monitor-led-acer-b247ty-23-8-pulgadas-fhd\/","title":{"rendered":"Monitor led acer b247ty 23.8 pulgadas fhd"},"content":{"rendered":"<div style=\"text-align: center; margin-bottom: 20px;\">\n<h2 style=\"font-size: 22px; font-weight: 600; margin: 0; color: #333;\">Acer \u00a0|\u00a0 Monitores<\/h2>\n<\/div>\n<p style=\"max-width: 700px; margin: 0px auto 30px; font-size: 18px; line-height: 1.6; color: #555555; font-style: italic; text-align: left;\">Destacado<\/p>\n<p>Negocios 60,5 cm (23.8&#8243;) LCD IPS<br \/>Full HD 1920 x 1080 Pixeles 16:9<br \/>100 Hz 4 ms 250 cd \/ m 1000:1<br \/>AMD FreeSync Tecnolog\u00eda Flicker free (reduce el parpadeo de la pantalla)<br \/>E 15 kWh 22 W<\/p>\n<p>Acer B247Y E. Diagonal de la pantalla: 60,5 cm (23.8&#8243;), Resoluci\u00f3n de la pantalla: 1920 x 1080 Pixeles, Tipo HD: Full HD, Tecnolog\u00eda de visualizaci\u00f3n: LCD, Tiempo de respuesta: 4 ms, Relaci\u00f3n de aspecto nativa: 16:9,<br \/>\u00c1ngulo de visi\u00f3n, horizontal: 178, \u00c1ngulo de visi\u00f3n, vertical: 178. Altavoces incorporados. Conector USB incorporado. montaje VESA, Ajustes de altura. Color del producto: Negro<\/p>\n<p>Peso y dimensiones<br \/>Altura (sin base)<br \/>323,1 mm<br \/>Ancho del dispositivo (con soporte)<br \/>540,3 mm<br \/>Ancho (sin base)<br \/>540,3 mm<br \/>Peso (con soporte)<br \/>5,6 kg<br \/>Peso (sin base)<br \/>3,66 kg<br \/>Profundidad dispositivo (con soporte)<br \/>217,8 mm<br \/>Profundidad (sin base)<br \/>65,3 mm<br \/>Control de energ\u00eda<br \/>Consumo de energ\u00eda (SDR) por 1000 horas<br \/>15 kWh<br \/>Clase de eficiencia energ\u00e9tica (SDR)<br \/>E<br \/>Clase de eficiencia energ\u00e9tica (HDR)<br \/>No disponible<br \/>Consumo energ\u00e9tico<br \/>22 W<br \/>Consumo de energ\u00eda (inactivo)<br \/>0,5 W<br \/>Consumo de energ\u00eda (max)<br \/>47 W<br \/>Consumo de energ\u00eda (apagado)<br \/>0,3 W<br \/>Escala de eficiencia energ\u00e9tica<br \/>De la A a la G<br \/>Exhibici\u00f3n<br \/>Brillo de la pantalla (t\u00edpico)<br \/>250 cd \/ m<br \/>Cobertura sRGB (t\u00edpica)<br \/>99%<br \/>Diagonal de la pantalla<br \/>60,5 cm (23.8&#8243;)<br \/>Diagonal de pantalla<br \/>60,5 cm<br \/>Forma de la pantalla<br \/>Plana<br \/>Tipo HD<br \/>Full HD<br \/>Intervalo de escaneado horizontal<br \/>15 &#8211; 115 kHz<br \/>Intervalo de escaneado vertical<br \/>48 &#8211; 100 Hz<br \/>M\u00e1xima velocidad de actualizaci\u00f3n<br \/>100 Hz<br \/>N\u00famero de colores de la pantalla<br \/>16,7 millones de colores<br \/>Pantalla t\u00e1ctil<br \/>No<br \/>Pantalla antirreflectante<br \/>Si<br \/>Profundidad de color<br \/>6 bit<br \/>Raz\u00f3n de contraste (t\u00edpica)<br \/>1000:1<br \/>Relaci\u00f3n de aspecto nativa<br \/>16:9<br \/>Relaci\u00f3n de contraste (din\u00e1mico)<br \/>100000000:1<br \/>Resoluci\u00f3n de la pantalla<br \/>1920 x 1080 Pixeles<br \/>Tama\u00f1o de pixel<br \/>0,28 x 0,28 mm<br \/>Tama\u00f1o visible, horizontal<br \/>52,7 cm<br \/>Tama\u00f1o visible, vertical<br \/>29,6 cm<br \/>Tecnolog\u00eda de visualizaci\u00f3n<br \/>LCD<br \/>Tiempo de respuesta<br \/>4 ms<br \/>Tipo de pantalla<br \/>IPS<br \/>Tipo de retroiluminaci\u00f3n<br \/>LED<br \/>\u00c1ngulo de visi\u00f3n, horizontal<br \/>178<br \/>\u00c1ngulo de visi\u00f3n, vertical<br \/>178<br \/>Puertos e Interfaces<br \/>Cantidad de puertos VGA (D-Sub)<br \/>1<br \/>Cantidad de DisplayPorts<br \/>1<br \/>Conector USB incorporado<br \/>Si<br \/>Versi\u00f3n de DisplayPort<br \/>1.2<br \/>HDMI<br \/>Si<br \/>N\u00famero de puertos HDMI<br \/>1<br \/>Versi\u00f3n HDMI<br \/>1.4<br \/>Salida de auriculares<br \/>Si<br \/>Ergonom\u00eda<br \/>Ajuste de altura<br \/>15 cm<br \/>Ajuste de la inclinaci\u00f3n<br \/>Si<br \/>Ajustes de altura<br \/>Si<br \/>Giratorio<br \/>Si<br \/>Interfaz de panel de montaje<br \/>100 x 100 mm<br \/>montaje VESA<br \/>Si<br \/>\u00c1ngulo de giro (alcance)<br \/>-30 &#8211; 30<br \/>\u00c1ngulo de inclinaci\u00f3n<br \/>-5 &#8211; 35<br \/>Dise\u00f1o<br \/>Bisel frontal<br \/>Negro<br \/>Certificaci\u00f3n<br \/>CE, ISO9241-307 class I<br \/>Color del producto<br \/>Negro<br \/>Color de pies<br \/>Negro<br \/>Posicionamiento de mercado<br \/>Negocios<\/p>\n<p>Desempe\u00f1o<br \/>AMD FreeSync<br \/>Si<br \/>Tecnolog\u00eda Low Blue Light (baja luz azul)<br \/>Si<br \/>Tecnolog\u00eda Flicker free (reduce el parpadeo de la pantalla)<br \/>Si<br \/>Multimedia<br \/>Altavoces incorporados<br \/>Si<br \/>C\u00e1mara incorporada<br \/>No<br \/>Empaquetado<br \/>Peso del paquete<br \/>7,36 kg<br \/>Contenido del embalaje<br \/>Cables incluidos<br \/>Corriente alterna, DisplayPort, HDMI, USB<br \/>Stand incluido<br \/>Si<br \/>Sostenibilidad<br \/>Certificados de sostenibilidad<br \/>EPEAT Silver<br \/>Cumplimiento de sostenibilidad<br \/>Si<br \/>C\u00f3digo EPREL (Registro europeo de productos para el etiquetado energ\u00e9tico)<br \/>1427245<\/p>\n","protected":false},"excerpt":{"rendered":"<p>Monitor led acer b247ty 23.8 pulgadas fhd 100hz<\/p>\n","protected":false},"featured_media":238879,"comment_status":"open","ping_status":"open","template":"","meta":{"_et_pb_use_builder":"","_et_pb_old_content":"","_et_gb_content_width":""},"product_brand":[2518],"product_cat":[3825,2058,2644,2643],"product_tag":[2521,2647,2646],"class_list":{"0":"post-238878","1":"product","2":"type-product","3":"status-publish","4":"has-post-thumbnail","6":"product_brand-acer","7":"product_cat-acer","8":"product_cat-dispositivos","9":"product_cat-monitores","10":"product_cat-monitores-y-tv","11":"product_tag-acer","12":"product_tag-monitores","13":"product_tag-monitores-y-tv","14":"pa_canon-digital-0-e-incluida","15":"pa_categoria-monitores-y-tv","16":"pa_marca-acer","17":"pa_peso-3567","18":"pa_ref-dsp0000027973","20":"first","21":"instock","22":"sale","23":"taxable","24":"shipping-taxable","25":"purchasable","26":"product-type-simple"},"_links":{"self":[{"href":"https:\/\/linkxa.es\/linkshop\/wp-json\/wp\/v2\/product\/238878","targetHints":{"allow":["GET"]}}],"collection":[{"href":"https:\/\/linkxa.es\/linkshop\/wp-json\/wp\/v2\/product"}],"about":[{"href":"https:\/\/linkxa.es\/linkshop\/wp-json\/wp\/v2\/types\/product"}],"replies":[{"embeddable":true,"href":"https:\/\/linkxa.es\/linkshop\/wp-json\/wp\/v2\/comments?post=238878"}],"wp:featuredmedia":[{"embeddable":true,"href":"https:\/\/linkxa.es\/linkshop\/wp-json\/wp\/v2\/media\/238879"}],"wp:attachment":[{"href":"https:\/\/linkxa.es\/linkshop\/wp-json\/wp\/v2\/media?parent=238878"}],"wp:term":[{"taxonomy":"product_brand","embeddable":true,"href":"https:\/\/linkxa.es\/linkshop\/wp-json\/wp\/v2\/product_brand?post=238878"},{"taxonomy":"product_cat","embeddable":true,"href":"https:\/\/linkxa.es\/linkshop\/wp-json\/wp\/v2\/product_cat?post=238878"},{"taxonomy":"product_tag","embeddable":true,"href":"https:\/\/linkxa.es\/linkshop\/wp-json\/wp\/v2\/product_tag?post=238878"}],"curies":[{"name":"wp","href":"https:\/\/api.w.org\/{rel}","templated":true}]}}