{"id":239008,"date":"2025-09-04T21:24:15","date_gmt":"2025-09-04T21:24:15","guid":{"rendered":"https:\/\/linkxa.es\/contratacion\/producto\/punto-acceso-inalambrico-ubiquiti-uap-ac-hd-alta\/"},"modified":"2025-12-07T22:18:26","modified_gmt":"2025-12-07T22:18:26","slug":"punto-acceso-inalambrico-ubiquiti-uap-ac-hd-alta","status":"publish","type":"product","link":"https:\/\/linkxa.es\/linkshop\/producto\/punto-acceso-inalambrico-ubiquiti-uap-ac-hd-alta\/","title":{"rendered":"Punto acceso inalambrico ubiquiti uap &#8211; ac &#8211; hd alta"},"content":{"rendered":"<div style=\"text-align: center; margin-bottom: 20px;\">\n<h2 style=\"font-size: 22px; font-weight: 600; margin: 0; color: #333;\">Ubiquiti\u00a0|\u00a0 Puntos de acceso<\/h2>\n<\/div>\n<p style=\"max-width: 700px; margin: 0px auto 30px; font-size: 18px; line-height: 1.6; color: #555555; font-style: italic; text-align: left;\">802.11AC Wave 2 MU-MIMO (Multi-User, M\u00faltiple Input, M\u00faltiple Output)<\/p>\n<p>La tecnolog\u00eda 802.11AC Wave 1 SU-MIMO implementada en la generaci\u00f3n<br \/>anterior, posibilitaba la comunicaci\u00f3n con un \u00fanico cliente a la vez. La<br \/>tecnolog\u00eda 802.11AC Wave 2 MU-MIMO (Multi-User, M\u00faltiple Input, M\u00faltiple<br \/>Output), permite la comunicaci\u00f3n con m\u00faltiples clientes simult\u00e1neamente, lo<br \/>que se traduce en un significativo aumento en el ancho de banda y en la<br \/>experiencia general. Bajo las mismas circunstancias con MU-MIMO, los<br \/>equipos con Wave 2 proporcionan una mejora de hasta el 75% respecto a un<br \/>equipo Wave 1. Dicha mejora permite incrementar el rendimiento y\/o<br \/>soportar mas clientes con el mismo rendimiento.<\/p>\n<p>Caracter\u00edsticas de Hardware<\/p>\n<p>Utiliza los nuevos UniFi AC HD AP en entornos de alta densidad donde se<br \/>requiera el m\u00e1ximo rendimiento inal\u00e1mbrico. El UniFi AC HD AP dispone de<br \/>doble banda simultanea, 4&#215;4 MU-MIMO y compatibilidad con el est\u00e1ndar PoE<br \/>802.3at .<\/p>\n<p>F\u00e1cil montaje<\/p>\n<p>Su elegante dise\u00f1o se integra f\u00e1cilmente con cualquier entorno (accesorios<br \/>incluidos) y es compatible con los ya existentes accesorios de montaje de<br \/>los UAP-AC-PRO. El doble puerto Gigabit Ethernet soporta agregaci\u00f3n de<br \/>puertos (LACP).<\/p>\n<p>Sistema UniFi<\/p>\n<p>UniFi es la soluci\u00f3n WiFi escalable para empresas, f\u00e1cil de implementar y<br \/>administrar. El punto de acceso tiene un dise\u00f1o elegante y se puede colocar<br \/>f\u00e1cilmente en una placa del techo o en la pared, utilizando para ello el<br \/>hardware de montaje incluido. Se alimenta a trav\u00e9s del adaptador Ethernet<br \/>incluido, que permite suministrar energ\u00eda y datos a trav\u00e9s de un \u00fanico cable.<\/p>\n<p>El sistema WiFi UniFi incluye un potente software de control. El software se<br \/>instala en cualquier PC dentro de la red y es f\u00e1cilmente accesible a trav\u00e9s de<br \/>cualquier navegador web. A trav\u00e9s del software de control de Unifi, la red<br \/>empresarial Wi-Fi puede ser configurada y administrada sin ning\u00fan<br \/>entrenamiento especial. Funciones avanzadas como la consulta del estado<br \/>del dispositivo en tiempo real, detecci\u00f3n autom\u00e1tica de dispositivos Unifi,<br \/>carga del mapa de ubicaci\u00f3n de los equipos y las opciones de seguridad<br \/>est\u00e1n perfectamente integradas.<br \/>Ahorre tiempo y dinero.<\/p>\n<p>A diferencia de los sistemas Wi-Fi empresariales que requieren de hardware<br \/>adicional, Unifi dispone del modo cliente \/ servidor que requiere un coste cero<br \/>y sin necesidad de hardware adicional.<br \/>Software Intuitivo<\/p>\n<p>Instale, configure, y gestione todos sus Puntos de Acceso UniFi a trav\u00e9s del<br \/>intuitivo y sencillo Interface de usuario de UniFi.<\/p>\n<p>La tecnolog\u00eda 802.11AC Wave 1 SU-MIMO implementada en la generaci\u00f3n<br \/>anterior, posibilitaba la comunicaci\u00f3n con un \u00fanico cliente a la vez. La<br \/>tecnolog\u00eda 802.11AC Wave 2 MU-MIMO (Multi-User, M\u00faltiple Input, M\u00faltiple<br \/>Output), permite la comunicaci\u00f3n con m\u00faltiples clientes simult\u00e1neamente, lo<br \/>que se traduce en un significante aumento en el ancho de banda y en la<br \/>experiencia general. Bajo las mismas circunstancias con MU-MIMO, los<br \/>equipos con Wave 2 proporcionan una mejora de hasta el 75% respecto a un<br \/>equipo Wave 1. Dicha mejora permite incrementar el rendimiento y\/o<br \/>soportar mas clientes con el mismo rendimiento.<\/p>\n<p>Caracter\u00edsticas<\/p>\n<p>?Dimensiones 220 x 220 x 48.1 mm (8.66 x 8.66 x 1.89&#8243;)<br \/>?Peso 700g (830 con el kit de montaje)<br \/>?Interfaz (2) puertos Ethernet 10\/100\/1000 (LACP compatible)<br \/>?Botones Reset<br \/>?Sistema de alimentaci\u00f3n Passive Power over Ethernet (48V), 802.3at. Rango<br \/>de voltaje soportado 44 ~ 57VDC<br \/>?Wi-Fi est\u00e1ndares 802.11 a \/ b \/ g \/ n \/ ac \/ ac-wave2<br \/>?Max. Consumo de energ\u00eda 17W<br \/>?BSSID hasta cuatro por Radio<br \/>Antenas 2@2.4GHz (3dBi), 2@5GHz (5dBi)<br \/>?Seguridad inal\u00e1mbrica WEP, WPA-PSK, WPA-TKIP,<br \/>?WPA2 AES, 802.11i<br \/>?Certificaciones CE, FCC, IC<br \/>?Montaje Pared \/ techo (incluidos)<br \/>?Temperatura de funcionamiento -10 a 70 C<br \/>?Humedad de funcionamiento 5 &#8211; 95% sin condensaci\u00f3n<br \/>?Control avanzado de tr\u00e1fico<br \/>?VLAN 802.1Q<br \/>?QoS avanzado por usuario<br \/>?Aislamiento de trafico para invitados<br \/>?Clientes simult\u00e1neos +500<\/p>\n","protected":false},"excerpt":{"rendered":"<p>Punto acceso inalambrico ubiquiti uap &#8211; ac &#8211; hd alta densidad<\/p>\n","protected":false},"featured_media":0,"comment_status":"open","ping_status":"open","template":"","meta":{"_et_pb_use_builder":"","_et_pb_old_content":"","_et_gb_content_width":""},"product_brand":[3298],"product_cat":[2058,3299,3261,3844],"product_tag":[3302,3264,3300],"class_list":{"0":"post-239008","1":"product","2":"type-product","3":"status-publish","5":"product_brand-ubiquiti","6":"product_cat-dispositivos","7":"product_cat-puntos-de-acceso","8":"product_cat-redes","9":"product_cat-ubiquiti","10":"product_tag-puntos-de-acceso","11":"product_tag-redes","12":"product_tag-ubiquiti","13":"product_shipping_class-2059","14":"pa_canon-digital-impuesto-incluido-de-0-e","15":"pa_categoria-redes","16":"pa_marca-ubiquiti","17":"pa_peso-3622","18":"pa_referencia-uap-ac-hd","20":"first","21":"instock","22":"sale","23":"taxable","24":"shipping-taxable","25":"purchasable","26":"product-type-simple"},"_links":{"self":[{"href":"https:\/\/linkxa.es\/linkshop\/wp-json\/wp\/v2\/product\/239008","targetHints":{"allow":["GET"]}}],"collection":[{"href":"https:\/\/linkxa.es\/linkshop\/wp-json\/wp\/v2\/product"}],"about":[{"href":"https:\/\/linkxa.es\/linkshop\/wp-json\/wp\/v2\/types\/product"}],"replies":[{"embeddable":true,"href":"https:\/\/linkxa.es\/linkshop\/wp-json\/wp\/v2\/comments?post=239008"}],"wp:attachment":[{"href":"https:\/\/linkxa.es\/linkshop\/wp-json\/wp\/v2\/media?parent=239008"}],"wp:term":[{"taxonomy":"product_brand","embeddable":true,"href":"https:\/\/linkxa.es\/linkshop\/wp-json\/wp\/v2\/product_brand?post=239008"},{"taxonomy":"product_cat","embeddable":true,"href":"https:\/\/linkxa.es\/linkshop\/wp-json\/wp\/v2\/product_cat?post=239008"},{"taxonomy":"product_tag","embeddable":true,"href":"https:\/\/linkxa.es\/linkshop\/wp-json\/wp\/v2\/product_tag?post=239008"}],"curies":[{"name":"wp","href":"https:\/\/api.w.org\/{rel}","templated":true}]}}