{"id":239035,"date":"2025-08-12T20:57:59","date_gmt":"2025-08-12T20:57:59","guid":{"rendered":"https:\/\/linkxa.es\/contratacion\/producto\/punto-acceso-inalambrico-ubiquiti-u7-iw-unifi\/"},"modified":"2025-12-07T22:30:04","modified_gmt":"2025-12-07T22:30:04","slug":"punto-acceso-inalambrico-ubiquiti-u7-iw-unifi","status":"publish","type":"product","link":"https:\/\/linkxa.es\/linkshop\/producto\/punto-acceso-inalambrico-ubiquiti-u7-iw-unifi\/","title":{"rendered":"Punto acceso inalambrico ubiquiti u7 &#8211; iw unifi"},"content":{"rendered":"<div style=\"text-align: center; margin-bottom: 20px;\">\n<h2 style=\"font-size: 22px; font-weight: 600; margin: 0; color: #333;\">Ubiquiti\u00a0|\u00a0 Puntos de acceso<\/h2>\n<\/div>\n<p style=\"max-width: 700px; margin: 0px auto 30px; font-size: 18px; line-height: 1.6; color: #555555; font-style: italic; text-align: left;\">-DIMENSIONES Y MONTAJE<br \/>Medidas de 137 x 98,7 x 30,2 mm. Peso de 400 g. Instalaci\u00f3n en pared con soporte met\u00e1lico incluido. Fabricado en policarbonato y aleaci\u00f3n de aluminio, con materiales de montaje de aleaci\u00f3n de aluminio.<br \/>-EST\u00c1NDAR Y VELOCIDAD WI-FI<br \/>Compatible con WiFi 7 (802.11be), as\u00ed como con WiFi 6, WiFi 5 y 802.11n. Ancho de canal de hasta 240 MHz. Velocidades m\u00e1ximas: 4.3 Gbps en 5 GHz y 688 Mbps en 2.4 GHz.<br \/>-RENDIMIENTO Y ALCANCE<br \/>Cubre hasta 115 m\u00b2 y soporta m\u00e1s de 200 dispositivos conectados simult\u00e1neamente. Cuenta con 4 flujos espaciales y tecnolog\u00eda MIMO 2&#215;2 en 5 GHz y 2.4 GHz (DL\/UL MU-MIMO).<br \/>-POTENCIA Y GANANCIA DE ANTENA<br \/>Ganancia de antena: 8 dBi (5 GHz) y 4 dBi (2.4 GHz). Potencia m\u00e1xima de transmisi\u00f3n: 24 dBm (5 GHz) y 23 dBm (2.4 GHz).<br \/>-GESTI\u00d3N Y FUNCIONES AVANZADAS<br \/>Gesti\u00f3n a trav\u00e9s de Ethernet. Compatible con UniFi Network (versi\u00f3n 9.0.114 o superior), aplicaci\u00f3n iOS (v10.20.2+) y Android (v10.21.7+). Incluye Band Steering, Fast Roaming (802.11r), BSS Transition (802.11v), RRM (802.11k), gesti\u00f3n avanzada de radio, WiFi programable, aislamiento de dispositivos, VLAN din\u00e1mica mediante RADIUS y RADIUS sobre TLS (RadSec).<br \/>-REDES INVITADAS Y AUTENTICACI\u00d3N<br \/>Incluye portal cautivo personalizable con autenticaci\u00f3n mediante contrase\u00f1a, voucher, pago, servidor externo, Passpoint (Hotspot 2.0) y clave precompartida privada (PPSK). Aislamiento para red de invitados y posibilidad de limitar la velocidad de conexi\u00f3n.<br \/>-CONECTIVIDAD Y ENERG\u00cdA<br \/>Incluye 3 puertos RJ45 de 2.5 GbE. Uno de ellos act\u00faa como entrada PoE+ y otro como salida PoE. Alimentaci\u00f3n mediante PoE o PoE+ (requerido para salida PoE). Consumo m\u00e1ximo de 13W (excluyendo salida PoE). Voltaje soportado entre 42.5 y 57V DC.<br \/>-CONDICIONES AMBIENTALES<br \/>Funcionamiento en temperaturas de -30 a 40\u00b0C y humedad de 5 a 95% sin condensaci\u00f3n.<br \/>-INDICADORES Y CERTIFICACIONES<br \/>LEDs de estado en blanco y azul. Certificaciones CE, FCC e IC. Cumple con la normativa NDAA.<\/p>\n","protected":false},"excerpt":{"rendered":"<p>Punto acceso inalambrico ubiquiti u7 &#8211; iw unifi<\/p>\n","protected":false},"featured_media":238998,"comment_status":"open","ping_status":"open","template":"","meta":{"_et_pb_use_builder":"","_et_pb_old_content":"","_et_gb_content_width":""},"product_brand":[3298],"product_cat":[2058,3299,3261,3844],"product_tag":[3302,3264,3300],"class_list":{"0":"post-239035","1":"product","2":"type-product","3":"status-publish","4":"has-post-thumbnail","6":"product_brand-ubiquiti","7":"product_cat-dispositivos","8":"product_cat-puntos-de-acceso","9":"product_cat-redes","10":"product_cat-ubiquiti","11":"product_tag-puntos-de-acceso","12":"product_tag-redes","13":"product_tag-ubiquiti","14":"product_shipping_class-2059","15":"pa_canon-digital-impuesto-incluido-de-0-e","16":"pa_categoria-redes","17":"pa_marca-ubiquiti","18":"pa_peso-3899","19":"pa_referencia-mgs0000028684","21":"first","22":"instock","23":"sale","24":"taxable","25":"shipping-taxable","26":"purchasable","27":"product-type-simple"},"_links":{"self":[{"href":"https:\/\/linkxa.es\/linkshop\/wp-json\/wp\/v2\/product\/239035","targetHints":{"allow":["GET"]}}],"collection":[{"href":"https:\/\/linkxa.es\/linkshop\/wp-json\/wp\/v2\/product"}],"about":[{"href":"https:\/\/linkxa.es\/linkshop\/wp-json\/wp\/v2\/types\/product"}],"replies":[{"embeddable":true,"href":"https:\/\/linkxa.es\/linkshop\/wp-json\/wp\/v2\/comments?post=239035"}],"wp:featuredmedia":[{"embeddable":true,"href":"https:\/\/linkxa.es\/linkshop\/wp-json\/wp\/v2\/media\/238998"}],"wp:attachment":[{"href":"https:\/\/linkxa.es\/linkshop\/wp-json\/wp\/v2\/media?parent=239035"}],"wp:term":[{"taxonomy":"product_brand","embeddable":true,"href":"https:\/\/linkxa.es\/linkshop\/wp-json\/wp\/v2\/product_brand?post=239035"},{"taxonomy":"product_cat","embeddable":true,"href":"https:\/\/linkxa.es\/linkshop\/wp-json\/wp\/v2\/product_cat?post=239035"},{"taxonomy":"product_tag","embeddable":true,"href":"https:\/\/linkxa.es\/linkshop\/wp-json\/wp\/v2\/product_tag?post=239035"}],"curies":[{"name":"wp","href":"https:\/\/api.w.org\/{rel}","templated":true}]}}