{"id":239036,"date":"2025-03-14T16:03:12","date_gmt":"2025-03-14T16:03:12","guid":{"rendered":"https:\/\/linkxa.es\/contratacion\/producto\/cloud-gateway-ubiquiti-udm-pro-11-puertos\/"},"modified":"2025-12-07T22:30:17","modified_gmt":"2025-12-07T22:30:17","slug":"cloud-gateway-ubiquiti-udm-pro-11-puertos","status":"publish","type":"product","link":"https:\/\/linkxa.es\/linkshop\/producto\/cloud-gateway-ubiquiti-udm-pro-11-puertos\/","title":{"rendered":"Cloud gateway ubiquiti udm &#8211; pro 11 puertos"},"content":{"rendered":"<div style=\"text-align: center; margin-bottom: 20px;\">\n<h2 style=\"font-size: 22px; font-weight: 600; margin: 0; color: #333;\">Ubiquiti\u00a0|\u00a0 Switch<\/h2>\n<\/div>\n<p style=\"max-width: 700px; margin: 0px auto 30px; font-size: 18px; line-height: 1.6; color: #555555; font-style: italic; text-align: left;\">-DIMENSIONES Y PESO<br \/>442.4 x 43.7 x 285.6 mm (17.4 x 1.7 x 11.2&#8243;)<br \/>Peso: 3.9 kg (8.6 lb)<br \/>Formato: Rack (1U)<br \/>-CONSTRUCCI\u00d3N Y DISE\u00d1O<br \/>Material del chasis: Aluminio CNC y acero SGCC<br \/>Material del soporte: Acero SGCC<br \/>Pantalla: T\u00e1ctil LCM de 1.3&#8243;<br \/>-ALIMENTACI\u00d3N<br \/>Consumo m\u00e1ximo: 33W<br \/>M\u00e9todo de alimentaci\u00f3n:<br \/>1 entrada AC universal (100?240V, 50\/60 Hz)<br \/>1 entrada DC USP-RPS<br \/>Fuente de alimentaci\u00f3n: Interna AC\/DC de 50W<br \/>Rango de voltaje soportado: 100?240V AC<br \/>Redundancia: Alimentaci\u00f3n de respaldo con energ\u00eda DC y modo Shadow (VRRP)<br \/>-PROCESADOR Y MEMORIA<br \/>Procesador: ARM\u00ae Cortex\u00ae-A57 de cuatro n\u00facleos a 1.7 GHz<br \/>Memoria RAM: 4 GB<br \/>Almacenamiento interno: 16 GB<br \/>-CONECTIVIDAD Y PUERTOS<br \/>Puertos WAN predeterminados:<br \/>(1) 10G SFP+<br \/>(1) 1 GbE RJ45<\/p>\n<p>Distribuci\u00f3n de puertos:<br \/>9 puertos 1 GbE RJ45 (1G\/100M\/10M)<br \/>2 puertos 10G SFP+ (10G\/1G)<br \/>M\u00e1ximo de puertos WAN: 8<br \/>-RENDIMIENTO<br \/>Dispositivos UniFi gestionados: 100+<br \/>C\u00e1maras gestionadas: hasta 24 HD, 14 2K, 8 4K<br \/>Usuarios simult\u00e1neos conectados: 1.000+<br \/>Rendimiento IDS\/IPS: 3.5 Gbps<br \/>Tabla de direcciones MAC: hasta 4.000 entradas<br \/>-ALMACENAMIENTO DE VIDEO (NVR)<br \/>Bah\u00eda para disco duro: 1 x 3.5&#8243; HDD NVR<br \/>-FIREWALL Y SEGURIDAD<br \/>Firewall con estado<br \/>Firewall de capa 7 con reconocimiento de aplicaciones<br \/>Identificaci\u00f3n de tr\u00e1fico y DPI<br \/>Firewall basado en zonas con filtrado avanzado por regiones, dominios y aplicaciones<br \/>Filtrado de contenido<br \/>Prevenci\u00f3n y detecci\u00f3n de intrusos (IPS\/IDS)<br \/>Bloqueo de anuncios<br \/>M\u00e1s de 55.000 firmas de IDS\/IPS con CyberSecure<br \/>Segmentaci\u00f3n de tr\u00e1fico por VLAN\/subred<br \/>-VPN Y CONECTIVIDAD REMOTA<br \/>VPN Site-to-Site: Site Magic, IPsec, OpenVPN<br \/>VPN Server: One-Click VPN, Teleport, WireGuard, OpenVPN, L2TP<br \/>VPN Client: WireGuard, OpenVPN<br \/>-FUNCIONES AVANZADAS<br \/>Balanceo Multi-WAN<br \/>Alta disponibilidad con Shadow Mode (VRRP)<br \/>Ruteo din\u00e1mico OSPF y BGP<br \/>QoS avanzado<br \/>Multicast DNS (mDNS)<br \/>NAT avanzado (SNAT, DNAT, enmascaramiento, NAT Pooling, NAT 1:1)<br \/>Servidor RADIUS integrado<br \/>Soporte para RADIUS sobre TLS (RadSec)<br \/>Backup LTE UniFi para tolerancia a fallos<br \/>Informes de calidad de internet y cortes<br \/>Ruteo WAN y VPN basado en pol\u00edticas<br \/>Servidor DHCP personalizable<br \/>Compatibilidad con ISP IPv6<br \/>Proxy IGMP<br \/>-COMPATIBILIDAD CON APLICACIONES UNIFI<br \/>Compatible con UniFi Network, Protect, Access, Talk y Connect<br \/>-GESTI\u00d3N Y MONITORIZACI\u00d3N<br \/>Gesti\u00f3n v\u00eda Ethernet y Bluetooth<br \/>Indicadores LED: Ethernet, SFP+, RPS, PSU, HDD<br \/>Bot\u00f3n f\u00edsico de reseteo de f\u00e1brica<br \/>-CONDICIONES AMBIENTALES<br \/>Temperatura de funcionamiento: -10 a 40 \u00b0C<br \/>Humedad de funcionamiento: 5 a 95% sin condensaci\u00f3n<br \/>Protecci\u00f3n ESD\/EMP: Aire \u00b115kV, Contacto \u00b18kV<br \/>-CUMPLIMIENTO Y CERTIFICACIONES<br \/>Compatible con NDAA<br \/>Certificaciones: CE, FCC, IC, Anatel, SRRC<\/p>\n","protected":false},"excerpt":{"rendered":"<p>Cloud gateway ubiquiti udm &#8211; pro 11 puertos<\/p>\n","protected":false},"featured_media":239003,"comment_status":"open","ping_status":"open","template":"","meta":{"_et_pb_use_builder":"","_et_pb_old_content":"","_et_gb_content_width":""},"product_brand":[3298],"product_cat":[2058,3261,3270,3864],"product_tag":[3264,3273,3300],"class_list":{"0":"post-239036","1":"product","2":"type-product","3":"status-publish","4":"has-post-thumbnail","6":"product_brand-ubiquiti","7":"product_cat-dispositivos","8":"product_cat-redes","9":"product_cat-switch","10":"product_cat-ubiquiti-switch","11":"product_tag-redes","12":"product_tag-switch","13":"product_tag-ubiquiti","14":"product_shipping_class-2088","15":"pa_canon-digital-impuesto-incluido-de-0-e","16":"pa_categoria-redes","17":"pa_marca-ubiquiti","18":"pa_peso-3901","19":"pa_referencia-mgs0000028688","21":"first","22":"instock","23":"sale","24":"taxable","25":"shipping-taxable","26":"purchasable","27":"product-type-simple"},"_links":{"self":[{"href":"https:\/\/linkxa.es\/linkshop\/wp-json\/wp\/v2\/product\/239036","targetHints":{"allow":["GET"]}}],"collection":[{"href":"https:\/\/linkxa.es\/linkshop\/wp-json\/wp\/v2\/product"}],"about":[{"href":"https:\/\/linkxa.es\/linkshop\/wp-json\/wp\/v2\/types\/product"}],"replies":[{"embeddable":true,"href":"https:\/\/linkxa.es\/linkshop\/wp-json\/wp\/v2\/comments?post=239036"}],"wp:featuredmedia":[{"embeddable":true,"href":"https:\/\/linkxa.es\/linkshop\/wp-json\/wp\/v2\/media\/239003"}],"wp:attachment":[{"href":"https:\/\/linkxa.es\/linkshop\/wp-json\/wp\/v2\/media?parent=239036"}],"wp:term":[{"taxonomy":"product_brand","embeddable":true,"href":"https:\/\/linkxa.es\/linkshop\/wp-json\/wp\/v2\/product_brand?post=239036"},{"taxonomy":"product_cat","embeddable":true,"href":"https:\/\/linkxa.es\/linkshop\/wp-json\/wp\/v2\/product_cat?post=239036"},{"taxonomy":"product_tag","embeddable":true,"href":"https:\/\/linkxa.es\/linkshop\/wp-json\/wp\/v2\/product_tag?post=239036"}],"curies":[{"name":"wp","href":"https:\/\/api.w.org\/{rel}","templated":true}]}}