{"id":239038,"date":"2025-03-14T14:21:36","date_gmt":"2025-03-14T14:21:36","guid":{"rendered":"https:\/\/linkxa.es\/contratacion\/producto\/adaptador-ubiquiti-networks-poe-48v-dc\/"},"modified":"2025-12-07T22:31:01","modified_gmt":"2025-12-07T22:31:01","slug":"adaptador-ubiquiti-networks-poe-48v-dc","status":"publish","type":"product","link":"https:\/\/linkxa.es\/linkshop\/producto\/adaptador-ubiquiti-networks-poe-48v-dc\/","title":{"rendered":"Adaptador ubiquiti networks poe 48v dc"},"content":{"rendered":"<div style=\"text-align: center; margin-bottom: 20px;\">\n<h2 style=\"font-size: 22px; font-weight: 600; margin: 0; color: #333;\">Ubiquiti\u00a0|\u00a0 Accesorios redes<\/h2>\n<\/div>\n<p style=\"max-width: 700px; margin: 0px auto 30px; font-size: 18px; line-height: 1.6; color: #555555; font-style: italic; text-align: left;\">UBIQUITI U-POE-AT<br \/>Inyector gigabit PoE+ (802.3at) capaz de entregar 30W de potencia<\/p>\n<p>El U-PoE-AT es un inyector PoE + dise\u00f1ado para alimentar dispositivos compatibles con 802.3at. Capaz de entregar 30 W de potencia PoE +, el U-PoE-AT se puede utilizar para alimentar cualquier punto de acceso U6 (U6-LR, U6-Lite, U6-Pro), al mismo tiempo que protege contra sobretensiones el\u00e9ctricas.<\/p>\n<p>-Proporciona hasta 30 W de potencia PoE + (802.3at)<br \/>-Compatible con la pr\u00f3xima generaci\u00f3n de puntos de acceso U6<br \/>-Protecci\u00f3n contra sobretensiones y protecci\u00f3n de sujeci\u00f3n<br \/>-Cable de CA con toma de tierra<\/p>\n<p>\u00a0<br \/>Specifications<br \/>Model\u00a0\u00a0U-POE-at<br \/>Dimensions\u00a0\u00a093 x 62 x 35 mm (3.66 x 2.44 x 1.38&#8243;)<br \/>Weight\u00a0\u00a0156 g (5.5 oz)<br \/>Output voltage\u00a0\u00a048V DC @ 0.65A<br \/>LAN activity indicator\u00a0\u00a0No<br \/>Gigabit LAN port\u00a0\u00a0Yes<br \/>Remote reset capability\u00a0\u00a0No<br \/>Reset button\u00a0\u00a0No<br \/>Rated voltage\u00a0\u00a0100?240V AC @ 50\/60Hz<br \/>Input current\u00a0\u00a00.75A Max.<br \/>Inrush current\u00a0\u00a0&#038;lt,100A peak at 26_<br \/>Efficiency\u00a0\u00a087%<br \/>Output ripple\u00a0\u00a01% max.<br \/>Switching frequency\u00a0\u00a070 kHz max.<br \/>Line regulation\u00a0\u00a0? 3%<br \/>Load regulation\u00a0\u00a0? 5%<br \/>2-pair powering\u00a0\u00a0Pins 4, 5 (+) and 7, 8 (-)<br \/>4-pair powering\u00a0\u00a0No<br \/>AC connector\u00a0\u00a0IEC-320 C6<br \/>Data In \/ PoE\u00a0\u00a0RJ45 shielded socket<br \/>Surge protection\u00a0\u00a0Difference and common mode<br \/>Clamping protection\u00a0\u00a011V data, 60V power<br \/>Max. surge discharge\u00a0\u00a01500A (8\/20 _s) power<br \/>Peak pulse current\u00a0\u00a036A (10\/1000 _s) data<br \/>Shunt capacitance\u00a0\u00a0&#038;lt,5 pF data<br \/>Response time\u00a0\u00a0&#038;lt,1 ns<br \/>Operating temperature\u00a0\u00a00 to 40\u00b0 C (32 to 104\u00b0 F)<br \/>Storage temperature\u00a0\u00a0-30 to 70\u00b0C (-22 to 158\u00b0 F)<br \/>Operating humidity\u00a0\u00a010 to 95% noncondensing<br \/>Certifications\u00a0\u00a0CE, FCC, IC, UL<\/p>\n","protected":false},"excerpt":{"rendered":"<p>Adaptador ubiquiti networks poe 48v dc 30w u &#8211; poe &#8211; at<\/p>\n","protected":false},"featured_media":0,"comment_status":"open","ping_status":"open","template":"","meta":{"_et_pb_use_builder":"","_et_pb_old_content":"","_et_gb_content_width":""},"product_brand":[3298],"product_cat":[3280,2058,3261,3852],"product_tag":[3283,3264,3300],"class_list":{"0":"post-239038","1":"product","2":"type-product","3":"status-publish","5":"product_brand-ubiquiti","6":"product_cat-accesorios-redes","7":"product_cat-dispositivos","8":"product_cat-redes","9":"product_cat-ubiquiti-accesorios-redes","10":"product_tag-accesorios-redes","11":"product_tag-redes","12":"product_tag-ubiquiti","13":"product_shipping_class-2059","14":"pa_canon-digital-impuesto-incluido-de-0-e","15":"pa_categoria-redes","16":"pa_marca-ubiquiti","17":"pa_peso-3905","18":"pa_referencia-mgs0000029514","20":"first","21":"instock","22":"sale","23":"taxable","24":"shipping-taxable","25":"purchasable","26":"product-type-simple"},"_links":{"self":[{"href":"https:\/\/linkxa.es\/linkshop\/wp-json\/wp\/v2\/product\/239038","targetHints":{"allow":["GET"]}}],"collection":[{"href":"https:\/\/linkxa.es\/linkshop\/wp-json\/wp\/v2\/product"}],"about":[{"href":"https:\/\/linkxa.es\/linkshop\/wp-json\/wp\/v2\/types\/product"}],"replies":[{"embeddable":true,"href":"https:\/\/linkxa.es\/linkshop\/wp-json\/wp\/v2\/comments?post=239038"}],"wp:attachment":[{"href":"https:\/\/linkxa.es\/linkshop\/wp-json\/wp\/v2\/media?parent=239038"}],"wp:term":[{"taxonomy":"product_brand","embeddable":true,"href":"https:\/\/linkxa.es\/linkshop\/wp-json\/wp\/v2\/product_brand?post=239038"},{"taxonomy":"product_cat","embeddable":true,"href":"https:\/\/linkxa.es\/linkshop\/wp-json\/wp\/v2\/product_cat?post=239038"},{"taxonomy":"product_tag","embeddable":true,"href":"https:\/\/linkxa.es\/linkshop\/wp-json\/wp\/v2\/product_tag?post=239038"}],"curies":[{"name":"wp","href":"https:\/\/api.w.org\/{rel}","templated":true}]}}