{"id":239081,"date":"2025-09-12T15:38:09","date_gmt":"2025-09-12T15:38:09","guid":{"rendered":"https:\/\/linkxa.es\/contratacion\/producto\/switch-16-puertos-10-100-tp-link\/"},"modified":"2025-12-08T12:00:00","modified_gmt":"2025-12-08T12:00:00","slug":"switch-16-puertos-10-100-tp-link","status":"publish","type":"product","link":"https:\/\/linkxa.es\/linkshop\/producto\/switch-16-puertos-10-100-tp-link\/","title":{"rendered":"Switch 16 puertos 10 100 tp &#8211; link"},"content":{"rendered":"<div style=\"text-align: center; margin-bottom: 20px;\">\n<h2 style=\"font-size: 22px; font-weight: 600; margin: 0; color: #333;\">Tp &#8211; link\u00a0|\u00a0 Switch<\/h2>\n<p><strong>Switch 16 puertos 10 &#8211; 100 tp &#8211; link<\/strong><\/p>\n<\/div>\n<p style=\"max-width: 700px; margin: 0px auto 30px; font-size: 18px; line-height: 1.6; color: #555555; font-style: italic; text-align: left;\">Switch de sobremesa con 16 puertos a 10\/100 Mbps TL-SF1016D<\/p>\n<p>16 puertos RJ45 a 10\/100 Mbps con detecci\u00f3n autom\u00e1tica de velocidad,<br \/>soporte para MDI\/MDIX autom\u00e1tico<br \/>Tecnolog\u00eda de ahorro de energ\u00eda para Ethernet que reduce el consumo hasta<br \/>un 70%<br \/>El control de flujo IEEE 802.3x permite una transmisi\u00f3n fiable de datos<br \/>Carcasa de pl\u00e1stico, dise\u00f1ado para ser usado como equipo de sobremesa o<br \/>montarlo en la pared<br \/>Plug and Play, sin ninguna configuraci\u00f3n adicional<\/p>\n<p>Qu\u00e9 hace este producto<\/p>\n<p>El Switch 10\/100Mbps de Escritorio \/ rack de 16 puertos TL-SF1016DS le<br \/>proporciona una soluci\u00f3n de alto rendimiento, bajo costo, f\u00e1cil de usar, sin<br \/>fisuras y est\u00e1ndar para mejorar su red antigua a una red de 100Mbps. Todos los<br \/>puertos soportan auto 16 MDI \/ MDIX por lo que no hay necesidad de<br \/>preocuparse por el tipo de cable, s\u00f3lo tiene que enchufar y listo. Por otra parte,<br \/>con su innovadora tecnolog\u00eda de eficiencia energ\u00e9tica, el TL-SF1016DS puede<br \/>ahorrar hasta un 70% * del consumo de energ\u00eda y el 80% del material de<br \/>embalaje puede ser reciclado por lo que es una soluci\u00f3n ecol\u00f3gica para su red<br \/>de negocios.<br \/>Alto Rendimiento<\/p>\n<p>El dise\u00f1o de la caja de acero Tama\u00f1o de montaje en rack, en combinaci\u00f3n con<br \/>una fuente de alimentaci\u00f3n interna con homologaci\u00f3n de seguridad, hacer el<br \/>cambio en el producto m\u00e1s robusto, que es muy rentable para un entorno de<br \/>menos de 16 usuarios. Con una arquitectura de conmutaci\u00f3n sin bloqueo, TL-<br \/>SF1016DS env\u00eda y filtra paquetes a velocidad de cable para un m\u00e1ximo<br \/>rendimiento. Y el control de flujo IEEE 802.3x para modo Full Duplex y<br \/>contrapresi\u00f3n para modo Half Duplex aliviar la congesti\u00f3n del tr\u00e1fico y hacer<br \/>TL-SF1016DS funciona correctamente.<br \/>Tecnolog\u00eda Green de TP-LINK<\/p>\n<p>Esta nueva generaci\u00f3n de Switch 10\/100Mbps de escritorio \/ montaje en rack de<br \/>16 puertos TL-SF1016DS cuenta con las \u00faltimas tecnolog\u00edas de eficiencia<br \/>energ\u00e9tica que pueden ampliar en gran medida su capacidad de red con mucha<br \/>menos potencia. Se ajusta autom\u00e1ticamente el consumo de energ\u00eda de acuerdo<br \/>con el estado del enlace y la longitud del cable para limitar la huella de carbono<br \/>de su red.<\/p>\n<p>Tambi\u00e9n cumple con la normativa europea RoHS que proh\u00edbe el uso de ciertos<br \/>materiales peligrosos. Adem\u00e1s, el 80% del material de embalaje puede ser<br \/>reciclado.<br \/>Facilidad de uso<\/p>\n<p>Las caracter\u00edsticas autom\u00e1ticas plug-and-play de este switch ethernet hacen la<br \/>instalaci\u00f3n r\u00e1pida y sin complicaciones. No se requiere ninguna configuraci\u00f3n<br \/>adicional. Su Auto MDI \/ MDIX elimina la necesidad de cables cruzados. Su Auto-<br \/>negociaci\u00f3n en cada puerto detecta la velocidad de enlace de un dispositivo de<br \/>red (10, 100 Mbps) y lo ajusta de forma inteligente para una compatibilidad y<br \/>rendimiento \u00f3ptimo.<\/p>\n","protected":false},"excerpt":{"rendered":"<p>Switch 16 puertos 10 &#8211; 100 tp &#8211; link<\/p>\n","protected":false},"featured_media":239082,"comment_status":"open","ping_status":"open","template":"","meta":{"_et_pb_use_builder":"","_et_pb_old_content":"","_et_gb_content_width":""},"product_brand":[3946],"product_cat":[2058,3261,3270,3955],"product_tag":[3264,3273,3948],"class_list":{"0":"post-239081","1":"product","2":"type-product","3":"status-publish","4":"has-post-thumbnail","6":"product_brand-tp-link","7":"product_cat-dispositivos","8":"product_cat-redes","9":"product_cat-switch","10":"product_cat-tp-link-switch","11":"product_tag-redes","12":"product_tag-switch","13":"product_tag-tp-link","14":"product_shipping_class-2059","15":"pa_canon-digital-impuesto-incluido-de-0-e","16":"pa_categoria-redes","17":"pa_marca-tp-link","18":"pa_peso-3977","19":"pa_referencia-tl-sf1016d","21":"first","22":"instock","23":"sale","24":"taxable","25":"shipping-taxable","26":"purchasable","27":"product-type-simple"},"_links":{"self":[{"href":"https:\/\/linkxa.es\/linkshop\/wp-json\/wp\/v2\/product\/239081","targetHints":{"allow":["GET"]}}],"collection":[{"href":"https:\/\/linkxa.es\/linkshop\/wp-json\/wp\/v2\/product"}],"about":[{"href":"https:\/\/linkxa.es\/linkshop\/wp-json\/wp\/v2\/types\/product"}],"replies":[{"embeddable":true,"href":"https:\/\/linkxa.es\/linkshop\/wp-json\/wp\/v2\/comments?post=239081"}],"wp:featuredmedia":[{"embeddable":true,"href":"https:\/\/linkxa.es\/linkshop\/wp-json\/wp\/v2\/media\/239082"}],"wp:attachment":[{"href":"https:\/\/linkxa.es\/linkshop\/wp-json\/wp\/v2\/media?parent=239081"}],"wp:term":[{"taxonomy":"product_brand","embeddable":true,"href":"https:\/\/linkxa.es\/linkshop\/wp-json\/wp\/v2\/product_brand?post=239081"},{"taxonomy":"product_cat","embeddable":true,"href":"https:\/\/linkxa.es\/linkshop\/wp-json\/wp\/v2\/product_cat?post=239081"},{"taxonomy":"product_tag","embeddable":true,"href":"https:\/\/linkxa.es\/linkshop\/wp-json\/wp\/v2\/product_tag?post=239081"}],"curies":[{"name":"wp","href":"https:\/\/api.w.org\/{rel}","templated":true}]}}