{"id":239085,"date":"2025-03-01T21:06:21","date_gmt":"2025-03-01T21:06:21","guid":{"rendered":"https:\/\/linkxa.es\/contratacion\/producto\/switch-5-puertos-10-100-1000-2\/"},"modified":"2025-12-08T12:00:58","modified_gmt":"2025-12-08T12:00:58","slug":"switch-5-puertos-10-100-1000-2","status":"publish","type":"product","link":"https:\/\/linkxa.es\/linkshop\/producto\/switch-5-puertos-10-100-1000-2\/","title":{"rendered":"Switch 5 puertos 10 100 1000"},"content":{"rendered":"<div style=\"text-align: center; margin-bottom: 20px;\">\n<h2 style=\"font-size: 22px; font-weight: 600; margin: 0; color: #333;\">Tp &#8211; link\u00a0|\u00a0 Switch<\/h2>\n<p><strong>Switch 5 puertos 10 &#8211; 100 &#8211; 1000 4 ptos poe 56w tp &#8211; link<\/strong><\/p>\n<\/div>\n<p style=\"max-width: 700px; margin: 0px auto 30px; font-size: 18px; line-height: 1.6; color: #555555; font-style: italic; text-align: left;\">Switch de Sobremesa de 5 Puertos Gigabit con 4 puertos PoE TL-SG1005P<\/p>\n<p>5 puertos RJ45 10\/100\/1000Mbps<br \/>Con 4 puertos PoE, energ\u00eda el\u00e9ctrica y datos se transmiten sobre un solo<br \/>cable Compatible con dispositivos bajo standard IEEE 802.3af, permite la<br \/>expansi\u00f3n de una red dom\u00e9stica o de oficina<br \/>QoS 802.1p\/DSCP habilita la eleci\u00f3n de tr\u00e1fico sesible para garantizar una<br \/>latencia baja<br \/>Soporta PoE hasta 15,4W por cada puerto<br \/>Soporta PoE total de 56W por todos los puertos<br \/>No necesita de configuraci\u00f3n ni instalaci\u00f3n<\/p>\n<p>Para qu\u00e9 sirve este producto<\/p>\n<p>TL-SG1005P se trata de un switch de 5 puertos 10\/100\/1000Mbps no gestionable,<br \/>que no necesita ninguna configuraci\u00f3n y proporciona 4 ouertos PoE (Energ\u00eda<br \/>sobre Ethernet). Puede detectar y suministrar energ\u00eda autom\u00e1ticamente a<br \/>aquellos Dispositivos Alimentados bajo standard IEEE 802.3af. En \u00e9ste caso, la<br \/>energ\u00eda el\u00e9ctrica se transmite a la vez que los datos por un solo cable<br \/>permitiendo la expansi\u00f3n de de su red hacia zonas sin enchufes o cables<br \/>el\u00e9ctricos, donde se puede instalar dispositivos como Puntos de Acceso,<br \/>C\u00e1maras IP o Tel\u00e9fonos IP, etc.<br \/>Energia sobre Ethernet<\/p>\n<p>4 de los 5 puertos RJ45 con negociaci\u00f3n autom\u00e1tica (del puerto 1 al 4) del switch<br \/>soportan el modo Power over Ethernet (PoE). Estos puertos PoE detectan<br \/>autom\u00e1ticamente la presencia de dispositivos PoE compatibles con el est\u00e1ndar<br \/>IEEE 802.3af y les suministran alimentaci\u00f3n el\u00e9ctrica<\/p>\n<p>Protecci\u00f3n contra Sobrecargas<\/p>\n<p>El TL-SG1005P dispone de una funci\u00f3n de prioridad* que ayuda a proteger el<br \/>equipo cuando se produce una sobrecarga en la alimentaci\u00f3n del sistema. Si el<br \/>consumo el\u00e9ctrico de todos los equipos PoE es mayor o igual que 56 W, se<br \/>establece una prioridad de alimentaci\u00f3n entre los puertos PoE en funci\u00f3n de la<br \/>cual el switch interrumpe la alimentaci\u00f3n en el puerto que posea una menor<br \/>prioridad.<\/p>\n<p>Funci\u00f3n de Prioridad en los Puertos<\/p>\n<p>Prioridad (puerto 1 &#038;gt, puerto 2 &#038;gt, puerto 3 &#038;gt, puerto 4): Esta funci\u00f3n le ayuda a<br \/>proteger el sistema en condiciones de trabajo normal, lo que significa que el<br \/>Puerto 4 dejar\u00e1 de suministrar energ\u00eda cuando le portencia total de todos los<br \/>equipos alimentados supera 56W. Por ejemplo, los puertos 1, 2 y 4 est\u00e1n<br \/>utilizando 15,4 W (la potencia m\u00e1xima por puerto es de 15,4 W), por lo que el<br \/>suministro del sistema es de 56W en total. Si se conecta un dispositivo PoE<br \/>adicional que consume 10 W en el puerto 3, el equipo desconecta la<br \/>alimentaci\u00f3n del puerto 4 para protegerse. De este modo, los puertos 1 y 2<br \/>consumir\u00e1n 15,4 W, el puerto 3 utilizar\u00e1 10 W y no se suministrar\u00e1 alimentaci\u00f3n<br \/>al puerto 4.<br \/>F\u00e1cil de Usar<\/p>\n<p>El TL-SG1005P es f\u00e1cil de instalar y utilizar. No requiere ning\u00fan tipo de<br \/>configuraci\u00f3n o instalaci\u00f3n. Con su dise\u00f1o de sobremesa y excepcional<br \/>rendimiento y calidad, el switch de 5 puertos Gigabit con 4 puertos PoE TL-<br \/>SG1005P de TP-LINK resulta una excelente elecci\u00f3n para ampliar tanto su red<br \/>dom\u00e9stica como la de su oficina<br \/>CARACTER\u00cdSTICAS DE HARDWARE<br \/>Interfaz 5 puertos RJ45 a 10\/100\/1000Mbps<br \/>Negociaci\u00f3n autom\u00e1tica, MDI\/MDIX autom\u00e1tico<br \/>Medios de Red 10BASE-T: cable UTP Categor\u00eda 3, 4, 5 (m\u00e1ximo 100 metros)<br \/>EIA\/TIA-568 100 STP (m\u00e1ximo 100 m)<br \/>100BASE-TX: cable UTP Categor\u00edas 5, 5E (m\u00e1ximo 100 metros)<br \/>EIA\/TIA-568 100 STP (m\u00e1ximo 100 m)<br \/>1000BASE-T: cable UTP Categor\u00edas 5, 5E, 6 o superior (m\u00e1ximo 100 metros)<br \/>EIA\/TIA-568 100 STP (m\u00e1ximo 100 m)<br \/>Cantidad de Ventiladores Sin ventiladores<br \/>Consumo de Potencia M\u00e1ximo (PoE on): 63,31W (220V\/50Hz)<br \/>M\u00e1ximo (PoE off): 4,26W (220V\/50Hz)<br \/>Fuente de Alimentaci\u00f3n Externa Fuente de Alimentaci\u00f3n Externa (Salida:<br \/>48VDC \/ 1.25A)<br \/>Puertos PoE (RJ45) Est\u00e1ndard: 802.3 af compatible<br \/>Puertos PoE: Puerto1- Puerto4<br \/>Alimentaci\u00f3n El\u00e9ctrica: 56W<br \/>Ancho de Banda de la Red Central 10Gbps<br \/>Tabla de Direcci\u00f3n MAC 2K<br \/>Dimensiones 99.8 x 98 x 25 mm (3.9 x 3.9 x 1.0 in.)<br \/>CARACTER\u00cdSTICAS DE SOFTWARE<br \/>Caracter\u00edsticas Avanzadas Compatible con Dispositivos Alimentados IEEE<br \/>802.3af<br \/>Funci\u00f3n de Prioridad<br \/>Direcciones MAC: Auto Aprendizaje y Auto Envejecimiento<br \/>Control de Flujo EEE802.3x<br \/>802.1p\/DSCP QoS<br \/>IGMP Snooping<br \/>M\u00e9todo de Transferencia Store-And-Forward (Almacenamiento y reenv\u00edo)<br \/>Otros<br \/>Certificaciones FCC, CE, RoHS<br \/>Contenido del Paquete TL-SG1005P, Adaptador de corriente, Manual de<br \/>Usuario<br \/>Consumo 4,26 vatios (m\u00e1x. sin dispositivos PoE conectados)<br \/>63,31 vatios (m\u00e1x. con dispositivos PoE conectados consumiendo 56W)<br \/>Factores Ambientales Temperatura de funcionamiento: 0~40<br \/>(32~104)<br \/>Temperatura de almacenamiento: -40~70 (-40~158)<br \/>Humedad de funcionamiento: 10%~90% sin condensaci\u00f3n<br \/>Humedad de almacenamiento: 5%~90% sin condensaci\u00f3n<\/p>\n","protected":false},"excerpt":{"rendered":"<p>Switch 5 puertos 10 &#8211; 100 &#8211; 1000 4 ptos poe 56w tp &#8211; link<\/p>\n","protected":false},"featured_media":239086,"comment_status":"open","ping_status":"open","template":"","meta":{"_et_pb_use_builder":"","_et_pb_old_content":"","_et_gb_content_width":""},"product_brand":[3946],"product_cat":[2058,3261,3270,3955],"product_tag":[3264,3273,3948],"class_list":{"0":"post-239085","1":"product","2":"type-product","3":"status-publish","4":"has-post-thumbnail","6":"product_brand-tp-link","7":"product_cat-dispositivos","8":"product_cat-redes","9":"product_cat-switch","10":"product_cat-tp-link-switch","11":"product_tag-redes","12":"product_tag-switch","13":"product_tag-tp-link","14":"product_shipping_class-2059","15":"pa_canon-digital-impuesto-incluido-de-0-e","16":"pa_categoria-redes","17":"pa_marca-tp-link","18":"pa_peso-3981","19":"pa_referencia-tl-sg1005p","21":"first","22":"instock","23":"sale","24":"taxable","25":"shipping-taxable","26":"purchasable","27":"product-type-simple"},"_links":{"self":[{"href":"https:\/\/linkxa.es\/linkshop\/wp-json\/wp\/v2\/product\/239085","targetHints":{"allow":["GET"]}}],"collection":[{"href":"https:\/\/linkxa.es\/linkshop\/wp-json\/wp\/v2\/product"}],"about":[{"href":"https:\/\/linkxa.es\/linkshop\/wp-json\/wp\/v2\/types\/product"}],"replies":[{"embeddable":true,"href":"https:\/\/linkxa.es\/linkshop\/wp-json\/wp\/v2\/comments?post=239085"}],"wp:featuredmedia":[{"embeddable":true,"href":"https:\/\/linkxa.es\/linkshop\/wp-json\/wp\/v2\/media\/239086"}],"wp:attachment":[{"href":"https:\/\/linkxa.es\/linkshop\/wp-json\/wp\/v2\/media?parent=239085"}],"wp:term":[{"taxonomy":"product_brand","embeddable":true,"href":"https:\/\/linkxa.es\/linkshop\/wp-json\/wp\/v2\/product_brand?post=239085"},{"taxonomy":"product_cat","embeddable":true,"href":"https:\/\/linkxa.es\/linkshop\/wp-json\/wp\/v2\/product_cat?post=239085"},{"taxonomy":"product_tag","embeddable":true,"href":"https:\/\/linkxa.es\/linkshop\/wp-json\/wp\/v2\/product_tag?post=239085"}],"curies":[{"name":"wp","href":"https:\/\/api.w.org\/{rel}","templated":true}]}}