{"id":239094,"date":"2025-01-19T11:33:37","date_gmt":"2025-01-19T11:33:37","guid":{"rendered":"https:\/\/linkxa.es\/contratacion\/producto\/switch-24-puertso-10-100-1000\/"},"modified":"2025-12-08T12:03:59","modified_gmt":"2025-12-08T12:03:59","slug":"switch-24-puertso-10-100-1000","status":"publish","type":"product","link":"https:\/\/linkxa.es\/linkshop\/producto\/switch-24-puertso-10-100-1000\/","title":{"rendered":"Switch 24 puertso 10 100 1000"},"content":{"rendered":"<div style=\"text-align: center; margin-bottom: 20px;\">\n<h2 style=\"font-size: 22px; font-weight: 600; margin: 0; color: #333;\">Tp &#8211; link\u00a0|\u00a0 Switch<\/h2>\n<p><strong>Switch 24 puertso 10 &#8211; 100 &#8211; 1000 rack 19 pulgadas 1u tp &#8211; link<\/strong><\/p>\n<\/div>\n<p style=\"max-width: 700px; margin: 0px auto 30px; font-size: 18px; line-height: 1.6; color: #555555; font-style: italic; text-align: left;\">Switch con 24 puertos Gigabit TL-SG1024<\/p>\n<p>24 puertos RJ45 a 10\/100\/1000 Mbps<br \/>Innovadora tecnolog\u00eda de eficiencia energ\u00e9tica que ahorra hasta un 40% de<br \/>energ\u00eda<br \/>Soporta aprendizaje de direcciones MAC (Auto-Learning) y MDI\/MDIX<br \/>autom\u00e1tico<br \/>Carcasa met\u00e1lica est\u00e1ndar de 19 pulgadas<\/p>\n<p>Para qu\u00e9 sirve este producto<\/p>\n<p>El Switch TL-SG1024 Gigabit Ethernet le ofrece una soluci\u00f3n de alto rendimiento,<br \/>bajo costo, f\u00e1cil de usar, sin fisuras y est\u00e1ndar para mejorar su red antigua a<br \/>una red a 1000Mbps. Todos los puertos soportan auto MDI \/ MDIX por lo que no<br \/>hay necesidad de preocuparse por el tipo de cable, s\u00f3lo tiene que enchufar y<br \/>listo.<br \/>Por otra parte, con la innovadora tecnolog\u00eda de eficiencia energ\u00e9tica, el TL-<br \/>SG1016 puede ahorrar hasta un 25% del consumo de energ\u00eda, y como el 80% del<br \/>material de embalaje puede ser reciclado es una soluci\u00f3n ecol\u00f3gica para su red<br \/>de negocios.<br \/>Tecnolog\u00eda de eficiencia energ\u00e9tica de TP-LINK<\/p>\n<p>Este Switch Gigabit TL-SG1024 de nueva generaci\u00f3n cuenta con las \u00faltimas e<br \/>innovadoras tecnolog\u00edas de eficiencia energ\u00e9tica que pueden ampliar en gran<br \/>medida su capacidad de red con mucho menos consumo. \u00c9ste ajusta<br \/>autom\u00e1ticamente el consumo de energ\u00eda de acuerdo con el estado del enlace<br \/>para limitar la huella de carbono de su red. Tambi\u00e9n cumple con la DE RoHS de<br \/>la UE, que proh\u00edbe el uso de ciertos materiales peligrosos. Adem\u00e1s, el 80% del<br \/>material de embalaje puede ser reciclado.<br \/>Alto rendimiento<\/p>\n<p>Todos sus 24 puertos son Gigabit RJ-45 que proporcionan una gran<br \/>transferencia de archivos y tambi\u00e9n son compatible con dispositivos Ethernet de<br \/>10Mbps y 100Mbps. Con su arquitectura de no bloqueo, el TL-SG1024 redirige y<br \/>filtra paquetes a la m\u00e1xima velocidad del cable para un rendimiento m\u00e1ximo.<br \/>Con su paquete Jumbo 10KB, el rendimiento de grandes transferencias de<br \/>archivos se mejora considerablemente. El control de flujo IEEE 802.3x para el<br \/>modo Full Duplex y la contrapresi\u00f3n para el modo Half Duplex alivian la<br \/>congesti\u00f3n del tr\u00e1fico y hacen el trabajo del TL-SG1024 fiable. Es una opci\u00f3n<br \/>perfecta para actualizar su red a Gigabit al tiempo que protege correctamente su<br \/>inversi\u00f3n anterior.<br \/>Facilidad de uso<\/p>\n<p>Las caracter\u00edsticas autom\u00e1ticas de este Switch Gigabit hacen la instalaci\u00f3n plug<br \/>and play y sin complicaciones. No se requiere ninguna configuraci\u00f3n. Su auto<br \/>MDI \/ MDIX elimina la necesidad de cables cruzados y su auto-negociaci\u00f3n en<br \/>cada puerto detecta la velocidad de enlace de un dispositivo de red (10, 100 o<br \/>1000 Mbps) y ajusta de forma inteligente para una compatibilidad y rendimiento<br \/>\u00f3ptimos.<\/p>\n<p>Innovadora tecnolog\u00eda de eficiencia energ\u00e9tica que ahorra hasta un 40% de<br \/>energ\u00eda<br \/>Tasa de filtrado de datos del 100%, lo que elimina todos los paquetes<br \/>err\u00f3neos Soporta control de flujo IEEE 802.3x en modo Full Duplex y<br \/>Back-Pressure en modo Half Duplex<br \/>Arquitectura de switching sin bloqueos para el reenv\u00edo y filtrado de paquetes<br \/>a la m\u00e1xima velocidad del cable para obtener un rendimiento \u00f3ptimo.<br \/>Capacidad de switching de 48 Gbps<br \/>La detecci\u00f3n autom\u00e1tica MDI\/MDIX hace innecesario el uso de cables<br \/>cruzados.<br \/>Soporta aprendizaje y caducidad autom\u00e1ticas de direcciones MAC (Auto-<br \/>Learning y Auto-aging)<br \/>Soporte para negociaci\u00f3n autom\u00e1tica de puerto N-Way, Store-and-Forward<br \/>Dise\u00f1o compacto para montaje en bastidor o uso de sobremesa<br \/>Instalaci\u00f3n sencilla mediante Plug and Play<\/p>\n<p>CARACTER\u00cdSTICAS DE HARDWARE<br \/>Est\u00e1ndares y Protocolos IEEE 802.3i, IEEE 802.3u, IEEE 802.3ab , IEEE 802.3x<br \/>Interfaz 24 puertos RJ45 a 10\/100\/1000 Mbps<br \/>Negociaci\u00f3n autom\u00e1tica, MDI\/MDIX autom\u00e1tico<br \/>Medios de Red 10BASE-T: cable UTP categor\u00eda 3, 4, 5 (100 metros m\u00e1ximo)<br \/>100BASE-TX\/1000BASE-T: UTP categor\u00eda 5, 5e o above cable (100 metros<br \/>m\u00e1ximo)<br \/>Cantidad de Ventiladores Sin ventilador<br \/>Fuente de Alimentaci\u00f3n 100-240VAC, 50\/60Hz<br \/>Consumo de Potencia M\u00e1ximo: 14.6W (220V\/50Hz)<br \/>Dimensiones 17,3*7,2*1,7 pulgadas (440*180*44 mm)<br \/>RENDIMIENTO<br \/>Capacidad de Conmutaci\u00f3n 48Gbps<br \/>Tasa de Reenv\u00edo de Paquetes 35.7Mpps<br \/>Tabla de Direcciones MAC 8K<br \/>Jumbo Frame 10KB<br \/>QoS 802.1p\/DSCP QoS*<br \/>*Only for V11 and later version<br \/>Tecnolog\u00eda Ecol\u00f3gica Innovadora tecnolog\u00eda de eficiencia energ\u00e9tica que<br \/>ahorra hasta un 25% de energ\u00eda<br \/>M\u00e9todo de Transferencia Store-and-Forward<br \/>Otros<br \/>Certificaciones FCC, CE, RoHS<br \/>Contenido del Paquete Switch para sobremesa con 24 puertos Gigabit<br \/>Cable de Alimentaci\u00f3n<br \/>Manual de usuario<br \/>Rackmount Kits<br \/>Rubber Feet<br \/>Requisitos del sistema Microsoft Windows XP, Vista, Windows 7 or<br \/>Windows 8, MAC OS, NetWare, UNIX or Linux.<br \/>Factores Ambientales Temperatura de funcionamiento: 0~40<br \/>(32~104),<br \/>Temperatura de almacenamiento: -40~70 (-40~158),<br \/>Humedad de funcionamiento: 10%~90% sin condensaci\u00f3n,<br \/>Humedad de almacenamiento: 5%~90% sin condensaci\u00f3n<\/p>\n","protected":false},"excerpt":{"rendered":"<p>Switch 24 puertso 10 &#8211; 100 &#8211; 1000 rack 19 pulgadas 1u tp &#8211; link<\/p>\n","protected":false},"featured_media":0,"comment_status":"open","ping_status":"open","template":"","meta":{"_et_pb_use_builder":"","_et_pb_old_content":"","_et_gb_content_width":""},"product_brand":[3946],"product_cat":[2058,3261,3270,3955],"product_tag":[3264,3273,3948],"class_list":{"0":"post-239094","1":"product","2":"type-product","3":"status-publish","5":"product_brand-tp-link","6":"product_cat-dispositivos","7":"product_cat-redes","8":"product_cat-switch","9":"product_cat-tp-link-switch","10":"product_tag-redes","11":"product_tag-switch","12":"product_tag-tp-link","13":"product_shipping_class-2059","14":"pa_canon-digital-impuesto-incluido-de-0-e","15":"pa_categoria-redes","16":"pa_marca-tp-link","17":"pa_peso-3577","18":"pa_referencia-tl-sg1024","20":"first","21":"instock","22":"sale","23":"taxable","24":"shipping-taxable","25":"purchasable","26":"product-type-simple"},"_links":{"self":[{"href":"https:\/\/linkxa.es\/linkshop\/wp-json\/wp\/v2\/product\/239094","targetHints":{"allow":["GET"]}}],"collection":[{"href":"https:\/\/linkxa.es\/linkshop\/wp-json\/wp\/v2\/product"}],"about":[{"href":"https:\/\/linkxa.es\/linkshop\/wp-json\/wp\/v2\/types\/product"}],"replies":[{"embeddable":true,"href":"https:\/\/linkxa.es\/linkshop\/wp-json\/wp\/v2\/comments?post=239094"}],"wp:attachment":[{"href":"https:\/\/linkxa.es\/linkshop\/wp-json\/wp\/v2\/media?parent=239094"}],"wp:term":[{"taxonomy":"product_brand","embeddable":true,"href":"https:\/\/linkxa.es\/linkshop\/wp-json\/wp\/v2\/product_brand?post=239094"},{"taxonomy":"product_cat","embeddable":true,"href":"https:\/\/linkxa.es\/linkshop\/wp-json\/wp\/v2\/product_cat?post=239094"},{"taxonomy":"product_tag","embeddable":true,"href":"https:\/\/linkxa.es\/linkshop\/wp-json\/wp\/v2\/product_tag?post=239094"}],"curies":[{"name":"wp","href":"https:\/\/api.w.org\/{rel}","templated":true}]}}