{"id":239111,"date":"2025-12-01T03:11:57","date_gmt":"2025-12-01T03:11:57","guid":{"rendered":"https:\/\/linkxa.es\/contratacion\/producto\/adaptador-usb-2-0-wifi-150-mbps\/"},"modified":"2025-12-08T12:09:33","modified_gmt":"2025-12-08T12:09:33","slug":"adaptador-usb-2-0-wifi-150-mbps","status":"publish","type":"product","link":"https:\/\/linkxa.es\/linkshop\/producto\/adaptador-usb-2-0-wifi-150-mbps\/","title":{"rendered":"Adaptador usb 2.0 wifi 150 mbps"},"content":{"rendered":"<div style=\"text-align: center; margin-bottom: 20px;\">\n<h2 style=\"font-size: 22px; font-weight: 600; margin: 0; color: #333;\">Tp &#8211; link\u00a0|\u00a0 Adaptadores usb red<\/h2>\n<p><strong>Adaptador usb 2.0 wifi 150 mbps tp &#8211; link<\/strong><\/p>\n<\/div>\n<p style=\"max-width: 700px; margin: 0px auto 30px; font-size: 18px; line-height: 1.6; color: #555555; font-style: italic; text-align: left;\">* Velocidad inal\u00e1mbrica N de hasta 150 Mbps es ideal para el streaming de<br \/>v\u00eddeo, juegos en l\u00ednea y VoIP<br \/>* Antena externa de alta ganancia aporta un mejor rendimiento de la<br \/>antena interna convencional<br \/>* Encriptado f\u00e1cil de la seguridad inal\u00e1mbrica con s\u00f3lo presione el bot\u00f3n<br \/>de QSS<br \/>* Es compatible con 64\/128 WEP, WPA \/ WPA2\/WPA-PSK\/WPA2-PSK (TKIP \/<br \/>AES), Es compatible con IEEE 802.1X<br \/>* Antenas desmontables permiten una mejor alineaci\u00f3n y el m\u00e1s fuerte<br \/>actualizaciones antena<br \/>* Paquete de utilidades que permite una instalaci\u00f3n r\u00e1pida y sin<br \/>complicaciones<br \/>* Perfectamente compatible con los productos 802.11n\/b\/g<br \/>* Es compatible con ad-hoc y modo infraestructura es compatible con<br \/>Windows 2000, Windows XP 32\/64, Vista 32\/64, 7 de 32\/64 bitsHARDWARE<br \/>FEATURES<br \/>Interface USB 2.0<br \/>Button Bot\u00f3n QSS \/ Software<br \/>Dimensions ( W x D x H ) 3.7 x 1.0 x 0.4 in. (93.5 x 26 x 11mm)<br \/>Antenna Type antena desmontable Omnidireccional<br \/>Antenna Gain 4dBi<br \/>WIRELESS FEATURES<br \/>Wireless Standards IEEE 802.11n, IEEE 802.11g, IEEE 802.11b<br \/>Frequency 2.400-2.4835GHz<br \/>Signal Rate 11n: Hasta 150Mbps (din\u00e1mico)<br \/>11g: hasta 54Mbps (din\u00e1mico)<br \/>11b: hasta 11Mbps (din\u00e1mico)<br \/>EIRP &#038;lt,20dBm (EIRP, los pa\u00edses con normas CE)<br \/>&#038;lt,27dBm (EIRP, los pa\u00edses con normas de la FCC)<br \/>Reception Sensitivity 130M:-68dBm @ 10% PER<br \/>108M:-68dBm @ 10% PER<br \/>54M:-68dBm @ 10% PER<br \/>11M:-85dBm @ 8% PER<br \/>6M:-88dBm @ 10% PER<br \/>1M:-90dBm @ 8% PER<br \/>Wireless Modes Modo Ad-Hoc\/infraestructura<br \/>Wireless Security Compatible con 64\/128 bit WEP, WPA-PSK\/WPA2-PSK<br \/>Filtrado de direcciones MAC inal\u00e1mbrico<br \/>Modulation Technology DBPSK, DQPSK, CCK, OFDM, 16-QAM, 64-QAM<br \/>Advanced Functions WMM, Soft AP (para Windows XP \/ Vista), PSP<br \/>X-LINK (s\u00f3lo para Windows XP), Roaming<br \/>OTHERS<br \/>Certification CE, FCC, RoHS<br \/>Package Contents adaptador inal\u00e1mbrico<br \/>4dBi desmontable antena omnidireccional<br \/>CD de recursos<br \/>Gu\u00eda de instalaci\u00f3n r\u00e1pida<br \/>System Requirements Windows 7(32\/64bits), Windows<br \/>Vista(32\/64bits), Windows XP(32\/64bits), Windows 2000<br \/>Environment Temperatura de funcionamiento: 0? ~ 40? (32? ~ 104?)<br \/>Temperatura de almacenamiento: -40? ~ 70? (-40? ~ 158?)<br \/>Humedad de funcionamiento: 10% ~ 90% sin condensaci\u00f3n<br \/>Humedad de almacenamiento: 5% ~ 90% sin condensaci\u00f3n<\/p>\n","protected":false},"excerpt":{"rendered":"<p>Adaptador usb 2.0 wifi 150 mbps tp &#8211; link<\/p>\n","protected":false},"featured_media":0,"comment_status":"open","ping_status":"open","template":"","meta":{"_et_pb_use_builder":"","_et_pb_old_content":"","_et_gb_content_width":""},"product_brand":[3946],"product_cat":[3266,2058,3261,3947],"product_tag":[3268,3264,3948],"class_list":{"0":"post-239111","1":"product","2":"type-product","3":"status-publish","5":"product_brand-tp-link","6":"product_cat-adaptadores-usb-red","7":"product_cat-dispositivos","8":"product_cat-redes","9":"product_cat-tp-link","10":"product_tag-adaptadores-usb-red","11":"product_tag-redes","12":"product_tag-tp-link","13":"product_shipping_class-2059","14":"pa_canon-digital-impuesto-incluido-de-0-e","15":"pa_categoria-redes","16":"pa_marca-tp-link","17":"pa_peso-4013","18":"pa_referencia-tl-wn722n","20":"first","21":"instock","22":"sale","23":"taxable","24":"shipping-taxable","25":"purchasable","26":"product-type-simple"},"_links":{"self":[{"href":"https:\/\/linkxa.es\/linkshop\/wp-json\/wp\/v2\/product\/239111","targetHints":{"allow":["GET"]}}],"collection":[{"href":"https:\/\/linkxa.es\/linkshop\/wp-json\/wp\/v2\/product"}],"about":[{"href":"https:\/\/linkxa.es\/linkshop\/wp-json\/wp\/v2\/types\/product"}],"replies":[{"embeddable":true,"href":"https:\/\/linkxa.es\/linkshop\/wp-json\/wp\/v2\/comments?post=239111"}],"wp:attachment":[{"href":"https:\/\/linkxa.es\/linkshop\/wp-json\/wp\/v2\/media?parent=239111"}],"wp:term":[{"taxonomy":"product_brand","embeddable":true,"href":"https:\/\/linkxa.es\/linkshop\/wp-json\/wp\/v2\/product_brand?post=239111"},{"taxonomy":"product_cat","embeddable":true,"href":"https:\/\/linkxa.es\/linkshop\/wp-json\/wp\/v2\/product_cat?post=239111"},{"taxonomy":"product_tag","embeddable":true,"href":"https:\/\/linkxa.es\/linkshop\/wp-json\/wp\/v2\/product_tag?post=239111"}],"curies":[{"name":"wp","href":"https:\/\/api.w.org\/{rel}","templated":true}]}}