{"id":239116,"date":"2024-12-05T15:04:11","date_gmt":"2024-12-05T15:04:11","guid":{"rendered":"https:\/\/linkxa.es\/contratacion\/producto\/adaptador-usb-2-0-wifi-300-mbps-3\/"},"modified":"2025-12-08T12:11:28","modified_gmt":"2025-12-08T12:11:28","slug":"adaptador-usb-2-0-wifi-300-mbps-3","status":"publish","type":"product","link":"https:\/\/linkxa.es\/linkshop\/producto\/adaptador-usb-2-0-wifi-300-mbps-3\/","title":{"rendered":"Adaptador usb 2.0 wifi 300 mbps"},"content":{"rendered":"<div style=\"text-align: center; margin-bottom: 20px;\">\n<h2 style=\"font-size: 22px; font-weight: 600; margin: 0; color: #333;\">Tp &#8211; link\u00a0|\u00a0 Adaptadores usb red<\/h2>\n<p><strong>Adaptador usb 2.0 wifi 300 mbps ateros tp &#8211; link<\/strong><\/p>\n<\/div>\n<p style=\"max-width: 700px; margin: 0px auto 30px; font-size: 18px; line-height: 1.6; color: #555555; font-style: italic; text-align: left;\">Funciona a una velocidad inal\u00e1mbrica de 300 Mbps, ideal para la<br \/>reproducci\u00f3n de v\u00eddeo en streaming, juegos online y llamadas a trav\u00e9s de<br \/>Internet.<br \/>La tecnolog\u00eda MIMO proporciona un mayor nivel de penetraci\u00f3n, una<br \/>cobertura inal\u00e1mbrica m\u00e1s amplia, mejor rendimiento y m\u00e1s estabilidad.<br \/>Soporta encriptaci\u00f3n WPA\/WPA2 as\u00ed como WPE de 64\/128\/152 bits<br \/>Soporta los modos Ad-hoc e infraestructura<br \/>Soporta Windows 2000 \/ XP \/ Vista \/ 7<br \/>Totalmente compatible con dispositivos IEEE 802.11b\/g\/n<br \/>Soporta el modo X-link de la PSP de Sony para juegos en l\u00ednea bajo<br \/>Windows XP<br \/>El CD de utilidades incluido permite una instalaci\u00f3n y configuraci\u00f3n r\u00e1pida y<br \/>sencilla<br \/>Configure una conexi\u00f3n de alta seguridad pulsando simplemente el bot\u00f3n<br \/>QSS<br \/>CARACTER\u00cdSTICAS DE HARDWARE<br \/>Interfaces USB 2.0<br \/>Botones Bot\u00f3n QSS<br \/>Dimensiones (W X D X H) 3.4 x 1.0 x 0.5 in. (86 x 26 x 12mm)<br \/>Tipo de antena Incorporado<br \/>WIRELESS FEATURES<br \/>Est\u00e1ndares Inal\u00e1mbricos IEEE 802.11n, IEEE 802.11g, IEEE 802.11b<br \/>Frecuencia 2.400-2.4835GHz<br \/>Tasas de transferencia 11n: hasta 300 Mbps (din\u00e1mico)<br \/>11g: hasta 54 Mbps(din\u00e1mico)<br \/>11b: hasta 11 Mbps (din\u00e1mico)<br \/>PIRE &#038;lt,20dBm(EIRP)<br \/>Sensibilidad de Recepci\u00f3n 270M: -68dBm@10% PER<br \/>130M: -68dBm@10% PER<br \/>108M: -68dBm@10% PER<br \/>54M: -68dBm@10% PER<br \/>11M: -85dBm@8% PER<br \/>6M: -88dBm@10% PER<br \/>1M: -90dBm@8% PER<br \/>Modos Inal\u00e1mbricos Modos ad-Hoc \/ infraestructura<br \/>Seguridad Inal\u00e1mbrica Compatible con 64\/128 bit WEP,<br \/>WPA-PSK\/WPA2-PSK<br \/>Tecnolog\u00eda de modulaci\u00f3n DBPSK, DQPSK, CCK, OFDM, 16-QAM, 64-QAM<br \/>OTROS<br \/>Certificaciones CE, FCC, RoHS<br \/>Contenido del Paquete Adaptador inal\u00e1mbrico<br \/>CD de utilidades<br \/>Gu\u00eda r\u00e1pida de instalaci\u00f3n<br \/>Requisitos del sistema Windows 7(32\/64bits), Windows<br \/>Vista(32\/64bits), Windows XP(32\/64bits), Windows 2000<br \/>Factores ambientales Temperatura de funcionamiento: 0?~40?<br \/>(32?~104?)<br \/>Temperatura de almacenamiento: -40?~70? (-40?~158?)<br \/>Humedad de funcionamiento: 10%~90% sin condensaci\u00f3n<br \/>Humedad de almacenamiento: 5%~90% sin condensaci\u00f3n<\/p>\n","protected":false},"excerpt":{"rendered":"<p>Adaptador usb 2.0 wifi 300 mbps ateros tp &#8211; link<\/p>\n","protected":false},"featured_media":0,"comment_status":"open","ping_status":"open","template":"","meta":{"_et_pb_use_builder":"","_et_pb_old_content":"","_et_gb_content_width":""},"product_brand":[3946],"product_cat":[3266,2058,3261,3947],"product_tag":[3268,3264,3948],"class_list":{"0":"post-239116","1":"product","2":"type-product","3":"status-publish","5":"product_brand-tp-link","6":"product_cat-adaptadores-usb-red","7":"product_cat-dispositivos","8":"product_cat-redes","9":"product_cat-tp-link","10":"product_tag-adaptadores-usb-red","11":"product_tag-redes","12":"product_tag-tp-link","13":"product_shipping_class-2059","14":"pa_canon-digital-impuesto-incluido-de-0-e","15":"pa_categoria-redes","16":"pa_marca-tp-link","17":"pa_peso-4021","18":"pa_referencia-tl-wn821n","20":"first","21":"instock","22":"sale","23":"taxable","24":"shipping-taxable","25":"purchasable","26":"product-type-simple"},"_links":{"self":[{"href":"https:\/\/linkxa.es\/linkshop\/wp-json\/wp\/v2\/product\/239116","targetHints":{"allow":["GET"]}}],"collection":[{"href":"https:\/\/linkxa.es\/linkshop\/wp-json\/wp\/v2\/product"}],"about":[{"href":"https:\/\/linkxa.es\/linkshop\/wp-json\/wp\/v2\/types\/product"}],"replies":[{"embeddable":true,"href":"https:\/\/linkxa.es\/linkshop\/wp-json\/wp\/v2\/comments?post=239116"}],"wp:attachment":[{"href":"https:\/\/linkxa.es\/linkshop\/wp-json\/wp\/v2\/media?parent=239116"}],"wp:term":[{"taxonomy":"product_brand","embeddable":true,"href":"https:\/\/linkxa.es\/linkshop\/wp-json\/wp\/v2\/product_brand?post=239116"},{"taxonomy":"product_cat","embeddable":true,"href":"https:\/\/linkxa.es\/linkshop\/wp-json\/wp\/v2\/product_cat?post=239116"},{"taxonomy":"product_tag","embeddable":true,"href":"https:\/\/linkxa.es\/linkshop\/wp-json\/wp\/v2\/product_tag?post=239116"}],"curies":[{"name":"wp","href":"https:\/\/api.w.org\/{rel}","templated":true}]}}