{"id":239122,"date":"2025-11-15T15:30:29","date_gmt":"2025-11-15T15:30:29","guid":{"rendered":"https:\/\/linkxa.es\/contratacion\/producto\/router-wifi-300-mbps-switch\/"},"modified":"2025-12-08T12:14:34","modified_gmt":"2025-12-08T12:14:34","slug":"router-wifi-300-mbps-switch","status":"publish","type":"product","link":"https:\/\/linkxa.es\/linkshop\/producto\/router-wifi-300-mbps-switch\/","title":{"rendered":"Router wifi 300 mbps + switch"},"content":{"rendered":"<div style=\"text-align: center; margin-bottom: 20px;\">\n<h2 style=\"font-size: 22px; font-weight: 600; margin: 0; color: #333;\">Tp &#8211; link\u00a0|\u00a0 Routers<\/h2>\n<p><strong>Router wifi 300 mbps + switch 4 ptos antenas fijas tp &#8211; link<\/strong><\/p>\n<\/div>\n<p style=\"max-width: 700px; margin: 0px auto 30px; font-size: 18px; line-height: 1.6; color: #555555; font-style: italic; text-align: left;\">Su velocidad inal\u00e1mbrica N de hasta 300 Mbps lo convierte en el equipo<br \/>ideal para soportar elevados niveles de consumo de ancho de banda o<br \/>aplicaciones que requieren una baja latencia tales como la reproducci\u00f3n de<br \/>v\u00eddeo en streaming, juegos online y llamadas VoIP.<br \/>La tecnolog\u00eda 2T2R MIMO proporciona una mayor capacidad de<br \/>transferencia en comparaci\u00f3n con los equipos 1T1R convencionales<br \/>Configure una conexi\u00f3n segura con encriptaci\u00f3n WPA pulsando<br \/>simplemente el bot\u00f3n QSS<br \/>El modo inal\u00e1mbrico bridge WDS extiende f\u00e1cilmente la cobertura de la red<br \/>inal\u00e1mbrica<br \/>La funci\u00f3n QoS para la gesti\u00f3n de la calidad de servicio garantiza la calidad<br \/>de las llamadas VoIP y la transmisi\u00f3n en streaming de contenidos multimedia<br \/>La funci\u00f3n de control de acceso permite a los padres y administradores de<br \/>la red establecer restricciones de acceso a Internet para los ni\u00f1os o el<br \/>personal de la empresa<br \/>Soporta servidor virtual, aplicaciones especiales y la funci\u00f3n DMZ, lo que le<br \/>permite alojar un servidor web en su propia red local<br \/>Incluye la funci\u00f3n de env\u00edo autom\u00e1tico de archivos de registro a trav\u00e9s del<br \/>correo electr\u00f3nico para ayudarle en las tareas de gesti\u00f3n del router<br \/>Compatible con dispositivos 802.11b\/g\/n<br \/>La utilidad Easy Setup Assistant posibilita una instalaci\u00f3n r\u00e1pida y sin<br \/>problemas<br \/>Sus antenas externas fijas pueden orientarse para optimizar la recepci\u00f3n<br \/>de la se\u00f1al y pueden ser reemplazadas por antenas de mayores<br \/>prestaciones Dise\u00f1o elegante y posibilidad de fijarlo en la pared o colocarlo<br \/>horizontalmente sobre una mesa o escritorio<br \/>Interface 4 puertos LAN de 10\/100Mbps<br \/>1 Puerto WAN de 10\/100Mbps<br \/>Button Bot\u00f3n de configuraci\u00f3n r\u00e1pida de seguridad (Quick Setup Security)<br \/>External Power Supply 9VDC \/ 0.6A<br \/>Wireless Standards IEEE 802.11n, IEEE 802.11g, IEEE 802.11b<br \/>Antenna 2 antenas Fijas Omnidireccional de 5dBi<br \/>Dimensions ( W x D x H ) 7,6 x 5,1 x 1,3 pulgadas (192 x 130 x 33 mm)<br \/>WIRELESS FEATURES<br \/>Frequency 2.4-2.4835GHz<br \/>Signal Rate 11n: Hasta 300Mbps (din\u00e1mico)<br \/>11g: hasta 54Mbps (din\u00e1mico)<br \/>11b: hasta 11Mbps (din\u00e1mico)<br \/>EIRP &#038;lt,20dBm(EIRP)<br \/>Reception Sensitivity 270M: -68dBm@10% PER<br \/>130M: -68dBm@10% PER<br \/>108M: -68dBm@10% PER<br \/>54M: -68dBm@10% PER<br \/>11M: -85dBm@8% PER<br \/>6M: -88dBm@10% PER<br \/>1M: -90dBm@8% PER<br \/>Wireless Functions Activaci\u00f3n\/desactivaci\u00f3n se\u00f1al inal\u00e1mbrica, bridge WDS,<br \/>WMM, estad\u00edsticas conexi\u00f3n inal\u00e1mbrica<br \/>Wireless 64\/128\/152-bit WEP \/ WPA \/ WPA2,WPA-PSK \/ WPA2-PSK<br \/>SOFTWARE FEATURES<br \/>WAN Type IP din\u00e1mico \/ IP est\u00e1tico \/ PPPoE \/<br \/>PPTP\/L2TP\/BigPond<br \/>DHCP Servidor, cliente, lista de cliente DHCP,<br \/>Reserva de direcci\u00f3n<br \/>Quality of Service WMM, Control de Ancho de Banda<br \/>Port Forwarding servidor virtual, Port Triggering, UPnP, DMZ<br \/>Dynamic DNS DynDns, Comexe, NO-IP<br \/>VPN Pass-Through PPTP, L2TP, IPSec (ESP Head)<br \/>Access Control Control parental, control de gesti\u00f3n local, lista de hosts,<br \/>programaci\u00f3n de acceso, gesti\u00f3n de reglas<br \/>Firewall Security DoS, SPI Firewall<br \/>Direcci\u00f3n IP Filtro \/ Filtro de direcci\u00f3n MAC \/ filtro de dominio<br \/>Conexiones de direcciones IP y MAC<br \/>Management Control de acceso<br \/>Manejo Local<br \/>Manejo remoto<br \/>OTHERS<br \/>Certification CE, FCC, RoHS<br \/>Package Contents Router inal\u00e1mbrico N TL-WR841N<br \/>Fuente de alimentaci\u00f3n<br \/>CD de utilidades<br \/>Gu\u00eda r\u00e1pida de instalaci\u00f3n<br \/>System Requirements Microsoft Windows 98SE, NT, 2000, XP,<br \/>Vista o Windows 7, MAC OS, NetWare, UNIX o Linux.<br \/>Environment Temperatura de funcionamiento: 0? ~ 40? (32? ~ 104?)<br \/>Temperatura de almacenamiento: -40? ~ 70? (-40? ~ 158?)<br \/>Humedad de funcionamiento: 10% ~ 90% sin condensaci\u00f3n<br \/>Humedad de almacenamiento: 5% ~ 90% sin condensaci\u00f3n<\/p>\n","protected":false},"excerpt":{"rendered":"<p>Router wifi 300 mbps + switch 4 ptos antenas fijas tp &#8211; link<\/p>\n","protected":false},"featured_media":0,"comment_status":"open","ping_status":"open","template":"","meta":{"_et_pb_use_builder":"","_et_pb_old_content":"","_et_gb_content_width":""},"product_brand":[3946],"product_cat":[2058,3261,3311,3965],"product_tag":[3264,3314,3948],"class_list":{"0":"post-239122","1":"product","2":"type-product","3":"status-publish","5":"product_brand-tp-link","6":"product_cat-dispositivos","7":"product_cat-redes","8":"product_cat-routers","9":"product_cat-tp-link-routers","10":"product_tag-redes","11":"product_tag-routers","12":"product_tag-tp-link","13":"product_shipping_class-2059","14":"pa_canon-digital-impuesto-incluido-de-0-e","15":"pa_categoria-redes","16":"pa_marca-tp-link","17":"pa_peso-4033","18":"pa_referencia-tl-wr841n","20":"first","21":"instock","22":"sale","23":"taxable","24":"shipping-taxable","25":"purchasable","26":"product-type-simple"},"_links":{"self":[{"href":"https:\/\/linkxa.es\/linkshop\/wp-json\/wp\/v2\/product\/239122","targetHints":{"allow":["GET"]}}],"collection":[{"href":"https:\/\/linkxa.es\/linkshop\/wp-json\/wp\/v2\/product"}],"about":[{"href":"https:\/\/linkxa.es\/linkshop\/wp-json\/wp\/v2\/types\/product"}],"replies":[{"embeddable":true,"href":"https:\/\/linkxa.es\/linkshop\/wp-json\/wp\/v2\/comments?post=239122"}],"wp:attachment":[{"href":"https:\/\/linkxa.es\/linkshop\/wp-json\/wp\/v2\/media?parent=239122"}],"wp:term":[{"taxonomy":"product_brand","embeddable":true,"href":"https:\/\/linkxa.es\/linkshop\/wp-json\/wp\/v2\/product_brand?post=239122"},{"taxonomy":"product_cat","embeddable":true,"href":"https:\/\/linkxa.es\/linkshop\/wp-json\/wp\/v2\/product_cat?post=239122"},{"taxonomy":"product_tag","embeddable":true,"href":"https:\/\/linkxa.es\/linkshop\/wp-json\/wp\/v2\/product_tag?post=239122"}],"curies":[{"name":"wp","href":"https:\/\/api.w.org\/{rel}","templated":true}]}}