{"id":239123,"date":"2025-01-15T10:45:10","date_gmt":"2025-01-15T10:45:10","guid":{"rendered":"https:\/\/linkxa.es\/contratacion\/producto\/router-wifi-300-mbps-tl-wr850n-tp-link\/"},"modified":"2025-12-08T12:15:05","modified_gmt":"2025-12-08T12:15:05","slug":"router-wifi-300-mbps-tl-wr850n-tp-link","status":"publish","type":"product","link":"https:\/\/linkxa.es\/linkshop\/producto\/router-wifi-300-mbps-tl-wr850n-tp-link\/","title":{"rendered":"Router wifi 300 mbps tl &#8211; wr850n tp &#8211; link"},"content":{"rendered":"<div style=\"text-align: center; margin-bottom: 20px;\">\n<h2 style=\"font-size: 22px; font-weight: 600; margin: 0; color: #333;\">Tp &#8211; link\u00a0|\u00a0 Routers<\/h2>\n<p><strong>Router wifi 300 mbps tl &#8211; wr850n tp &#8211; link<\/strong><\/p>\n<\/div>\n<p style=\"max-width: 700px; margin: 0px auto 30px; font-size: 18px; line-height: 1.6; color: #555555; font-style: italic; text-align: left;\">Router Inal\u00e1mbrico N de 300Mbps TL-WR850N<\/p>\n<p>Velocidad inal\u00e1mbrica de 300Mbps, ideal tanto para tareas sensibles a<br \/>ancho de banda como tareas habituales<br \/>Soporte configuraci\u00f3n Agile &#8211; Habilita a los ISPs personalizar por cuenta<br \/>propia su configuraci\u00f3n espec\u00edfica, y que \u00e9sta no se pierda<br \/>Gesti\u00f3n remota sencilla, gracias al protocolo TR-369, habilitando al<br \/>operador la configuraci\u00f3n y gesti\u00f3n remota de los dispositivos del usuario<br \/>final<br \/>Control Parental &#8211; gestiona cu\u00e1ndo y como acceden a Internet los<br \/>dispositivos clientes<br \/>Soporte IPTV, IGMP Proxy\/Snooping optimizando la transmisi\u00f3n IPTV<br \/>Compatible con IPv6 (Internet Protocol version 6)<br \/>Multi-SSID<br \/>AGILE &#8211; Configuraci\u00f3n de operador simpre activa &#8211; RESET DESACTIVADO<\/p>\n<p>CARACTER\u00cdSTICAS DE HARDWARE<br \/>Interfaz 4 Puertos LAN 10\/100Mbps<br \/>1 Puerto WAN 10\/100Mbps<br \/>Botones Bot\u00f3n WPS\/RESET<br \/>Fuente de Alimentaci\u00f3n Externa 9VDC \/ 0.6A<br \/>Est\u00e1ndares Inal\u00e1mbricos IEEE 802.11n, IEEE 802.11g, IEEE 802.11b<br \/>Dimensiones 182 x 128 x 35 mm<br \/>Antenas 2 Antenas<br \/>CARACTER\u00cdSTICAS INAL\u00c1MBRICAS<br \/>Frecuencia 2.4-2.4835GHz<br \/>Tasa de Se\u00f1al 11n: Hasta 300Mbps(din\u00e1mico)<br \/>11g: Hasta 54Mbps(din\u00e1mico)<br \/>11b: Hasta 11Mbps(din\u00e1mico)<br \/>Potencia de Transmisi\u00f3n CE:<br \/>&#038;lt,20dBm<br \/>FCC:<br \/>&#038;lt,30dBm<br \/>Funciones Inal\u00e1mbricas On\/Off Radio Inal\u00e1mbrica, WDS Bridge, WMM,<br \/>Estad\u00edsticas Inal\u00e1mbricas<br \/>Seguridad Inal\u00e1mbrica 64\/128-bit WEP, WPA \/ WPA2,WPA-PSK \/ WPA2<br \/>-PSK<br \/>CARACTER\u00cdSTICAS DE SOFTWARE<br \/>Calidad de Servicio WMM, Control Ancho de Banda<br \/>Tipo de WAN IP Din\u00e1mica\/IP Est\u00e1tica\/PPPoE\/<br \/>PPTP\/L2TP<br \/>Gesti\u00f3n Control Acceso<br \/>Gesti\u00f3n Local<br \/>Gesti\u00f3n Remota<br \/>Agile Config (Opcional)<br \/>DHCP Servidor, Cliente, Lista Clientes DHCP,<br \/>Reserva de Direcciones<br \/>Reenv\u00edo de Puertos Servidor Virtual,Activaci\u00f3n de Puerto, UPnP, DMZ<br \/>DNS Din\u00e1mico DynDns, Comexe, NO-IP<br \/>VPN Pass-Through PPTP, L2TP, IPSec (ESP Head)<br \/>Control de Acceso Control Parental, Gesti\u00f3n Local, Lista de Dispositivos,<br \/>Horarios de Acceso, Gesti\u00f3n de Reglas<br \/>Seguridad Firewall DoS, SPI Firewall<br \/>Filtrado Direcci\u00f3n IP\/Filtrado Direcci\u00f3n MAC\/ Filtrado Dominio IP y Uni\u00f3n de<br \/>Direcci\u00f3n MAC<br \/>Protocolos Soporte IPv4 y IPv6<br \/>Red de Invitados 2.4GHz Multi-SSID<br \/>Otros<br \/>Certificaciones CE, RoHS<br \/>Contenido del Paquete Wireless N Router TL-WR850N<br \/>Power supply unit<br \/>Ethernet Cable<br \/>Quick Installation Guide<br \/>Requisitos del sistema Windows 2000\/XP\/Vista, Windows 7,<br \/>Windows 8, Windows 8.1, Windows 10 or Mac OS or Linux-based operating<br \/>system<br \/>Factores Ambientales Temperatura de Funcionamiento: 0~40<br \/>(32~104)<br \/>Temperatura de Almacenamiento: -40~70 (-40~158)<br \/>Humedad de Funcionamiento: 10%~90% sin condensaci\u00f3n<br \/>Humedad de Almacenamiento: 5%~90% sin condensaci\u00f3n<\/p>\n","protected":false},"excerpt":{"rendered":"<p>Router wifi 300 mbps tl &#8211; wr850n tp &#8211; link<\/p>\n","protected":false},"featured_media":239124,"comment_status":"open","ping_status":"open","template":"","meta":{"_et_pb_use_builder":"","_et_pb_old_content":"","_et_gb_content_width":""},"product_brand":[3946],"product_cat":[2058,3261,3311,3965],"product_tag":[3264,3314,3948],"class_list":{"0":"post-239123","1":"product","2":"type-product","3":"status-publish","4":"has-post-thumbnail","6":"product_brand-tp-link","7":"product_cat-dispositivos","8":"product_cat-redes","9":"product_cat-routers","10":"product_cat-tp-link-routers","11":"product_tag-redes","12":"product_tag-routers","13":"product_tag-tp-link","14":"product_shipping_class-2059","15":"pa_canon-digital-impuesto-incluido-de-0-e","16":"pa_categoria-redes","17":"pa_marca-tp-link","18":"pa_peso-4035","19":"pa_referencia-tl-wr850n","21":"first","22":"instock","23":"sale","24":"taxable","25":"shipping-taxable","26":"purchasable","27":"product-type-simple"},"_links":{"self":[{"href":"https:\/\/linkxa.es\/linkshop\/wp-json\/wp\/v2\/product\/239123","targetHints":{"allow":["GET"]}}],"collection":[{"href":"https:\/\/linkxa.es\/linkshop\/wp-json\/wp\/v2\/product"}],"about":[{"href":"https:\/\/linkxa.es\/linkshop\/wp-json\/wp\/v2\/types\/product"}],"replies":[{"embeddable":true,"href":"https:\/\/linkxa.es\/linkshop\/wp-json\/wp\/v2\/comments?post=239123"}],"wp:featuredmedia":[{"embeddable":true,"href":"https:\/\/linkxa.es\/linkshop\/wp-json\/wp\/v2\/media\/239124"}],"wp:attachment":[{"href":"https:\/\/linkxa.es\/linkshop\/wp-json\/wp\/v2\/media?parent=239123"}],"wp:term":[{"taxonomy":"product_brand","embeddable":true,"href":"https:\/\/linkxa.es\/linkshop\/wp-json\/wp\/v2\/product_brand?post=239123"},{"taxonomy":"product_cat","embeddable":true,"href":"https:\/\/linkxa.es\/linkshop\/wp-json\/wp\/v2\/product_cat?post=239123"},{"taxonomy":"product_tag","embeddable":true,"href":"https:\/\/linkxa.es\/linkshop\/wp-json\/wp\/v2\/product_tag?post=239123"}],"curies":[{"name":"wp","href":"https:\/\/api.w.org\/{rel}","templated":true}]}}