{"id":239158,"date":"2025-03-02T13:25:51","date_gmt":"2025-03-02T13:25:51","guid":{"rendered":"https:\/\/linkxa.es\/contratacion\/producto\/router-wifi-nano-300mbps-tp-link\/"},"modified":"2025-12-08T12:24:48","modified_gmt":"2025-12-08T12:24:48","slug":"router-wifi-nano-300mbps-tp-link","status":"publish","type":"product","link":"https:\/\/linkxa.es\/linkshop\/producto\/router-wifi-nano-300mbps-tp-link\/","title":{"rendered":"Router wifi nano 300mbps tp &#8211; link"},"content":{"rendered":"<div style=\"text-align: center; margin-bottom: 20px;\">\n<h2 style=\"font-size: 22px; font-weight: 600; margin: 0; color: #333;\">Tp &#8211; link\u00a0|\u00a0 Routers<\/h2>\n<p><strong>Router wifi nano 300mbps tp &#8211; link<\/strong><\/p>\n<\/div>\n<p style=\"max-width: 700px; margin: 0px auto 30px; font-size: 18px; line-height: 1.6; color: #555555; font-style: italic; text-align: left;\">Router inal\u00e1mbrico Nano N 300Mbps<br \/>TL-WR802N<\/p>\n<p>Con una tasa de transferencia de 300Mbps es ideal para llamadas por<br \/>internet, ver v\u00eddeos en streaming y juego online<br \/>Tama\u00f1o de bolsillo Ideal para casa y para viajar<br \/>Soporta los siguiente modos: router, repetidor, cliente, punto de acceso y<br \/>WISP<br \/>Alimentado por un puerto micro USB, por un adaptador de corriente<br \/>externo o conect\u00e1ndolo por USB al ordenado. Proporciona flexibilidad para<br \/>cualquier situaci\u00f3n<br \/>F\u00e1cil instalaci\u00f3n en minutos<br \/>CARACTER\u00cdSTICAS DE HARDWARE<br \/>Interfaz 1 puerto WAN\/LAN 10\/100Mbps<br \/>1 puerto micro USB Port<br \/>1 bot\u00f3n reset<br \/>Est\u00e1ndares Inal\u00e1mbricos IEEE 802.11n, IEEE 802.11g, IEEE 802.11b<br \/>Dimensiones 2.2 x 2.2 x 0.7 in. (57 x 57 x18 mm)<br \/>Tipo de Antena Integrada<br \/>Caracter\u00edsticas Inal\u00e1mbricas<br \/>Frecuencia 2.4-2.4835GHz<br \/>Tasa de Se\u00f1al 11n: Hasta 300Mbps(din\u00e1mico)<br \/>11g: Hasta 54Mbps(din\u00e1mico)<br \/>11b: Hasta 11Mbps(din\u00e1mico)<br \/>Sensibilidad de Recepci\u00f3n 270M: -65dBm@10% PER<br \/>130M: -70dBm@10% PER<br \/>108M: -82dBm@10% PER<br \/>54M: -73dBm@10% PER<br \/>11M: -82dBm@8% PER<br \/>6M: -86dBm@10% PER<br \/>1M: -90dBm@8% PER<br \/>Potencia de Transmisi\u00f3n CE:<br \/>&#038;lt,20dBm(2.4GHz)<br \/>FCC:<br \/>&#038;lt,30dBm<br \/>Modos Inal\u00e1mbrico Modo router, modo repetidor, modo cliente, modo punto<br \/>de acceso, modo router WISP<br \/>Funciones Inal\u00e1mbricas Habilitar\/Deshabilitar radio inal\u00e1mbrica, WMM,<br \/>estad\u00edsticas inal\u00e1mbricas<br \/>Seguridad Inal\u00e1mbrica 64\/128\/152-bit WEP, WPA\/WPA2, WPA-<br \/>PSK\/WPA2-PSK<br \/>Caracter\u00edsticas de Software<br \/>Calidad de Servicio WMM, Control de ancho de banda<br \/>Tipo de WAN IP din\u00e1mica\/IP est\u00e1tica\/PPPoE\/<br \/>PPTP\/L2TP<br \/>Gesti\u00f3n Control de Acceso<br \/>Gesti\u00f3n Local<br \/>Gesti\u00f3n Remota<br \/>DHCP Servidor, cliente, lista de clientes DHCP, reserva de direcciones<br \/>Reenv\u00edo de Puertos Virtual Server, Port Triggering, UPnP, DMZ<br \/>DNS Din\u00e1mico DynDns, Comexe, NO-IP<br \/>VPN Pass-Through PPTP, L2TP, IPSec (Cabecera ESP)<br \/>Control de Acceso Control de Gesti\u00f3n Local, Lista de Clientes, Horario de<br \/>Acceso, Gesti\u00f3n de Reglas<br \/>Seguridad Firewall DoS, SPI Firewall<br \/>Filtrado de direcciones IP\/ Filtrado de direcciones MAC \/ filtrado de dominio<br \/>Vinculaci\u00f3n de direcciones IP y MAC<br \/>Otros<br \/>Certificaciones CE, FCC, RoHS<br \/>Contenido del Paquete TL-WR802N<br \/>Adaptador el\u00e9ctrico<br \/>Cable USB<br \/>Cable Ethernet<br \/>Gu\u00eda de Instalaci\u00f3n R\u00e1pida<br \/>CD de Recursos<br \/>Requisitos del sistema Microsoft\u00ae Windows\u00ae 98SE, NT, 2000, XP,<br \/>Vista o Windows 8.1\/8\/7, MAC\u00aeOS, NetWare\u00ae, UNIX\u00ae o Linux<br \/>Factores Ambientales Temperatura de funcionamiento: 0? ~ 40?<br \/>(32? ~ 104?)<br \/>Temperatura de almacenamiento: -40? ~ 70? (-40? ~ 158?)<br \/>Humedad de funcionamiento: 10% ~ 90% sin condensaci\u00f3n<br \/>Humedad de almacenamiento: 5% ~ 90% sin condensaci\u00f3n<\/p>\n","protected":false},"excerpt":{"rendered":"<p>Router wifi nano 300mbps tp &#8211; link<\/p>\n","protected":false},"featured_media":0,"comment_status":"open","ping_status":"open","template":"","meta":{"_et_pb_use_builder":"","_et_pb_old_content":"","_et_gb_content_width":""},"product_brand":[3946],"product_cat":[2058,3261,3311,3965],"product_tag":[3264,3314,3948],"class_list":{"0":"post-239158","1":"product","2":"type-product","3":"status-publish","5":"product_brand-tp-link","6":"product_cat-dispositivos","7":"product_cat-redes","8":"product_cat-routers","9":"product_cat-tp-link-routers","10":"product_tag-redes","11":"product_tag-routers","12":"product_tag-tp-link","13":"product_shipping_class-2088","14":"pa_canon-digital-impuesto-incluido-de-0-e","15":"pa_categoria-redes","16":"pa_marca-tp-link","17":"pa_peso-3367","18":"pa_referencia-tl-wr802n","20":"first","21":"instock","22":"sale","23":"taxable","24":"shipping-taxable","25":"purchasable","26":"product-type-simple"},"_links":{"self":[{"href":"https:\/\/linkxa.es\/linkshop\/wp-json\/wp\/v2\/product\/239158","targetHints":{"allow":["GET"]}}],"collection":[{"href":"https:\/\/linkxa.es\/linkshop\/wp-json\/wp\/v2\/product"}],"about":[{"href":"https:\/\/linkxa.es\/linkshop\/wp-json\/wp\/v2\/types\/product"}],"replies":[{"embeddable":true,"href":"https:\/\/linkxa.es\/linkshop\/wp-json\/wp\/v2\/comments?post=239158"}],"wp:attachment":[{"href":"https:\/\/linkxa.es\/linkshop\/wp-json\/wp\/v2\/media?parent=239158"}],"wp:term":[{"taxonomy":"product_brand","embeddable":true,"href":"https:\/\/linkxa.es\/linkshop\/wp-json\/wp\/v2\/product_brand?post=239158"},{"taxonomy":"product_cat","embeddable":true,"href":"https:\/\/linkxa.es\/linkshop\/wp-json\/wp\/v2\/product_cat?post=239158"},{"taxonomy":"product_tag","embeddable":true,"href":"https:\/\/linkxa.es\/linkshop\/wp-json\/wp\/v2\/product_tag?post=239158"}],"curies":[{"name":"wp","href":"https:\/\/api.w.org\/{rel}","templated":true}]}}