{"id":239193,"date":"2025-12-04T19:19:49","date_gmt":"2025-12-04T19:19:49","guid":{"rendered":"https:\/\/linkxa.es\/contratacion\/producto\/punto-acceso-wifi-exterior-300mbps-2-4ghz\/"},"modified":"2025-12-08T12:30:53","modified_gmt":"2025-12-08T12:30:53","slug":"punto-acceso-wifi-exterior-300mbps-2-4ghz","status":"publish","type":"product","link":"https:\/\/linkxa.es\/linkshop\/producto\/punto-acceso-wifi-exterior-300mbps-2-4ghz\/","title":{"rendered":"Punto acceso wifi exterior 300mbps 2.4ghz"},"content":{"rendered":"<div style=\"text-align: center; margin-bottom: 20px;\">\n<h2 style=\"font-size: 22px; font-weight: 600; margin: 0; color: #333;\">Tp &#8211; link\u00a0|\u00a0 Puntos de acceso<\/h2>\n<p><strong>Punto de acceso wifi exterior 300mbps 2.4ghz tp &#8211; link<\/strong><\/p>\n<\/div>\n<p style=\"max-width: 700px; margin: 0px auto 30px; font-size: 18px; line-height: 1.6; color: #555555; font-style: italic; text-align: left;\">\n<p>Incorpora antenas MIMO doblemente polarizadas y direccionales de 9dBi<br \/>2&#215;2<br \/>Potencia de transmisi\u00f3n ajustable desde 0 hasta 27dBm\/500mw<br \/>Optimizaciones de nivel de sistema para transmisi\u00f3n inal\u00e1mbrica de larga<br \/>distancia de m\u00e1s de 5 kil\u00f3metros de alcance<br \/>La tecnolog\u00eda TP-LINK Pharos MAXtream TDMA (Acceso M\u00faltiple por<br \/>Divisi\u00f3n en el Tiempo) mejora el rendimiento del producto, en capacidad y<br \/>latencia, siendo ideal para aplicaciones PTMP<br \/>Sistema de Gesti\u00f3n Centralizada Pharos Control<br \/>Modos de operaciones: AP \/ Cliente \/ Bridge\/ Repetidor \/ Router AP \/ Router<br \/>Cliente AP Client (WISP)<br \/>Adaptador PoE pasivo permite hasta 60 metros (200 pies) de<br \/>implementaci\u00f3n PoE y permite que el dispositivo se resetee remotamente<\/p>\n<p>CARACTER\u00cdSTICAS DE HARDWARE<br \/>Procesador CPU Qualcomm Atheros 560MHz, MIPS 74Kc<br \/>Memoria RAM DDR2 64MB, Flash 8MB<br \/>Interfaz 1 Puerto Ethernet blindado 10\/100Mbps (LAN0, PoE Pasivo de<br \/>Entrada)<br \/>1 Puerto Ethernet blindado 10\/100Mbps (LAN1, PoE Pasivo Passthrough)<br \/>1 Terminal de toma de tierra<br \/>1 Bot\u00f3n de Reset<br \/>Fuente de Alimentaci\u00f3n Adaptador PoE Pasivo v\u00eda LAN0 (+4,5pins, &#8211;<br \/>7,8pins)<br \/>Rango de Voltaje: 16-27VDC<br \/>Consumo de Potencia M\u00e1ximo de 10.5 Watios<br \/>Nota: Cuando est\u00e1 configurado usando el adaptador de POE pasivo, la<br \/>energ\u00eda obtenida de la fuente de alimentaci\u00f3n variar\u00e1 dependiendo de la<br \/>longitud del cable de conexi\u00f3n.<br \/>Dimensiones 224 x 79 x 60 mm<br \/>Tipo de Antena Antena Direccional Doblemente Polarizada MIMO 2&#215;2 de<br \/>9dBi<br \/>Ancho de Haz: 65 (Plano-H) \/ 35 (Plano-E)<br \/>Nota: Para m\u00e1s detalles, por favor consulte la hoja de datos<br \/>Protecci\u00f3n Protecci\u00f3n ESD de 15KV<br \/>Protecci\u00f3n contra rayos de 6000V<br \/>Carcasa Material pl\u00e1stico estabilizado ASA para exterior<br \/>Certificado contra agua IPX5<br \/>Caracter\u00edsticas Inal\u00e1mbricas<br \/>Est\u00e1ndares Inal\u00e1mbricos IEEE 802.11b\/g\/n (with Pharos MAXtream<br \/>disabled)<br \/>Protocolo Propietario TDMA Mode (with Pharos MAXtream enabled)<br \/>Velocidad Inal\u00e1mbrica Hasta 300Mbps (40MHz,Din\u00e1mico)<br \/>Hasta 144.4Mbps (20MHz, Din\u00e1mico)<br \/>Hasta 72.2Mbps (10MHz, Din\u00e1mico)<br \/>Hasta 36.1Mbps (5MHz, Din\u00e1mico)<br \/>Frecuencia 2.4~2.483GHz<br \/>Nota: Las frecuencias operativas disponibles pueden variar dependiendo de<br \/>las limitaciones de los pa\u00edses o regiones donde se use este dispositivo.<br \/>Sensibilidad de Recepci\u00f3n ? 802.11b:<br \/>11M: -95dBm, 5.5M: -96dBm, 2M: -96dBm, 1M: -96dBm<br \/>? 802.11g:<br \/>54M: -79dBm, 48M: -80dBm, 36M: -84dBm, 6-24M: -88dBm<br \/>? 802.11n:<br \/>MCS15: -76dBm, MCS14: -78dBm, MCS13: -80dBm,<br \/>MCS12: -84dBm, MCS11: -87dBm, MCS10: -91dBm,<br \/>MCS9: -93dBm, MCS8: -96dBm, MCS7: -76dBm,<br \/>MCS6: -78dBm, MCS5: -80dBm, MCS4: -84dBm,<br \/>MCS3: -87dBm, MCS2: -91dBm, MCS1: -93dBm, MCS0: -96dBm<br \/>Potencia de Transmisi\u00f3n 27dBm\/500mw (potencia ajustable hasta 1dBm)<br \/>Nota: La potencia m\u00e1xima de transmisi\u00f3n puede variar en los diferentes<br \/>canales dependiendo de las limitaciones de los pa\u00edses o regiones donde se<br \/>use el dispositivo.<br \/>Caracter\u00edsticas de Software<br \/>Configuraciones Inal\u00e1mbricas Pharos MAXtream TDMA Technology<br \/>Modos 802.11b\/g\/n<br \/>Ancho de banda seleccionable: 5\/10\/20\/40MHz<br \/>Selecci\u00f3n autom\u00e1tica de canal<br \/>Control de la potencia de transmisi\u00f3n<br \/>Selecci\u00f3n de frecuencias din\u00e1mica (DFS)<br \/>WDS habilitado\/deshabilitado<br \/>Seguridad: Encriptaci\u00f3n WPA\/WPA2, WPA-PSK\/WPA2-PSK (AES\/TKIP),<br \/>Encriptaci\u00f3n WEP de 64\/128\/152 bit<br \/>SSID Broadcast habilitado\/deshabilitado<br \/>Multi-SSID con taggeado VLAN (Solamente en modo AP)<br \/>Distancia\/ACK Timeout Setting<br \/>Filtrado mediante direcciones MAC por wifi<br \/>Caracter\u00edsticas avanzadas wifi:<br \/>Beacon Interval\/RTS Threshold\/Fragmentation<br \/>Threshold\/DTIM Interval\/AP Isolation\/Short GI\/Wi-Fi Multimedia<br \/>Gesti\u00f3n Descubrimiento y gesti\u00f3n remota a trav\u00e9s de aplicaciones de<br \/>control Pharos<br \/>Administraci\u00f3n basada en web HTTP\/HTTPS<br \/>Registro del Sistema<br \/>Agente SNMP(v2c)<br \/>Ping Watch Dog<br \/>DNS Din\u00e1mico<br \/>Servidor SSH<br \/>Herramientas Del Sistema Indicadores de la calidad de la se\u00f1al Wi-Fi:<br \/>Intensidad de la se\u00f1al\/Ruido\/CCQ de transmisi\u00f3n\/CPU\/Memoria<br \/>Monitores: Throughput\/Stations\/Interfaces\/ARP\/Routes\/WAN\/DHCP<br \/>Analizador de espectro<br \/>Test de velocidad<br \/>Ping<br \/>Traceroute<br \/>Optimizaciones Nivel de Sistema Optimizado el IGMP Snooping\/Proxy<br \/>para aplicaciones multicast<br \/>Watchdog por hardware<br \/>CARACTER\u00cdSTICAS ADAPTADOR POE<br \/>Dimensiones(W*D*H) 110*57*33.5mm<br \/>Corriente de Entrada 0.8A Max @ 100VAC<br \/>Voltaje de Entrada 100VA~240VAC @ 50Hz~60Hz<br \/>Salida 24VDC, 1.0A Max<br \/>+4, 5pins, -7, 8pins. (Soporta hasta 60m de potencia sobre Ethernet)<br \/>Eficiencia &#038;gt,80%<br \/>Voltaje de Salida 100VA~240VAC @ 50Hz~60Hz<br \/>Entrada 100-240VAC, 50\/60Hz<br \/>LEDs de Estado Power Verde: 0~0.8A<br \/>Rojo: 0.8A~1.0A<br \/>Certificaciones CE\/FCC\/UL\/IC\/GS\/PSB\/C-tick\/SAA\/S-Mark\/KC-mark<br \/>Interfaces 1 Jack AC con toma de tierra<br \/>1 Puerto Ethernet blindado 10\/100Mbps (Power + Data)<br \/>1 Puerto Ethernet blindado 10\/100Mbps (Data)<br \/>Bot\u00f3n Bot\u00f3n de Reset Remoto<br \/>Otros<br \/>Certificaciones CE, FCC, RoHS, IPX5<br \/>Contenido del Paquete CPE Externo Inal\u00e1mbrico<br \/>Adaptador POE Pasivo de 24V 1A<br \/>Correas de Montaje<br \/>Cable de Alimentaci\u00f3n<br \/>Gu\u00eda de Instalaci\u00f3n<br \/>Requisitos del sistema Microsoft Windows 98SE, NT, 2000, XP, Vista o<br \/>Windows 8, Windows 7, MAC OS, NetWare, UNIX o Linux.<br \/>Nota: Le recomendamos que use uno de los siguientes navegadores web<br \/>para una experiencia de usuario mejorada: Google Chrome, Safari o Firefox.<br \/>No se recomienda el navegador Internet Explorer.<\/p>\n","protected":false},"excerpt":{"rendered":"<p>Punto de acceso wifi exterior 300mbps 2.4ghz tp &#8211; link<\/p>\n","protected":false},"featured_media":0,"comment_status":"open","ping_status":"open","template":"","meta":{"_et_pb_use_builder":"","_et_pb_old_content":"","_et_gb_content_width":""},"product_brand":[3946],"product_cat":[2058,3299,3261,4005],"product_tag":[3302,3264,3948],"class_list":{"0":"post-239193","1":"product","2":"type-product","3":"status-publish","5":"product_brand-tp-link","6":"product_cat-dispositivos","7":"product_cat-puntos-de-acceso","8":"product_cat-redes","9":"product_cat-tp-link-puntos-de-acceso","10":"product_tag-puntos-de-acceso","11":"product_tag-redes","12":"product_tag-tp-link","13":"product_shipping_class-2059","14":"pa_canon-digital-impuesto-incluido-de-0-e","15":"pa_categoria-redes","16":"pa_marca-tp-link","17":"pa_peso-4097","18":"pa_referencia-cpe210","20":"first","21":"instock","22":"sale","23":"taxable","24":"shipping-taxable","25":"purchasable","26":"product-type-simple"},"_links":{"self":[{"href":"https:\/\/linkxa.es\/linkshop\/wp-json\/wp\/v2\/product\/239193","targetHints":{"allow":["GET"]}}],"collection":[{"href":"https:\/\/linkxa.es\/linkshop\/wp-json\/wp\/v2\/product"}],"about":[{"href":"https:\/\/linkxa.es\/linkshop\/wp-json\/wp\/v2\/types\/product"}],"replies":[{"embeddable":true,"href":"https:\/\/linkxa.es\/linkshop\/wp-json\/wp\/v2\/comments?post=239193"}],"wp:attachment":[{"href":"https:\/\/linkxa.es\/linkshop\/wp-json\/wp\/v2\/media?parent=239193"}],"wp:term":[{"taxonomy":"product_brand","embeddable":true,"href":"https:\/\/linkxa.es\/linkshop\/wp-json\/wp\/v2\/product_brand?post=239193"},{"taxonomy":"product_cat","embeddable":true,"href":"https:\/\/linkxa.es\/linkshop\/wp-json\/wp\/v2\/product_cat?post=239193"},{"taxonomy":"product_tag","embeddable":true,"href":"https:\/\/linkxa.es\/linkshop\/wp-json\/wp\/v2\/product_tag?post=239193"}],"curies":[{"name":"wp","href":"https:\/\/api.w.org\/{rel}","templated":true}]}}