{"id":239248,"date":"2025-03-20T12:54:04","date_gmt":"2025-03-20T12:54:04","guid":{"rendered":"https:\/\/linkxa.es\/contratacion\/producto\/kit-adaptadores-powerline-ac-tp-link-tl-wpa7617\/"},"modified":"2025-12-08T12:41:56","modified_gmt":"2025-12-08T12:41:56","slug":"kit-adaptadores-powerline-ac-tp-link-tl-wpa7617","status":"publish","type":"product","link":"https:\/\/linkxa.es\/linkshop\/producto\/kit-adaptadores-powerline-ac-tp-link-tl-wpa7617\/","title":{"rendered":"Kit adaptadores powerline ac tp &#8211; link tl &#8211; wpa7617"},"content":{"rendered":"<div style=\"text-align: center; margin-bottom: 20px;\">\n<h2 style=\"font-size: 22px; font-weight: 600; margin: 0; color: #333;\">Tp &#8211; link\u00a0|\u00a0 Extensores de red<\/h2>\n<p><strong>Kit de adaptadores powerline ac tp &#8211; link  tl &#8211; wpa7617 kit  dual band<\/strong><\/p>\n<\/div>\n<p style=\"max-width: 700px; margin: 0px auto 30px; font-size: 18px; line-height: 1.6; color: #555555; font-style: italic; text-align: left;\">TL-WPA7617 KIT<br \/>AV1000 Gigabit Passthrough Powerline ac Wi-Fi Kit<\/p>\n<p>Cumple con el est\u00e1ndar Homeplug AV2: proporciona a los usuarios velocidades de<br \/>transferencia de datos estables y de alta velocidad de hasta 1000 Mbps en una<br \/>longitud de l\u00ednea de hasta 300 metros<br \/>Wi-Fi 802.11ac de doble banda: Wi-Fi de doble banda AC1200 (867 Mbps en 5 GHz y<br \/>300 Mbps en 2,4 GHz) permite hacer streaming, jugar, enviar correos electr\u00f3nicos,<br \/>navegar y publicar en sus dispositivos inal\u00e1mbricos, en toda su casa<br \/>Sincronizaci\u00f3n autom\u00e1tica de Wi-Fi: simplemente copie la configuraci\u00f3n de Wi-Fi<br \/>de su enrutador y aplique cualquier cambio a trav\u00e9s de la red el\u00e9ctrica segura con<br \/>Wi-Fi Clone y Wi-Fi Move<br \/>Puerto Gigabit Ethernet: proporciona conexiones por cable confiables de alta<br \/>velocidad para consolas de juegos, televisores inteligentes y NAS<br \/>Plug, Pair and Play: configure r\u00e1pidamente una red Powerline segura<br \/>OneMesh TM : funciona con su enrutador OneMesh TM para formar una red de<br \/>malla unificada para una transmisi\u00f3n continua mientras se mueve por su hogar<\/p>\n<p>CARACTER\u00cdSTICAS DE HARDWARE<br \/>Tipo de Enchufe EU<br \/>Est\u00e1ndares y Protocolos HomePlug AV2, HomePlug AV, IEEE 1901, IEEE 802.3,<br \/>IEEE 802.3u,<br \/>IEEE 802.3ab, IEEE 802.11b\/g\/n (2.4GHz), IEEE 802.11a\/n\/ac (5GHz)<br \/>Interfaz TL-WPA7617: 1 puerto Ethernet,<br \/>TL-PA7017P: 1 puerto Ethernet<br \/>Botones Pair, Reset, Wi-Fi Clone, LED On\/Off<br \/>Consumo de Potencia TL-WPA7617: M\u00e1ximo: 11 W, t\u00edpico: 6,5 W<br \/>TL-PA7017P: M\u00e1ximo: 2,9 W, T\u00edpico: 2,6 W<br \/>Indicador de LED Power, Powerline, Ethernet, Wi-Fi<br \/>Dimensiones TL-WPA7617: 2.7 1.4 4.9 in. (69.5 35 124.1 mm)<br \/>TL-PA7017P: 2.3 1.7 3.7 in. (58 42 95 mm)<br \/>Alcance Hasta 300 metros \/ 1000 pies sobre el cableado el\u00e9ctrico existente<br \/>Compatibilidad Compatible con todos los adaptadores powerline est\u00e1ndar<br \/>HomePlug AV y AV2<br \/>Velocidades de Transmisi\u00f3n Powerline: hasta 1000 Mbps<br \/>Ethernet: 10\/100\/1000 Mbps<br \/>CARACTER\u00cdSTICAS INAL\u00c1MBRICAS<br \/>Velocidad Inal\u00e1mbrica Hasta 1200 Mbps<br \/>Seguridad Inal\u00e1mbrica Inal\u00e1mbrico: WPA-PSK \/ WPA2-PSK, Encriptaciones<br \/>WEP<br \/>CARACTER\u00cdSTICAS DE SOFTWARE<br \/>Gesti\u00f3n tpPLC: Escanee el c\u00f3digo QR para descargar la aplicaci\u00f3n TP-Link tpPLC.<br \/>O descargue la nueva utilidad tpPLC en PC: www.tp-link.com.<br \/>Tecnolog\u00eda de Modulaci\u00f3n OFDM (PLC)<br \/>Encriptaci\u00f3n Powerline: cifrado AES de 128 bits<br \/>Inal\u00e1mbrico: WPA-PSK \/ WPA2-PSK, Encrptions WEP<br \/>SOFTWARE<br \/>OneMesh OneMesh Supported<br \/>Without replacing your existing devices or buying a whole new WiFi ecosystem,<br \/>OneMesh helps you create a more flexible network that covers your entire home<br \/>with TP-Link OneMesh products.<br \/>Learn More&#038;gt,<br \/>All OneMesh Products&#038;gt,<br \/>Otros<br \/>Certificaciones CE, RoHS<br \/>Contenido del Paquete Kit AV1000 Powerline Wi-Fi: TL-WPA7617 y TL-PA7017P<br \/>Cable Ethernet 2<br \/>Gu\u00eda de Instalaci\u00f3n R\u00e1pida<br \/>Requisitos del sistema Windows 10\/8.1\/8\/7\/Vista\/XP, Mac OS, Linux<br \/>Factores Ambientales Temperatura de funcionamiento: 0 C ~ 40 C (32 F ~<br \/>104 F)<br \/>Humedad de funcionamiento: 10% ~ 90% sin condensaci\u00f3n<\/p>\n","protected":false},"excerpt":{"rendered":"<p>Kit de adaptadores powerline ac tp &#8211; link  tl &#8211; wpa7617 kit  dual band<\/p>\n","protected":false},"featured_media":239249,"comment_status":"open","ping_status":"open","template":"","meta":{"_et_pb_use_builder":"","_et_pb_old_content":"","_et_gb_content_width":""},"product_brand":[3946],"product_cat":[2058,3262,3261,3970],"product_tag":[3265,3264,3948],"class_list":{"0":"post-239248","1":"product","2":"type-product","3":"status-publish","4":"has-post-thumbnail","6":"product_brand-tp-link","7":"product_cat-dispositivos","8":"product_cat-extensores-de-red","9":"product_cat-redes","10":"product_cat-tp-link-extensores-de-red","11":"product_tag-extensores-de-red","12":"product_tag-redes","13":"product_tag-tp-link","14":"product_shipping_class-2088","15":"pa_canon-digital-impuesto-incluido-de-0-e","16":"pa_categoria-redes","17":"pa_marca-tp-link","18":"pa_peso-4141","19":"pa_referencia-mgs0000012228","21":"first","22":"instock","23":"sale","24":"taxable","25":"shipping-taxable","26":"purchasable","27":"product-type-simple"},"_links":{"self":[{"href":"https:\/\/linkxa.es\/linkshop\/wp-json\/wp\/v2\/product\/239248","targetHints":{"allow":["GET"]}}],"collection":[{"href":"https:\/\/linkxa.es\/linkshop\/wp-json\/wp\/v2\/product"}],"about":[{"href":"https:\/\/linkxa.es\/linkshop\/wp-json\/wp\/v2\/types\/product"}],"replies":[{"embeddable":true,"href":"https:\/\/linkxa.es\/linkshop\/wp-json\/wp\/v2\/comments?post=239248"}],"wp:featuredmedia":[{"embeddable":true,"href":"https:\/\/linkxa.es\/linkshop\/wp-json\/wp\/v2\/media\/239249"}],"wp:attachment":[{"href":"https:\/\/linkxa.es\/linkshop\/wp-json\/wp\/v2\/media?parent=239248"}],"wp:term":[{"taxonomy":"product_brand","embeddable":true,"href":"https:\/\/linkxa.es\/linkshop\/wp-json\/wp\/v2\/product_brand?post=239248"},{"taxonomy":"product_cat","embeddable":true,"href":"https:\/\/linkxa.es\/linkshop\/wp-json\/wp\/v2\/product_cat?post=239248"},{"taxonomy":"product_tag","embeddable":true,"href":"https:\/\/linkxa.es\/linkshop\/wp-json\/wp\/v2\/product_tag?post=239248"}],"curies":[{"name":"wp","href":"https:\/\/api.w.org\/{rel}","templated":true}]}}