{"id":239255,"date":"2025-09-19T17:17:39","date_gmt":"2025-09-19T17:17:39","guid":{"rendered":"https:\/\/linkxa.es\/contratacion\/producto\/kit-adaptadores-powerline-ac-tp-link-tl-wpa8631p\/"},"modified":"2025-12-08T12:42:50","modified_gmt":"2025-12-08T12:42:50","slug":"kit-adaptadores-powerline-ac-tp-link-tl-wpa8631p","status":"publish","type":"product","link":"https:\/\/linkxa.es\/linkshop\/producto\/kit-adaptadores-powerline-ac-tp-link-tl-wpa8631p\/","title":{"rendered":"Kit adaptadores powerline ac tp &#8211; link tl &#8211; wpa8631p"},"content":{"rendered":"<div style=\"text-align: center; margin-bottom: 20px;\">\n<h2 style=\"font-size: 22px; font-weight: 600; margin: 0; color: #333;\">Tp &#8211; link\u00a0|\u00a0 Extensores de red<\/h2>\n<p><strong>Kit de adaptadores powerline ac tp &#8211; link tl &#8211; wpa8631p kit dual band<\/strong><\/p>\n<\/div>\n<p style=\"max-width: 700px; margin: 0px auto 30px; font-size: 18px; line-height: 1.6; color: #555555; font-style: italic; text-align: left;\">TL-WPA8631P KIT<br \/>KIT Powerline Wi-Fi AC Gigabit AV1300 con enchufe incorporado<\/p>\n<p>HomePlug AV2 Ofrece transferencias ultra r\u00e1pidas de velocidad powerline<br \/>de hasta 1300Mbps*<br \/>AC1200 Doble banda Wi-Fi con velocidades de hasta 867Mbps en 5GHz y<br \/>300Mbps en 2.4GHz.*<br \/>OneMeshTM funciona con tu router OneMeshTM para formar una red de<br \/>malla unificada para una transmisi\u00f3n fluida mientras te desplazas por tu<br \/>hogar 2X2 MIMO Establece m\u00faltiples conexiones simult\u00e1neas para que<br \/>disfrutes de velocidades powerline m\u00e1s altas y con mayor estabilidad<br \/>Bot\u00f3n de Clonado Wi-Fi Copia autom\u00e1ticamente el nombre de red (SSID) y<br \/>contrase\u00f1a de tu router principal simplemente pulsando un bot\u00f3n y se aplica a<br \/>toda la red Powerline<br \/>Auto Sincronizaci\u00f3n A\u00f1ade extensores adicionales a tu red powerline<br \/>mediante el bot\u00f3n pair, sincronizaci\u00f3n uniforme de los ajustes para todos los<br \/>dispositivos de red como por ejemplo SSID, contrase\u00f1a, Programaci\u00f3n Wi-Fi y<br \/>Programaci\u00f3n de LED Plug and Play configura tu red el\u00e9ctrica y comienza a<br \/>disfrutar de conexiones r\u00e1pidas e inal\u00e1mbricas en minutos<br \/>Enchufe de Corriente Extra Podr\u00e1s a la vez alimentar otros dispositivos a<br \/>trav\u00e9s del enchufe integrado<br \/>3 puertos Gigabit brinde redes cableadas seguras para computadoras de<br \/>escritorio, televisores inteligentes o consolas de juegos<\/p>\n<p>CARACTER\u00cdSTICAS DE HARDWARE<br \/>Tipo de Enchufe EU<br \/>Est\u00e1ndares y Protocolos HomePlug AV2, IEEE 1901, IEEE 802.3, IEEE 802.3u,<br \/>IEEE 802.3ab, IEEE 802.11b\/g\/n (2.4 GHz), IEEE 802.11a\/n\/ac (5 GHz)<br \/>Interfaz 3 Puertos Gigabit Ethernet<br \/>Botones Pair, LED On\/O, Wi-Fi, Reset<br \/>Consumo de Potencia TL-WPA8631P: M\u00e1ximo: 13.7W, T\u00edpico: 11W<br \/>TL-PA8010P: M\u00e1ximo: 4.9W, T\u00edpico: 4.6W<br \/>Indicador de LED Power, Powerline, Ethernet, Wi-Fi (2.4 GHz), Wi-Fi (5 GHz)<br \/>Dimensiones TL-WPA8631P: 3.0 \u00d7 1.7 \u00d7 6.0 in. (75 \u00d7 42 \u00d7 152 mm)<br \/>TL-PA8010P: 2.8 \u00d7 1.7 \u00d7 5.2 in. (72 \u00d7 42 \u00d7 131 mm)<br \/>Alcance Hasta 300 metros sobre tu red el\u00e9ctrica ya existente*<br \/>Compatibilidad Compatible con cualquier adaptador powerline con el<br \/>est\u00e1ndard HomePlug AV &#038; HomePlug AV2*<br \/>Velocidades de Transmisi\u00f3n Powerline: hasta 1300 Mbps<br \/>Ethernet: 10\/100\/1000 Mbps<br \/>CARACTER\u00cdSTICAS DE SOFTWARE<br \/>Seguridad Wireless: WPA-PSK\/WPA2-PSK, WEP Encryptions,<br \/>Powerline: 128-bit AES Encryption<br \/>Gesti\u00f3n TP-Link tpPLC App, o descarga la nueva utilidad tpPLC en un PC:<br \/>www.tp- link.com\/support\/download<br \/>Tecnolog\u00eda de Modulaci\u00f3n OFDM<br \/>SOFTWARE<br \/>OneMesh OneMesh Supported<br \/>Without replacing your existing devices or buying a whole new WiFi<br \/>ecosystem, OneMesh helps you create a more flexible network that covers<br \/>your entire home with TP-Link OneMesh products.<br \/>Learn More&#038;gt,<br \/>All OneMesh Products&#038;gt,<br \/>Otros<br \/>Certificaciones CE, RoHS<br \/>Contenido del Paquete AV1300 Gigabit Passthrough Powerline ac Wi-Fi KIT:<br \/>1\u00d7 TL-WPA8631P, 1\u00d7 TL-PA8010P<br \/>2\u00d7 Cables Ethernet<br \/>1\u00d7 Gu\u00eda R\u00e1pida de Instalaci\u00f3n<br \/>Requisitos del sistema Requerimientos de Sistema<br \/>Windows 10\/8.1\/8\/7\/Vista\/XP, Mac OS, Linux<br \/>Requerimientos de sistema para utilidad tpPLC:<br \/>Windows 10\/8.1\/8\/7\/Vista\/XP y Mac OS X (10.7 o superior)<br \/>Factores Ambientales Temperatura de Funcionamiento: 0~40 (32<br \/>~104)<br \/>Humedad de Funcionamiento: 10%~90% sin condensaci\u00f3n<br \/>Humedad de Almacenamiento: 5%~90% sin condensaci\u00f3n<\/p>\n","protected":false},"excerpt":{"rendered":"<p>Kit de adaptadores powerline ac tp &#8211; link tl &#8211; wpa8631p kit dual band<\/p>\n","protected":false},"featured_media":239256,"comment_status":"open","ping_status":"open","template":"","meta":{"_et_pb_use_builder":"","_et_pb_old_content":"","_et_gb_content_width":""},"product_brand":[3946],"product_cat":[2058,3262,3261,3970],"product_tag":[3265,3264,3948],"class_list":{"0":"post-239255","1":"product","2":"type-product","3":"status-publish","4":"has-post-thumbnail","6":"product_brand-tp-link","7":"product_cat-dispositivos","8":"product_cat-extensores-de-red","9":"product_cat-redes","10":"product_cat-tp-link-extensores-de-red","11":"product_tag-extensores-de-red","12":"product_tag-redes","13":"product_tag-tp-link","14":"product_shipping_class-2088","15":"pa_canon-digital-impuesto-incluido-de-0-e","16":"pa_categoria-redes","17":"pa_marca-tp-link","18":"pa_peso-4145","19":"pa_referencia-mgs0000012233","21":"first","22":"instock","23":"sale","24":"taxable","25":"shipping-taxable","26":"purchasable","27":"product-type-simple"},"_links":{"self":[{"href":"https:\/\/linkxa.es\/linkshop\/wp-json\/wp\/v2\/product\/239255","targetHints":{"allow":["GET"]}}],"collection":[{"href":"https:\/\/linkxa.es\/linkshop\/wp-json\/wp\/v2\/product"}],"about":[{"href":"https:\/\/linkxa.es\/linkshop\/wp-json\/wp\/v2\/types\/product"}],"replies":[{"embeddable":true,"href":"https:\/\/linkxa.es\/linkshop\/wp-json\/wp\/v2\/comments?post=239255"}],"wp:featuredmedia":[{"embeddable":true,"href":"https:\/\/linkxa.es\/linkshop\/wp-json\/wp\/v2\/media\/239256"}],"wp:attachment":[{"href":"https:\/\/linkxa.es\/linkshop\/wp-json\/wp\/v2\/media?parent=239255"}],"wp:term":[{"taxonomy":"product_brand","embeddable":true,"href":"https:\/\/linkxa.es\/linkshop\/wp-json\/wp\/v2\/product_brand?post=239255"},{"taxonomy":"product_cat","embeddable":true,"href":"https:\/\/linkxa.es\/linkshop\/wp-json\/wp\/v2\/product_cat?post=239255"},{"taxonomy":"product_tag","embeddable":true,"href":"https:\/\/linkxa.es\/linkshop\/wp-json\/wp\/v2\/product_tag?post=239255"}],"curies":[{"name":"wp","href":"https:\/\/api.w.org\/{rel}","templated":true}]}}